{"id":727977,"date":"2025-08-27T20:31:20","date_gmt":"2025-08-27T17:31:20","guid":{"rendered":"https:\/\/roveyayinevi.com.tr\/index.php\/urun\/hazreti-omer-r-a\/"},"modified":"2026-04-16T02:35:50","modified_gmt":"2026-04-15T23:35:50","slug":"hazreti-omer-r-a","status":"publish","type":"product","link":"https:\/\/roveyayinevi.com.tr\/index.php\/urun\/hazreti-omer-r-a\/","title":{"rendered":"Hazreti \u00d6mer (r.a)"},"content":{"rendered":"<p>\u0130slam&#8217;\u0131n ikinci halifesi&#8230;Cesareti, yi\u011fitli\u011fi ve d\u00fcr\u00fcstl\u00fc\u011f\u00fcyle nam salan sahabi&#8230;\u00d6nceleri Mekke m\u00fc\u015friklerinin yalan ve iftiralar\u0131na inanarak Islam&#8217;\u0131n amans\u0131z d\u00fc\u015fman\u0131 oldu.M\u00fcsl\u00fcmanlara zul\u00fcm ve i\u015fkence yapt\u0131. Peygamberimizi \u00f6ld\u00fcrmeye bile kalkt\u0131.Hak ve hakikati idrak edince yapt\u0131\u011f\u0131na bin pi\u015fman oldu. \u015eehadet getirip Islam ile \u015fereflendi. Ve hayat\u0131 tamamen de\u011fi\u015fti.0 g\u00fcne kadar zul\u00fcmde s\u0131n\u0131r tan\u0131mayan Hazreti \u00d6mer&#8217;in kalbi, o g\u00fcnden sonra \u015fefkat ve merhametle doldu. Peygamberimizi can\u0131ndan bile \u00e7ok sevdi. Art\u0131k m\u00fc\u015friklerin korkulu r\u00fcyas\u0131yd\u0131.Hazreti Ebu Bekir&#8217;den sonra Islam&#8217;\u0131n ikinci halifesi oldu. On y\u0131l s\u00fcren hilafeti boyunca Hakk&#8217;\u0131n ve hakl\u0131n\u0131n yan\u0131nda yer ald\u0131. Adaletiyle g\u00f6n\u00fcllere taht kurdu.<\/p>\n","protected":false},"excerpt":{"rendered":"<p>\u0130slam&#8217;\u0131n ikinci halifesi&#8230;Cesareti, yi\u011fitli\u011fi ve d\u00fcr\u00fcstl\u00fc\u011f\u00fcyle nam salan sahabi&#8230;\u00d6nceleri Mekke m\u00fc\u015friklerinin yalan ve iftiralar\u0131na inanarak Islam&#8217;\u0131n amans\u0131z d\u00fc\u015fman\u0131 oldu.M\u00fcsl\u00fcmanlara zul\u00fcm ve i\u015fkence yapt\u0131. Peygamberimizi \u00f6ld\u00fcrmeye bile<span class=\"excerpt-hellip\"> [\u2026]<\/span><\/p>\n","protected":false},"featured_media":0,"template":"","meta":{"_monsterinsights_skip_tracking":false,"_monsterinsights_sitenote_active":false,"_monsterinsights_sitenote_note":"","_monsterinsights_sitenote_category":0},"product_brand":[],"product_cat":[12274,18802],"product_tag":[],"class_list":{"0":"post-727977","1":"product","2":"type-product","3":"status-publish","5":"product_cat-cocuk-ve-genclik-kitaplari","6":"product_cat-din-egitimi","7":"pa_cilt-ciltsiz","8":"pa_tur-kitap","9":"pa_yayinevi-ugurbocegi-yayinlari","10":"pa_yazar-abdullah-kara-hilal-kara","12":"first","13":"instock","14":"sale","15":"shipping-taxable","16":"purchasable","17":"product-type-simple"},"_links":{"self":[{"href":"https:\/\/roveyayinevi.com.tr\/index.php\/wp-json\/wp\/v2\/product\/727977","targetHints":{"allow":["GET"]}}],"collection":[{"href":"https:\/\/roveyayinevi.com.tr\/index.php\/wp-json\/wp\/v2\/product"}],"about":[{"href":"https:\/\/roveyayinevi.com.tr\/index.php\/wp-json\/wp\/v2\/types\/product"}],"wp:attachment":[{"href":"https:\/\/roveyayinevi.com.tr\/index.php\/wp-json\/wp\/v2\/media?parent=727977"}],"wp:term":[{"taxonomy":"product_brand","embeddable":true,"href":"https:\/\/roveyayinevi.com.tr\/index.php\/wp-json\/wp\/v2\/product_brand?post=727977"},{"taxonomy":"product_cat","embeddable":true,"href":"https:\/\/roveyayinevi.com.tr\/index.php\/wp-json\/wp\/v2\/product_cat?post=727977"},{"taxonomy":"product_tag","embeddable":true,"href":"https:\/\/roveyayinevi.com.tr\/index.php\/wp-json\/wp\/v2\/product_tag?post=727977"}],"curies":[{"name":"wp","href":"https:\/\/api.w.org\/{rel}","templated":true}]}}