{"id":727971,"date":"2025-08-27T20:31:15","date_gmt":"2025-08-27T17:31:15","guid":{"rendered":"https:\/\/roveyayinevi.com.tr\/index.php\/urun\/peygamber-efendimiz-a-s-m\/"},"modified":"2026-04-16T02:35:50","modified_gmt":"2026-04-15T23:35:50","slug":"peygamber-efendimiz-a-s-m","status":"publish","type":"product","link":"https:\/\/roveyayinevi.com.tr\/index.php\/urun\/peygamber-efendimiz-a-s-m\/","title":{"rendered":"Peygamber Efendimiz (a.s.m.)"},"content":{"rendered":"<p>Efendimiz (aleyhissalat\u00fc vesselam) gelmezden \u00f6nce insanl\u0131k koyu bir karanl\u0131k i\u00e7erisindeydi. Bu d\u00f6neme \u201ccahiliye\u201d denmi\u015fti. Cahiliye, insanlar\u0131n okuma-yazma bilmemeleri de\u011fil, Allah\u2019\u0131 do\u011fru olarak tan\u0131mamalar\u0131, emir ve yasaklar\u0131na uymamalar\u0131 demekti. Allah\u2019\u0131 gere\u011fi gibi tan\u0131mayan insanlar, O\u2019nun koydu\u011fu ilah\u00ee h\u00fck\u00fcmlere de\u011fil kendi istek ve arzular\u0131na tabi olmu\u015flar, d\u00fcnyay\u0131 ya\u015fanmaz h\u00e2le getirmi\u015flerdi.\u0130\u00e7ki i\u00e7meyen insan yok gibiydi. Kumar oynamak, fuhu\u015f yapmak normal hale gelmi\u015fti. Toplumda yalan, dedikodu, iftira hi\u00e7 olmad\u0131\u011f\u0131 kadar yayg\u0131nla\u015fm\u0131\u015f, tefecilik alm\u0131\u015f y\u00fcr\u00fcm\u00fc\u015ft\u00fc. G\u00fc\u00e7l\u00fcler zay\u0131flar\u0131 ezer, yetimler itilip kak\u0131l\u0131r, k\u0131z \u00e7ocuklar\u0131 diri diri g\u00f6m\u00fcl\u00fcr, korumas\u0131z kimselerin mallar\u0131na el konurdu. Sudan sebeplerle kavgalar \u00e7\u0131kar, kavgalar sava\u015flara d\u00f6nerdi.Rabbimiz \u201cAllah Resul\u00fc en g\u00fczel \u00f6rnektir\u201d (Ahzab, 33\/21) buyurarak O\u2019nu insanl\u0131\u011fa rehber olarak g\u00f6nderdi. O\u2019nun getirdi\u011fi vahiyle ve \u00f6rnek hayat\u0131yla cahiliye karanl\u0131\u011f\u0131 da\u011f\u0131ld\u0131, zaman\u0131n en vah\u015fi insanlar\u0131 en medeni insanlar\u0131 haline geldi.B\u00fcy\u00fck bir zevkle, bir solukta okuyaca\u011f\u0131n\u0131z bu kitap, Peygamber Efendimizin (a.s.m.) kutlu yolculu\u011funu ele al\u0131yor. Hayat\u0131n\u0131 ve ya\u015fant\u0131s\u0131n\u0131 g\u00fczel bir \u00fcslup ve ak\u0131c\u0131 bir dille anlat\u0131yor.<\/p>\n","protected":false},"excerpt":{"rendered":"<p>Efendimiz (aleyhissalat\u00fc vesselam) gelmezden \u00f6nce insanl\u0131k koyu bir karanl\u0131k i\u00e7erisindeydi. Bu d\u00f6neme \u201ccahiliye\u201d denmi\u015fti. Cahiliye, insanlar\u0131n okuma-yazma bilmemeleri de\u011fil, Allah\u2019\u0131 do\u011fru olarak tan\u0131mamalar\u0131, emir ve yasaklar\u0131na<span class=\"excerpt-hellip\"> [\u2026]<\/span><\/p>\n","protected":false},"featured_media":0,"template":"","meta":{"_monsterinsights_skip_tracking":false,"_monsterinsights_sitenote_active":false,"_monsterinsights_sitenote_note":"","_monsterinsights_sitenote_category":0},"product_brand":[],"product_cat":[12274,18802],"product_tag":[],"class_list":{"0":"post-727971","1":"product","2":"type-product","3":"status-publish","5":"product_cat-cocuk-ve-genclik-kitaplari","6":"product_cat-din-egitimi","7":"pa_cilt-ciltsiz","8":"pa_tur-kitap","9":"pa_yayinevi-ugurbocegi-yayinlari","10":"pa_yazar-abdullah-kara-hilal-kara","12":"first","13":"instock","14":"sale","15":"shipping-taxable","16":"purchasable","17":"product-type-simple"},"_links":{"self":[{"href":"https:\/\/roveyayinevi.com.tr\/index.php\/wp-json\/wp\/v2\/product\/727971","targetHints":{"allow":["GET"]}}],"collection":[{"href":"https:\/\/roveyayinevi.com.tr\/index.php\/wp-json\/wp\/v2\/product"}],"about":[{"href":"https:\/\/roveyayinevi.com.tr\/index.php\/wp-json\/wp\/v2\/types\/product"}],"wp:attachment":[{"href":"https:\/\/roveyayinevi.com.tr\/index.php\/wp-json\/wp\/v2\/media?parent=727971"}],"wp:term":[{"taxonomy":"product_brand","embeddable":true,"href":"https:\/\/roveyayinevi.com.tr\/index.php\/wp-json\/wp\/v2\/product_brand?post=727971"},{"taxonomy":"product_cat","embeddable":true,"href":"https:\/\/roveyayinevi.com.tr\/index.php\/wp-json\/wp\/v2\/product_cat?post=727971"},{"taxonomy":"product_tag","embeddable":true,"href":"https:\/\/roveyayinevi.com.tr\/index.php\/wp-json\/wp\/v2\/product_tag?post=727971"}],"curies":[{"name":"wp","href":"https:\/\/api.w.org\/{rel}","templated":true}]}}