{"id":727970,"date":"2025-08-27T20:31:14","date_gmt":"2025-08-27T17:31:14","guid":{"rendered":"https:\/\/roveyayinevi.com.tr\/index.php\/urun\/genc-adam-ve-allah\/"},"modified":"2026-04-16T02:35:49","modified_gmt":"2026-04-15T23:35:49","slug":"genc-adam-ve-allah","status":"publish","type":"product","link":"https:\/\/roveyayinevi.com.tr\/index.php\/urun\/genc-adam-ve-allah\/","title":{"rendered":"Gen\u00e7 Adam ve Allah"},"content":{"rendered":"<p>E\u011fer kendini s\u0131k s\u0131k sorunlar orman\u0131nda u\u00e7maya \u00e7abalayan minicik bir ku\u015f gibi hissediyorsan, bil ki ben de \u00f6yle hissettim. \u0130\u015fte bu y\u00fczden sana yazd\u0131klar\u0131m\u0131 okumal\u0131s\u0131n! Ama yine de sen bilirsin.Bu kitap, hayat\u0131n\u0131 b\u00fcy\u00fck ihtimalle bir bu kadar daha ya\u015fayamayacak kadar ya\u015fam\u0131\u015f tecr\u00fcbeli bir &#8216;d\u00fcnyal\u0131&#8217;n\u0131n, ilkgen\u00e7lik \u00e7a\u011flar\u0131nda \u00e7ok arad\u0131\u011f\u0131 ama bulamad\u0131\u011f\u0131 kitaplardan biridir ve Allah hakk\u0131nda merak\u0131n\u0131 giderecek bir \u015feyler s\u00f6ylemektedir&#8230;<\/p>\n","protected":false},"excerpt":{"rendered":"<p>E\u011fer kendini s\u0131k s\u0131k sorunlar orman\u0131nda u\u00e7maya \u00e7abalayan minicik bir ku\u015f gibi hissediyorsan, bil ki ben de \u00f6yle hissettim. \u0130\u015fte bu y\u00fczden sana yazd\u0131klar\u0131m\u0131 okumal\u0131s\u0131n! Ama<span class=\"excerpt-hellip\"> [\u2026]<\/span><\/p>\n","protected":false},"featured_media":0,"template":"","meta":{"_monsterinsights_skip_tracking":false,"_monsterinsights_sitenote_active":false,"_monsterinsights_sitenote_note":"","_monsterinsights_sitenote_category":0},"product_brand":[],"product_cat":[12274,18802],"product_tag":[],"class_list":{"0":"post-727970","1":"product","2":"type-product","3":"status-publish","5":"product_cat-cocuk-ve-genclik-kitaplari","6":"product_cat-din-egitimi","7":"pa_cilt-ciltsiz","8":"pa_tur-kitap","9":"pa_yayinevi-ugurbocegi-yayinlari","10":"pa_yazar-ozkan-oze","12":"first","13":"instock","14":"sale","15":"shipping-taxable","16":"purchasable","17":"product-type-simple"},"_links":{"self":[{"href":"https:\/\/roveyayinevi.com.tr\/index.php\/wp-json\/wp\/v2\/product\/727970","targetHints":{"allow":["GET"]}}],"collection":[{"href":"https:\/\/roveyayinevi.com.tr\/index.php\/wp-json\/wp\/v2\/product"}],"about":[{"href":"https:\/\/roveyayinevi.com.tr\/index.php\/wp-json\/wp\/v2\/types\/product"}],"wp:attachment":[{"href":"https:\/\/roveyayinevi.com.tr\/index.php\/wp-json\/wp\/v2\/media?parent=727970"}],"wp:term":[{"taxonomy":"product_brand","embeddable":true,"href":"https:\/\/roveyayinevi.com.tr\/index.php\/wp-json\/wp\/v2\/product_brand?post=727970"},{"taxonomy":"product_cat","embeddable":true,"href":"https:\/\/roveyayinevi.com.tr\/index.php\/wp-json\/wp\/v2\/product_cat?post=727970"},{"taxonomy":"product_tag","embeddable":true,"href":"https:\/\/roveyayinevi.com.tr\/index.php\/wp-json\/wp\/v2\/product_tag?post=727970"}],"curies":[{"name":"wp","href":"https:\/\/api.w.org\/{rel}","templated":true}]}}