{"id":727943,"date":"2025-08-27T20:30:51","date_gmt":"2025-08-27T17:30:51","guid":{"rendered":"https:\/\/roveyayinevi.com.tr\/index.php\/urun\/ali-kopter-seti-5-kitap-takim\/"},"modified":"2026-04-16T02:35:48","modified_gmt":"2026-04-15T23:35:48","slug":"ali-kopter-seti-5-kitap-takim","status":"publish","type":"product","link":"https:\/\/roveyayinevi.com.tr\/index.php\/urun\/ali-kopter-seti-5-kitap-takim\/","title":{"rendered":"Ali Kopter Seti (5 Kitap Tak\u0131m)"},"content":{"rendered":"<p>Ben AL\u0130 KOPTER. Helikopter de\u011fil, Ali Kopter. Ad\u0131m AL\u0130, soyad\u0131m KOPTER.Bilmem ka\u00e7 sene \u00f6nce Soyad\u0131 Kanunu \u00e7\u0131kt\u0131\u011f\u0131nda bize bu soyad\u0131n\u0131 vermi\u015fler.Arkada\u015flar\u0131m\u0131n helikopter g\u00f6rd\u00fcklerinde:- AL\u0130KOPTER GE\u00c7\u0130YOR, AL\u0130KOPTER GE\u00c7\u0130YOR esprilerine al\u0131\u015ft\u0131m art\u0131k&#8230; Ne yapal\u0131m, kaderimde varsa \u00e7ekerim.Anneme g\u00f6re \u00dc\u015eENGE\u00c7, babama g\u00f6re \u0130DARE EDER, dedeme g\u00f6re ise ASLAN B\u0130R TORUNUM. Bu arada ANNEANNEM\u0130N KIYMETL\u0130S\u0130 oldu\u011fumu da s\u00f6ylemeden ge\u00e7emeyece\u011fim.Hayat\u0131m ev ve okul aras\u0131nda ge\u00e7iyor. MACERACI BIR \u00c7OCUK olmak isterdim ama ne yaz\u0131k ki buna pek uygun de\u011filim. Yine de hayat\u0131mda macera eksik olmuyor. Ve her g\u00fcn BA\u015eIMA B\u0130R\u015eEYLER GEL\u0130YOR<\/p>\n","protected":false},"excerpt":{"rendered":"<p>Ben AL\u0130 KOPTER. Helikopter de\u011fil, Ali Kopter. Ad\u0131m AL\u0130, soyad\u0131m KOPTER.Bilmem ka\u00e7 sene \u00f6nce Soyad\u0131 Kanunu \u00e7\u0131kt\u0131\u011f\u0131nda bize bu soyad\u0131n\u0131 vermi\u015fler.Arkada\u015flar\u0131m\u0131n helikopter g\u00f6rd\u00fcklerinde:- AL\u0130KOPTER GE\u00c7\u0130YOR, AL\u0130KOPTER<span class=\"excerpt-hellip\"> [\u2026]<\/span><\/p>\n","protected":false},"featured_media":0,"template":"","meta":{"_monsterinsights_skip_tracking":false,"_monsterinsights_sitenote_active":false,"_monsterinsights_sitenote_note":"","_monsterinsights_sitenote_category":0},"product_brand":[],"product_cat":[12274,12284],"product_tag":[],"class_list":{"0":"post-727943","1":"product","2":"type-product","3":"status-publish","5":"product_cat-cocuk-ve-genclik-kitaplari","6":"product_cat-hikayeler","7":"pa_cilt-takim","8":"pa_tur-kitap","9":"pa_yayinevi-ugurbocegi-yayinlari","10":"pa_yazar-sebnem-guler-karacan","12":"first","13":"instock","14":"sale","15":"shipping-taxable","16":"purchasable","17":"product-type-simple"},"_links":{"self":[{"href":"https:\/\/roveyayinevi.com.tr\/index.php\/wp-json\/wp\/v2\/product\/727943","targetHints":{"allow":["GET"]}}],"collection":[{"href":"https:\/\/roveyayinevi.com.tr\/index.php\/wp-json\/wp\/v2\/product"}],"about":[{"href":"https:\/\/roveyayinevi.com.tr\/index.php\/wp-json\/wp\/v2\/types\/product"}],"wp:attachment":[{"href":"https:\/\/roveyayinevi.com.tr\/index.php\/wp-json\/wp\/v2\/media?parent=727943"}],"wp:term":[{"taxonomy":"product_brand","embeddable":true,"href":"https:\/\/roveyayinevi.com.tr\/index.php\/wp-json\/wp\/v2\/product_brand?post=727943"},{"taxonomy":"product_cat","embeddable":true,"href":"https:\/\/roveyayinevi.com.tr\/index.php\/wp-json\/wp\/v2\/product_cat?post=727943"},{"taxonomy":"product_tag","embeddable":true,"href":"https:\/\/roveyayinevi.com.tr\/index.php\/wp-json\/wp\/v2\/product_tag?post=727943"}],"curies":[{"name":"wp","href":"https:\/\/api.w.org\/{rel}","templated":true}]}}