{"id":727942,"date":"2025-08-27T20:30:50","date_gmt":"2025-08-27T17:30:50","guid":{"rendered":"https:\/\/roveyayinevi.com.tr\/index.php\/urun\/yasiyor-muyuz-sasiyor-muyuz\/"},"modified":"2026-04-16T02:35:48","modified_gmt":"2026-04-15T23:35:48","slug":"yasiyor-muyuz-sasiyor-muyuz","status":"publish","type":"product","link":"https:\/\/roveyayinevi.com.tr\/index.php\/urun\/yasiyor-muyuz-sasiyor-muyuz\/","title":{"rendered":"Ya\u015f\u0131yor Muyuz? \u015ea\u015f\u0131yor Muyuz?"},"content":{"rendered":"<p>\u00c7evremize bakt\u0131\u011f\u0131m\u0131zda, toplumun b\u00fcy\u00fck bir k\u0131sm\u0131nda, \u0130slam\u2019a uygun ya\u015fay\u0131\u015f\u0131n ihmal edildi\u011fini g\u00f6r\u00fcyoruz. Gerek inan\u00e7 gerek ibadet, gerekse de ahlak y\u00f6n\u00fcnden, \u0130slam\u2019\u0131n gerektirdi\u011fi gibi bir hayat ya\u015fam\u0131yor, \u0130slam\u2019\u0131n kurallar\u0131na uymuyor insanlar. H\u00e2lbuki herkes dinin gerektirdi\u011fi gibi ya\u015fasa, ortal\u0131k g\u00fcll\u00fck g\u00fclistanl\u0131k olacak, de\u011fil mi?\u00dcstteki paragrafta dile getirdi\u011fimiz d\u00fc\u015f\u00fcnce, asl\u0131nda durumun b\u00f6yle olmas\u0131nda hat\u0131r\u0131 say\u0131l\u0131r bir paya sahiptir. Neden mi? Yukar\u0131daki k\u0131s\u0131m kitab\u0131n \u201cSonu\u00e7\u201d b\u00f6l\u00fcm\u00fcnden al\u0131nd\u0131. Sorunun cevab\u0131 da orada\u2026Bir anne \u00e7ocu\u011funu ate\u015fe atmaya k\u0131yamazken, Allah bizi ate\u015fe atmaya k\u0131yacak m\u0131d\u0131r? \u0130slam ak\u0131l ve mant\u0131k dini midir? \u0130nanmak ama inand\u0131\u011f\u0131m\u0131z gibi ya\u015famamak konusunda bu kadar ba\u015far\u0131l\u0131(!) olmam\u0131z\u0131n sebepleri neler? Bunlar ve bunlar gibi daha pek \u00e7ok soru, kitapta farkl\u0131 bir bak\u0131\u015fla de\u011ferlendiriliyor. Yarg\u0131layan de\u011fil sorgulayan bak\u0131\u015f a\u00e7\u0131s\u0131yla kaleme al\u0131nm\u0131\u015f, i\u011fne ve \u00e7uvald\u0131z\u0131n bat\u0131r\u0131lmas\u0131 gerekenlere bat\u0131r\u0131ld\u0131\u011f\u0131 bir \u00e7al\u0131\u015fma.<\/p>\n","protected":false},"excerpt":{"rendered":"<p>\u00c7evremize bakt\u0131\u011f\u0131m\u0131zda, toplumun b\u00fcy\u00fck bir k\u0131sm\u0131nda, \u0130slam\u2019a uygun ya\u015fay\u0131\u015f\u0131n ihmal edildi\u011fini g\u00f6r\u00fcyoruz. Gerek inan\u00e7 gerek ibadet, gerekse de ahlak y\u00f6n\u00fcnden, \u0130slam\u2019\u0131n gerektirdi\u011fi gibi bir hayat ya\u015fam\u0131yor,<span class=\"excerpt-hellip\"> [\u2026]<\/span><\/p>\n","protected":false},"featured_media":0,"template":"","meta":{"_monsterinsights_skip_tracking":false,"_monsterinsights_sitenote_active":false,"_monsterinsights_sitenote_note":"","_monsterinsights_sitenote_category":0},"product_brand":[],"product_cat":[12718,12719,13025],"product_tag":[],"class_list":{"0":"post-727942","1":"product","2":"type-product","3":"status-publish","5":"product_cat-din","6":"product_cat-islam","7":"product_cat-islam-ve-gunumuz-islam-dusuncesi","8":"pa_cilt-ciltsiz","9":"pa_tur-kitap","10":"pa_yayinevi-ugurbocegi-yayinlari","11":"pa_yazar-muhiddin-yenigun","13":"first","14":"instock","15":"sale","16":"shipping-taxable","17":"purchasable","18":"product-type-simple"},"_links":{"self":[{"href":"https:\/\/roveyayinevi.com.tr\/index.php\/wp-json\/wp\/v2\/product\/727942","targetHints":{"allow":["GET"]}}],"collection":[{"href":"https:\/\/roveyayinevi.com.tr\/index.php\/wp-json\/wp\/v2\/product"}],"about":[{"href":"https:\/\/roveyayinevi.com.tr\/index.php\/wp-json\/wp\/v2\/types\/product"}],"wp:attachment":[{"href":"https:\/\/roveyayinevi.com.tr\/index.php\/wp-json\/wp\/v2\/media?parent=727942"}],"wp:term":[{"taxonomy":"product_brand","embeddable":true,"href":"https:\/\/roveyayinevi.com.tr\/index.php\/wp-json\/wp\/v2\/product_brand?post=727942"},{"taxonomy":"product_cat","embeddable":true,"href":"https:\/\/roveyayinevi.com.tr\/index.php\/wp-json\/wp\/v2\/product_cat?post=727942"},{"taxonomy":"product_tag","embeddable":true,"href":"https:\/\/roveyayinevi.com.tr\/index.php\/wp-json\/wp\/v2\/product_tag?post=727942"}],"curies":[{"name":"wp","href":"https:\/\/api.w.org\/{rel}","templated":true}]}}