{"id":727939,"date":"2025-08-27T20:30:48","date_gmt":"2025-08-27T17:30:48","guid":{"rendered":"https:\/\/roveyayinevi.com.tr\/index.php\/urun\/abur-cubura-hucum\/"},"modified":"2026-04-16T02:35:48","modified_gmt":"2026-04-15T23:35:48","slug":"abur-cubura-hucum","status":"publish","type":"product","link":"https:\/\/roveyayinevi.com.tr\/index.php\/urun\/abur-cubura-hucum\/","title":{"rendered":"Abur Cubura H\u00fccum"},"content":{"rendered":"<p>Billy doktordan k\u00f6t\u00fc bir rapor al\u0131nca, ailesi evdeki t\u00fcm abur cuburlar\u0131 kald\u0131r\u0131yor. Billy tatl\u0131 ve tuzlu at\u0131\u015ft\u0131rmal\u0131klar olmadan mant\u0131kl\u0131 hareket edemiyor ve sa\u00e7malamaya ba\u015fl\u0131yor. Ve okulun kantininden cips \u00e7al\u0131yor! Bir h\u0131rs\u0131z nas\u0131l \u00f6rnek bir insan olabilir?Uyar\u0131: Abur cuburu kesmek size \u00e7\u0131lg\u0131nca \u015feyler yapt\u0131rabilir!<\/p>\n","protected":false},"excerpt":{"rendered":"<p>Billy doktordan k\u00f6t\u00fc bir rapor al\u0131nca, ailesi evdeki t\u00fcm abur cuburlar\u0131 kald\u0131r\u0131yor. Billy tatl\u0131 ve tuzlu at\u0131\u015ft\u0131rmal\u0131klar olmadan mant\u0131kl\u0131 hareket edemiyor ve sa\u00e7malamaya ba\u015fl\u0131yor. Ve okulun<span class=\"excerpt-hellip\"> [\u2026]<\/span><\/p>\n","protected":false},"featured_media":0,"template":"","meta":{"_monsterinsights_skip_tracking":false,"_monsterinsights_sitenote_active":false,"_monsterinsights_sitenote_note":"","_monsterinsights_sitenote_category":0},"product_brand":[],"product_cat":[12274,12284],"product_tag":[],"class_list":{"0":"post-727939","1":"product","2":"type-product","3":"status-publish","5":"product_cat-cocuk-ve-genclik-kitaplari","6":"product_cat-hikayeler","7":"pa_cilt-ciltsiz","8":"pa_tur-kitap","9":"pa_yayinevi-ugurbocegi-yayinlari","10":"pa_yazar-john-sazaklis","12":"first","13":"instock","14":"sale","15":"shipping-taxable","16":"purchasable","17":"product-type-simple"},"_links":{"self":[{"href":"https:\/\/roveyayinevi.com.tr\/index.php\/wp-json\/wp\/v2\/product\/727939","targetHints":{"allow":["GET"]}}],"collection":[{"href":"https:\/\/roveyayinevi.com.tr\/index.php\/wp-json\/wp\/v2\/product"}],"about":[{"href":"https:\/\/roveyayinevi.com.tr\/index.php\/wp-json\/wp\/v2\/types\/product"}],"wp:attachment":[{"href":"https:\/\/roveyayinevi.com.tr\/index.php\/wp-json\/wp\/v2\/media?parent=727939"}],"wp:term":[{"taxonomy":"product_brand","embeddable":true,"href":"https:\/\/roveyayinevi.com.tr\/index.php\/wp-json\/wp\/v2\/product_brand?post=727939"},{"taxonomy":"product_cat","embeddable":true,"href":"https:\/\/roveyayinevi.com.tr\/index.php\/wp-json\/wp\/v2\/product_cat?post=727939"},{"taxonomy":"product_tag","embeddable":true,"href":"https:\/\/roveyayinevi.com.tr\/index.php\/wp-json\/wp\/v2\/product_tag?post=727939"}],"curies":[{"name":"wp","href":"https:\/\/api.w.org\/{rel}","templated":true}]}}