{"id":727938,"date":"2025-08-27T20:30:47","date_gmt":"2025-08-27T17:30:47","guid":{"rendered":"https:\/\/roveyayinevi.com.tr\/index.php\/urun\/zubeyr-bin-avvam-ra\/"},"modified":"2026-04-16T02:35:48","modified_gmt":"2026-04-15T23:35:48","slug":"zubeyr-bin-avvam-ra","status":"publish","type":"product","link":"https:\/\/roveyayinevi.com.tr\/index.php\/urun\/zubeyr-bin-avvam-ra\/","title":{"rendered":"Z\u00fcbeyr Bin Avvam (ra)"},"content":{"rendered":"<p>Sevgili Peygamberimizin halas\u0131 Hz. Safiyye&#8217;nin o\u011flu, Hz. Hatice&#8217;nin ye\u011feniydi. Zekas\u0131 ve g\u00f6z\u00fcn\u00fc budaktan sak\u0131nmayan cesareti dolay\u0131s\u0131yla Peygamber Efendimiz ona \u00f6zel g\u00f6revler verdi. Prensip sahibi ve tedbirli biriydi. C\u00f6mertli\u011fi, ihlas\u0131, samimiyeti ve d\u00fcr\u00fcstl\u00fc\u011f\u00fcyle insanlara \u00f6rnek oldu. Hz. Ali, Talha bin Ubeydullah, Sa&#8217;d bin Ebi Vakkas&#8217;\u0131n akran\u0131yd\u0131. Onlar gibi gen\u00e7 ya\u015fta \u0130slam&#8217;la \u015fereflendi.K\u00fc\u00e7\u00fck ya\u015fta yetim kalm\u0131\u015ft\u0131. Annesi onu en g\u00fczel \u015fekilde yeti\u015ftirdi. M\u00fcsl\u00fcman olunca bask\u0131 ve i\u015fkencelere maruz kald\u0131. Yap\u0131lanlara g\u00f6\u011f\u00fcs gererek y\u0131lmadan yoluna devam etti. Bedir, Uhud ve di\u011fer sava\u015flarda en \u00f6n saflarda sava\u015ft\u0131. Can\u0131 pahas\u0131na Peygamberimizi korudu. Mekke Fethi&#8217;nde ordulardan birine komuta eden sahabi, Hz. \u00d6mer d\u00f6neminde de cepheden cepheye ko\u015ftu.<\/p>\n","protected":false},"excerpt":{"rendered":"<p>Sevgili Peygamberimizin halas\u0131 Hz. Safiyye&#8217;nin o\u011flu, Hz. Hatice&#8217;nin ye\u011feniydi. Zekas\u0131 ve g\u00f6z\u00fcn\u00fc budaktan sak\u0131nmayan cesareti dolay\u0131s\u0131yla Peygamber Efendimiz ona \u00f6zel g\u00f6revler verdi. Prensip sahibi ve tedbirli<span class=\"excerpt-hellip\"> [\u2026]<\/span><\/p>\n","protected":false},"featured_media":0,"template":"","meta":{"_monsterinsights_skip_tracking":false,"_monsterinsights_sitenote_active":false,"_monsterinsights_sitenote_note":"","_monsterinsights_sitenote_category":0},"product_brand":[],"product_cat":[12274,18802],"product_tag":[],"class_list":{"0":"post-727938","1":"product","2":"type-product","3":"status-publish","5":"product_cat-cocuk-ve-genclik-kitaplari","6":"product_cat-din-egitimi","7":"pa_cilt-ciltsiz","8":"pa_tur-kitap","9":"pa_yayinevi-ugurbocegi-yayinlari","10":"pa_yazar-abdullah-kara-hilal-kara","12":"first","13":"instock","14":"sale","15":"shipping-taxable","16":"purchasable","17":"product-type-simple"},"_links":{"self":[{"href":"https:\/\/roveyayinevi.com.tr\/index.php\/wp-json\/wp\/v2\/product\/727938","targetHints":{"allow":["GET"]}}],"collection":[{"href":"https:\/\/roveyayinevi.com.tr\/index.php\/wp-json\/wp\/v2\/product"}],"about":[{"href":"https:\/\/roveyayinevi.com.tr\/index.php\/wp-json\/wp\/v2\/types\/product"}],"wp:attachment":[{"href":"https:\/\/roveyayinevi.com.tr\/index.php\/wp-json\/wp\/v2\/media?parent=727938"}],"wp:term":[{"taxonomy":"product_brand","embeddable":true,"href":"https:\/\/roveyayinevi.com.tr\/index.php\/wp-json\/wp\/v2\/product_brand?post=727938"},{"taxonomy":"product_cat","embeddable":true,"href":"https:\/\/roveyayinevi.com.tr\/index.php\/wp-json\/wp\/v2\/product_cat?post=727938"},{"taxonomy":"product_tag","embeddable":true,"href":"https:\/\/roveyayinevi.com.tr\/index.php\/wp-json\/wp\/v2\/product_tag?post=727938"}],"curies":[{"name":"wp","href":"https:\/\/api.w.org\/{rel}","templated":true}]}}