{"id":727934,"date":"2025-08-27T20:30:43","date_gmt":"2025-08-27T17:30:43","guid":{"rendered":"https:\/\/roveyayinevi.com.tr\/index.php\/urun\/cerrahpasa-cerrahi-kliniginde-44-yil\/"},"modified":"2026-04-16T02:35:48","modified_gmt":"2026-04-15T23:35:48","slug":"cerrahpasa-cerrahi-kliniginde-44-yil","status":"publish","type":"product","link":"https:\/\/roveyayinevi.com.tr\/index.php\/urun\/cerrahpasa-cerrahi-kliniginde-44-yil\/","title":{"rendered":"Cerrahpa\u015fa Cerrahi Klini\u011fi&#8217;nde 44 Y\u0131l"},"content":{"rendered":"<p>\u0130stanbul \u00dcniversitesi 24. ve 25. d\u00f6nem rekt\u00f6r\u00fc Prof. Dr. Kemal Alemdaro\u011fluy T\u00fcrk ulusuna sa\u011fl\u0131k hizmeti verdi\u011fi 44 y\u0131l Cerrahpa\u015fa T\u0131p Fak\u00fcltesi Cerrahi Klini\u011fi&#8217;nde ya\u015fad\u0131klar\u0131n\u0131 anlat\u0131yor. T\u00fcrk cerrahisinin ge\u00e7irdi\u011fi evreleri de g\u00f6rebilece\u011fimiz bu an\u0131 kitab\u0131 foto\u011fraflarla da zenginle\u015fmektedir.Alemdaro\u011flu, \u0130stanbul \u00dcniversitesi y\u00f6netiminde ya\u015fad\u0131\u011f\u0131 geli\u015fmeleri ve ilgin\u00e7 olaylar\u0131 da \u00e7ok \u00f6z olarak belirtmektedir.&#8221;Cerrahpa\u015fa Cerrahi Klini\u011finde 44 y\u0131l\u0131 a\u015fk\u0131n s\u00fcren ba\u015far\u0131l\u0131 meslek hayat\u0131m\u0131, klini\u011fimizin onurlu tarihine katk\u0131m\u0131n yararl\u0131 olabilece\u011fini d\u00fc\u015f\u00fcnerek ve tarihe kay\u0131t d\u00fc\u015fmek amac\u0131yla yay\u0131mlamak istedim.&#8221;<\/p>\n","protected":false},"excerpt":{"rendered":"<p>\u0130stanbul \u00dcniversitesi 24. ve 25. d\u00f6nem rekt\u00f6r\u00fc Prof. Dr. Kemal Alemdaro\u011fluy T\u00fcrk ulusuna sa\u011fl\u0131k hizmeti verdi\u011fi 44 y\u0131l Cerrahpa\u015fa T\u0131p Fak\u00fcltesi Cerrahi Klini\u011fi&#8217;nde ya\u015fad\u0131klar\u0131n\u0131 anlat\u0131yor. T\u00fcrk<span class=\"excerpt-hellip\"> [\u2026]<\/span><\/p>\n","protected":false},"featured_media":0,"template":"","meta":{"_monsterinsights_skip_tracking":false,"_monsterinsights_sitenote_active":false,"_monsterinsights_sitenote_note":"","_monsterinsights_sitenote_category":0},"product_brand":[],"product_cat":[13701,12291],"product_tag":[],"class_list":{"0":"post-727934","1":"product","2":"type-product","3":"status-publish","5":"product_cat-ani-mektup-gunluk","6":"product_cat-edebiyat","7":"pa_cilt-ciltsiz","8":"pa_tur-kitap","9":"pa_yayinevi-kaynak-yayinlari","10":"pa_yazar-kemal-alemdaroglu","12":"first","13":"instock","14":"sale","15":"shipping-taxable","16":"purchasable","17":"product-type-simple"},"_links":{"self":[{"href":"https:\/\/roveyayinevi.com.tr\/index.php\/wp-json\/wp\/v2\/product\/727934","targetHints":{"allow":["GET"]}}],"collection":[{"href":"https:\/\/roveyayinevi.com.tr\/index.php\/wp-json\/wp\/v2\/product"}],"about":[{"href":"https:\/\/roveyayinevi.com.tr\/index.php\/wp-json\/wp\/v2\/types\/product"}],"wp:attachment":[{"href":"https:\/\/roveyayinevi.com.tr\/index.php\/wp-json\/wp\/v2\/media?parent=727934"}],"wp:term":[{"taxonomy":"product_brand","embeddable":true,"href":"https:\/\/roveyayinevi.com.tr\/index.php\/wp-json\/wp\/v2\/product_brand?post=727934"},{"taxonomy":"product_cat","embeddable":true,"href":"https:\/\/roveyayinevi.com.tr\/index.php\/wp-json\/wp\/v2\/product_cat?post=727934"},{"taxonomy":"product_tag","embeddable":true,"href":"https:\/\/roveyayinevi.com.tr\/index.php\/wp-json\/wp\/v2\/product_tag?post=727934"}],"curies":[{"name":"wp","href":"https:\/\/api.w.org\/{rel}","templated":true}]}}