{"id":727932,"date":"2025-08-27T20:30:42","date_gmt":"2025-08-27T17:30:42","guid":{"rendered":"https:\/\/roveyayinevi.com.tr\/index.php\/urun\/turkiye-dikkat-ve-genel-kultur-oyunu\/"},"modified":"2026-02-03T02:51:47","modified_gmt":"2026-02-02T23:51:47","slug":"turkiye-dikkat-ve-genel-kultur-oyunu","status":"publish","type":"product","link":"https:\/\/roveyayinevi.com.tr\/index.php\/urun\/turkiye-dikkat-ve-genel-kultur-oyunu\/","title":{"rendered":"T\u00fcrkiye Dikkat ve Genel K\u00fclt\u00fcr Oyunu"},"content":{"rendered":"<p>&#8220;\u00c7ok okuyan m\u0131 \u00e7ok gezen mi&#8230;&#8221; diye ba\u015flayan soruya \u015funu da eklemek laz\u0131m: &#8220;Yoksa \u00e7ok OYNAYAN m\u0131 bilir?&#8221; Cevab\u0131n\u0131z bu oyunla de\u011fi\u015fecek gibi!Oyun oynarken ayn\u0131 zamanda yolculu\u011fa \u00e7\u0131kmaya ne dersiniz? \u0130\u015fte size f\u0131rsat! Bir yandan g\u00fczel vakit ge\u00e7irirken di\u011fer yandan \u015fehir \u015fehir dola\u015farak e\u011flenceye doyacaks\u0131n\u0131z!T\u00fcrkiye oyunu 7 b\u00f6lgeden 81 ilin her birini size tek tek g\u00f6sterecek. Bakal\u0131m akl\u0131n\u0131zda neler kald\u0131?<\/p>\n","protected":false},"excerpt":{"rendered":"<p>&#8220;\u00c7ok okuyan m\u0131 \u00e7ok gezen mi&#8230;&#8221; diye ba\u015flayan soruya \u015funu da eklemek laz\u0131m: &#8220;Yoksa \u00e7ok OYNAYAN m\u0131 bilir?&#8221; Cevab\u0131n\u0131z bu oyunla de\u011fi\u015fecek gibi!Oyun oynarken ayn\u0131 zamanda<span class=\"excerpt-hellip\"> [\u2026]<\/span><\/p>\n","protected":false},"featured_media":0,"template":"","meta":{"_monsterinsights_skip_tracking":false,"_monsterinsights_sitenote_active":false,"_monsterinsights_sitenote_note":"","_monsterinsights_sitenote_category":0},"product_brand":[],"product_cat":[12274,24599],"product_tag":[],"class_list":{"0":"post-727932","1":"product","2":"type-product","3":"status-publish","5":"product_cat-cocuk-ve-genclik-kitaplari","6":"product_cat-zeka-gelisimi","7":"pa_cilt-ciltsiz","8":"pa_tur-kitap20","9":"pa_yayinevi-bi-kutu-oyun","10":"pa_yazar-bi-kutu-oyun-kolektif","12":"first","13":"instock","14":"sale","15":"shipping-taxable","16":"purchasable","17":"product-type-simple"},"_links":{"self":[{"href":"https:\/\/roveyayinevi.com.tr\/index.php\/wp-json\/wp\/v2\/product\/727932","targetHints":{"allow":["GET"]}}],"collection":[{"href":"https:\/\/roveyayinevi.com.tr\/index.php\/wp-json\/wp\/v2\/product"}],"about":[{"href":"https:\/\/roveyayinevi.com.tr\/index.php\/wp-json\/wp\/v2\/types\/product"}],"wp:attachment":[{"href":"https:\/\/roveyayinevi.com.tr\/index.php\/wp-json\/wp\/v2\/media?parent=727932"}],"wp:term":[{"taxonomy":"product_brand","embeddable":true,"href":"https:\/\/roveyayinevi.com.tr\/index.php\/wp-json\/wp\/v2\/product_brand?post=727932"},{"taxonomy":"product_cat","embeddable":true,"href":"https:\/\/roveyayinevi.com.tr\/index.php\/wp-json\/wp\/v2\/product_cat?post=727932"},{"taxonomy":"product_tag","embeddable":true,"href":"https:\/\/roveyayinevi.com.tr\/index.php\/wp-json\/wp\/v2\/product_tag?post=727932"}],"curies":[{"name":"wp","href":"https:\/\/api.w.org\/{rel}","templated":true}]}}