{"id":727928,"date":"2025-08-27T20:30:39","date_gmt":"2025-08-27T17:30:39","guid":{"rendered":"https:\/\/roveyayinevi.com.tr\/index.php\/urun\/neolitik-cagdan-1-dunya-savasina-kurtler-ve-kurdistan\/"},"modified":"2026-04-16T02:35:48","modified_gmt":"2026-04-15T23:35:48","slug":"neolitik-cagdan-1-dunya-savasina-kurtler-ve-kurdistan","status":"publish","type":"product","link":"https:\/\/roveyayinevi.com.tr\/index.php\/urun\/neolitik-cagdan-1-dunya-savasina-kurtler-ve-kurdistan\/","title":{"rendered":"Neolitik \u00c7a\u011fdan 1. D\u00fcnya Sava\u015f\u0131&#8217;na K\u00fcrtler Ve K\u00fcrdistan"},"content":{"rendered":"<p>Neolitik \u00c7a\u011fdan 1. D\u00fcnya Sava\u015f\u0131&#8217;na K\u00dcRTLER VE K\u00dcRD\u0130STAN Kemal Burkay&#8217;\u0131n bu tarih \u00e7al\u0131\u015fmas\u0131, K\u00fcrdistan co\u011frafyas\u0131na, K\u00fcrt diline ve edebiyat tarihine, Neolitik \u00c7a\u011fdan 1. D\u00fcnya Sava\u015f\u0131&#8217;na kadar olan d\u00f6nemde K\u00fcrdistan co\u011frafyas\u0131 \u00fczerinde olup bitenlere ve K\u00fcrt tarihine ili\u015fkin kapsaml\u0131 bilgileri i\u00e7eriyor. Rumcaya ve Bulgarcaya \u00e7evrilip Atina ve Sofya&#8217;da bas\u0131ld\u0131; yine, K\u00fcrt\u00e7eye yap\u0131lan \u00e7evirisi Hewl\u00e9r&#8217;de (Erbil) yay\u0131mland\u0131. Eserin 1-5. Bask\u0131lar\u0131 \u0130stanbul&#8217;da Deng Yay\u0131nlar\u0131 aras\u0131nda, 6. Bask\u0131s\u0131 ise Ankara&#8217;da Phonenix Yay\u0131nlar\u0131 aras\u0131nda yap\u0131lm\u0131\u015ft\u0131r. 7. Bask\u0131y\u0131 \u00d6zg\u00fcrl\u00fck Yolu Vakf\u0131 Yay\u0131nlar\u0131 aras\u0131nda sunuyoruz. <\/p>\n","protected":false},"excerpt":{"rendered":"<p>Neolitik \u00c7a\u011fdan 1. D\u00fcnya Sava\u015f\u0131&#8217;na K\u00dcRTLER VE K\u00dcRD\u0130STAN Kemal Burkay&#8217;\u0131n bu tarih \u00e7al\u0131\u015fmas\u0131, K\u00fcrdistan co\u011frafyas\u0131na, K\u00fcrt diline ve edebiyat tarihine, Neolitik \u00c7a\u011fdan 1. D\u00fcnya Sava\u015f\u0131&#8217;na kadar<span class=\"excerpt-hellip\"> [\u2026]<\/span><\/p>\n","protected":false},"featured_media":0,"template":"","meta":{"_monsterinsights_skip_tracking":false,"_monsterinsights_sitenote_active":false,"_monsterinsights_sitenote_note":"","_monsterinsights_sitenote_category":0},"product_brand":[],"product_cat":[12370,12304],"product_tag":[],"class_list":{"0":"post-727928","1":"product","2":"type-product","3":"status-publish","5":"product_cat-arastirma-inceleme","6":"product_cat-tarih","7":"pa_cilt-ciltsiz","8":"pa_tur-kitap","9":"pa_yayinevi-ozgurluk-yolu-vakfi-yayinlari","10":"pa_yazar-kemal-burkay","12":"first","13":"instock","14":"sale","15":"shipping-taxable","16":"purchasable","17":"product-type-simple"},"_links":{"self":[{"href":"https:\/\/roveyayinevi.com.tr\/index.php\/wp-json\/wp\/v2\/product\/727928","targetHints":{"allow":["GET"]}}],"collection":[{"href":"https:\/\/roveyayinevi.com.tr\/index.php\/wp-json\/wp\/v2\/product"}],"about":[{"href":"https:\/\/roveyayinevi.com.tr\/index.php\/wp-json\/wp\/v2\/types\/product"}],"wp:attachment":[{"href":"https:\/\/roveyayinevi.com.tr\/index.php\/wp-json\/wp\/v2\/media?parent=727928"}],"wp:term":[{"taxonomy":"product_brand","embeddable":true,"href":"https:\/\/roveyayinevi.com.tr\/index.php\/wp-json\/wp\/v2\/product_brand?post=727928"},{"taxonomy":"product_cat","embeddable":true,"href":"https:\/\/roveyayinevi.com.tr\/index.php\/wp-json\/wp\/v2\/product_cat?post=727928"},{"taxonomy":"product_tag","embeddable":true,"href":"https:\/\/roveyayinevi.com.tr\/index.php\/wp-json\/wp\/v2\/product_tag?post=727928"}],"curies":[{"name":"wp","href":"https:\/\/api.w.org\/{rel}","templated":true}]}}