{"id":727912,"date":"2025-08-27T20:30:24","date_gmt":"2025-08-27T17:30:24","guid":{"rendered":"https:\/\/roveyayinevi.com.tr\/index.php\/urun\/anlamini-yitirmis-hayatlar\/"},"modified":"2026-04-16T02:35:48","modified_gmt":"2026-04-15T23:35:48","slug":"anlamini-yitirmis-hayatlar","status":"publish","type":"product","link":"https:\/\/roveyayinevi.com.tr\/index.php\/urun\/anlamini-yitirmis-hayatlar\/","title":{"rendered":"Anlam\u0131n\u0131 Yitirmi\u015f Hayatlar"},"content":{"rendered":"<p>Hayattaki ger\u00e7ek amac\u0131m\u0131z\u0131n ne oldu\u011funu oturup d\u00fc\u015f\u00fcnmenin asl\u0131nda tam vakti de\u011fil mi?Her sayfas\u0131nda kendi hayat\u0131n\u0131zdan bir par\u00e7a okuyaca\u011f\u0131n\u0131z, kararlar\u0131n\u0131z\u0131 verirken bir daha d\u00fc\u015f\u00fcnmeniz gerekti\u011fini bir kez daha anlayaca\u011f\u0131n\u0131z bu kitap, hayat\u0131n engebeli yollar\u0131nda size rehber  olacakt\u0131r.\u201cNefes dahi alman\u0131n hayat\u0131n cezas\u0131 oldu\u011funu d\u00fc\u015f\u00fcnenler olsa da, eminim ki hayatta g\u00fczel anlar da var. E\u011fer varsa, \u201c-benim bir tane bile g\u00fczel an\u0131m olmad\u0131.\u201d dedirten t\u00fcm anlar\u0131mdan vazge\u00e7meye haz\u0131r\u0131m ben. Haz\u0131r\u0131m \u00e7\u00fcnk\u00fc i\u00e7imizde karanl\u0131\u011f\u0131n her tonunun oldu\u011fu, yerin yedi kat dibi de var,  beyazlar\u0131n\u0131n h\u00fck\u00fcm s\u00fcrd\u00fc\u011f\u00fc yedi kat g\u00f6\u011f\u00fc de\u2026 \u201d\u201cHayat ac\u0131larla, sevin\u00e7lerle ve s\u00fcrprizlerle doludur. Bazen \u00e7ok mutlu olursun, i\u00e7in i\u00e7ine s\u0131\u011fmaz, bazense mutsuz ve karamsar. Kimi zaman \u00e7aresiz kal\u0131rs\u0131n ve ne y\u00f6ne gidece\u011fini bilemezsin. Hep bir dal arars\u0131n kendine d\u00fc\u015fmemek i\u00e7in. Bir el arars\u0131n hayata s\u0131ms\u0131k\u0131 tutunmak i\u00e7in\u2026 \u201c<\/p>\n","protected":false},"excerpt":{"rendered":"<p>Hayattaki ger\u00e7ek amac\u0131m\u0131z\u0131n ne oldu\u011funu oturup d\u00fc\u015f\u00fcnmenin asl\u0131nda tam vakti de\u011fil mi?Her sayfas\u0131nda kendi hayat\u0131n\u0131zdan bir par\u00e7a okuyaca\u011f\u0131n\u0131z, kararlar\u0131n\u0131z\u0131 verirken bir daha d\u00fc\u015f\u00fcnmeniz gerekti\u011fini bir kez<span class=\"excerpt-hellip\"> [\u2026]<\/span><\/p>\n","protected":false},"featured_media":0,"template":"","meta":{"_monsterinsights_skip_tracking":false,"_monsterinsights_sitenote_active":false,"_monsterinsights_sitenote_note":"","_monsterinsights_sitenote_category":0},"product_brand":[],"product_cat":[12291,18202],"product_tag":[],"class_list":{"0":"post-727912","1":"product","2":"type-product","3":"status-publish","5":"product_cat-edebiyat","6":"product_cat-hikaye","7":"pa_cilt-ciltsiz","8":"pa_tur-kitap","9":"pa_yayinevi-elpis-yayinlari","10":"pa_yazar-emrah-altinbas","12":"first","13":"instock","14":"sale","15":"shipping-taxable","16":"purchasable","17":"product-type-simple"},"_links":{"self":[{"href":"https:\/\/roveyayinevi.com.tr\/index.php\/wp-json\/wp\/v2\/product\/727912","targetHints":{"allow":["GET"]}}],"collection":[{"href":"https:\/\/roveyayinevi.com.tr\/index.php\/wp-json\/wp\/v2\/product"}],"about":[{"href":"https:\/\/roveyayinevi.com.tr\/index.php\/wp-json\/wp\/v2\/types\/product"}],"wp:attachment":[{"href":"https:\/\/roveyayinevi.com.tr\/index.php\/wp-json\/wp\/v2\/media?parent=727912"}],"wp:term":[{"taxonomy":"product_brand","embeddable":true,"href":"https:\/\/roveyayinevi.com.tr\/index.php\/wp-json\/wp\/v2\/product_brand?post=727912"},{"taxonomy":"product_cat","embeddable":true,"href":"https:\/\/roveyayinevi.com.tr\/index.php\/wp-json\/wp\/v2\/product_cat?post=727912"},{"taxonomy":"product_tag","embeddable":true,"href":"https:\/\/roveyayinevi.com.tr\/index.php\/wp-json\/wp\/v2\/product_tag?post=727912"}],"curies":[{"name":"wp","href":"https:\/\/api.w.org\/{rel}","templated":true}]}}