{"id":727910,"date":"2025-08-27T20:30:22","date_gmt":"2025-08-27T17:30:22","guid":{"rendered":"https:\/\/roveyayinevi.com.tr\/index.php\/urun\/bebek-bakicilari-kulubu-2\/"},"modified":"2026-04-16T02:35:47","modified_gmt":"2026-04-15T23:35:47","slug":"bebek-bakicilari-kulubu-2","status":"publish","type":"product","link":"https:\/\/roveyayinevi.com.tr\/index.php\/urun\/bebek-bakicilari-kulubu-2\/","title":{"rendered":"Bebek Bak\u0131c\u0131lar\u0131 Kul\u00fcb\u00fc"},"content":{"rendered":"<p>Yeni bir kasabaya ta\u015f\u0131nan ve diyabet sorununu anca kabullenen zavall\u0131 Stacey bir de bak\u0131c\u0131l\u0131k problemleriyle y\u00fczle\u015fmek zorunda. Neyse ki Stacey\u2019nin \u00fc\u00e7 yeni arkada\u015f\u0131 var: Kristy, Claudia ve Mary Anne. Birlikte Bebek Bak\u0131c\u0131lar\u0131 Kul\u00fcb\u00fc\u2019n\u00fc kuran bu \u00fc\u00e7l\u00fc, kar\u015f\u0131lar\u0131na \u00e7\u0131kacak olan t\u00fcm sorunlarla y\u00fczle\u015fmeye haz\u0131r\u2026 Onlara rakip olan yeni bir bak\u0131c\u0131l\u0131k kul\u00fcb\u00fcyle bile! Netflix\u2019in de diziye uyarlad\u0131\u011f\u0131 Bebek Bak\u0131c\u0131lar\u0131 Kul\u00fcb\u00fc 1986 y\u0131l\u0131nda yay\u0131mlanmaya ba\u015flad\u0131. Toplamda 131 cilde sahip olan serid\u00fcnya \u00e7ap\u0131nda 176 milyon kopya satt\u0131. <\/p>\n","protected":false},"excerpt":{"rendered":"<p>Yeni bir kasabaya ta\u015f\u0131nan ve diyabet sorununu anca kabullenen zavall\u0131 Stacey bir de bak\u0131c\u0131l\u0131k problemleriyle y\u00fczle\u015fmek zorunda. Neyse ki Stacey\u2019nin \u00fc\u00e7 yeni arkada\u015f\u0131 var: Kristy, Claudia<span class=\"excerpt-hellip\"> [\u2026]<\/span><\/p>\n","protected":false},"featured_media":0,"template":"","meta":{"_monsterinsights_skip_tracking":false,"_monsterinsights_sitenote_active":false,"_monsterinsights_sitenote_note":"","_monsterinsights_sitenote_category":0},"product_brand":[],"product_cat":[12689,12274],"product_tag":[],"class_list":{"0":"post-727910","1":"product","2":"type-product","3":"status-publish","5":"product_cat-cizgi-roman-cocuk-ve-genclik-kitaplari","6":"product_cat-cocuk-ve-genclik-kitaplari","7":"pa_cilt-ciltsiz","8":"pa_tur-kitap","9":"pa_yayinevi-epsilon-yayinlari","10":"pa_yazar-ann-m-martin-raina-telgemeier","12":"first","13":"instock","14":"sale","15":"shipping-taxable","16":"purchasable","17":"product-type-simple"},"_links":{"self":[{"href":"https:\/\/roveyayinevi.com.tr\/index.php\/wp-json\/wp\/v2\/product\/727910","targetHints":{"allow":["GET"]}}],"collection":[{"href":"https:\/\/roveyayinevi.com.tr\/index.php\/wp-json\/wp\/v2\/product"}],"about":[{"href":"https:\/\/roveyayinevi.com.tr\/index.php\/wp-json\/wp\/v2\/types\/product"}],"wp:attachment":[{"href":"https:\/\/roveyayinevi.com.tr\/index.php\/wp-json\/wp\/v2\/media?parent=727910"}],"wp:term":[{"taxonomy":"product_brand","embeddable":true,"href":"https:\/\/roveyayinevi.com.tr\/index.php\/wp-json\/wp\/v2\/product_brand?post=727910"},{"taxonomy":"product_cat","embeddable":true,"href":"https:\/\/roveyayinevi.com.tr\/index.php\/wp-json\/wp\/v2\/product_cat?post=727910"},{"taxonomy":"product_tag","embeddable":true,"href":"https:\/\/roveyayinevi.com.tr\/index.php\/wp-json\/wp\/v2\/product_tag?post=727910"}],"curies":[{"name":"wp","href":"https:\/\/api.w.org\/{rel}","templated":true}]}}