{"id":727908,"date":"2025-08-27T20:30:20","date_gmt":"2025-08-27T17:30:20","guid":{"rendered":"https:\/\/roveyayinevi.com.tr\/index.php\/urun\/mikro-iktisat-aciklamali-soru-bankasi\/"},"modified":"2026-04-16T02:35:47","modified_gmt":"2026-04-15T23:35:47","slug":"mikro-iktisat-aciklamali-soru-bankasi","status":"publish","type":"product","link":"https:\/\/roveyayinevi.com.tr\/index.php\/urun\/mikro-iktisat-aciklamali-soru-bankasi\/","title":{"rendered":"Mikro \u0130ktisat &#8211; A\u00e7\u0131klamal\u0131 Soru Bankas\u0131"},"content":{"rendered":"<p>Kitaptaki sorular, konu b\u00fct\u00fcnl\u00fc\u011f\u00fc anlam\u0131nda bir ders kitab\u0131ndaki s\u0131ralamaya uygun haz\u0131rlanm\u0131\u015ft\u0131r. ilk 20 soru temel kavramlara ayr\u0131l\u0131rken, hemen ard\u0131ndan t\u00fcketici teorisi i\u00e7in 130 soru cevaplanm\u0131\u015ft\u0131r. \u00dcretici teorisi i\u00e7in yakla\u015f\u0131k 100 soru olu\u015fturulmu\u015f ve piyasa denge ve uygulamalar\u0131 i\u00e7in 40 soru haz\u0131rlanm\u0131\u015ft\u0131r. Piyasalar ba\u015fl\u0131\u011f\u0131 geni\u015f tutulmu\u015f ve tam rekabet, monopol, oligopol ve tekelci rekabet piyasas\u0131 s\u0131ralamas\u0131yla 160&#8217;tan fazla soru cevaplanm\u0131\u015ft\u0131r. Son 50 soru ise yine s\u0131ras\u0131yla i\u015fg\u00fcc\u00fc piyasas\u0131, genel denge ve refah teorisi ve piyasa ba\u015far\u0131s\u0131zl\u0131klar\u0131na ayr\u0131lm\u0131\u015ft\u0131r.<\/p>\n","protected":false},"excerpt":{"rendered":"<p>Kitaptaki sorular, konu b\u00fct\u00fcnl\u00fc\u011f\u00fc anlam\u0131nda bir ders kitab\u0131ndaki s\u0131ralamaya uygun haz\u0131rlanm\u0131\u015ft\u0131r. ilk 20 soru temel kavramlara ayr\u0131l\u0131rken, hemen ard\u0131ndan t\u00fcketici teorisi i\u00e7in 130 soru cevaplanm\u0131\u015ft\u0131r. \u00dcretici<span class=\"excerpt-hellip\"> [\u2026]<\/span><\/p>\n","protected":false},"featured_media":0,"template":"","meta":{"_monsterinsights_skip_tracking":false,"_monsterinsights_sitenote_active":false,"_monsterinsights_sitenote_note":"","_monsterinsights_sitenote_category":0},"product_brand":[],"product_cat":[12566,25157,13473],"product_tag":[],"class_list":{"0":"post-727908","1":"product","2":"type-product","3":"status-publish","5":"product_cat-egitim","6":"product_cat-kpss-kitaplari","7":"product_cat-sinavlara-hazirlik-okula-yardimci-kaynaklar","8":"pa_cilt-ciltsiz","9":"pa_tur-kitap","10":"pa_yayinevi-gazi-kitabevi","11":"pa_yazar-fatih-h-dikmen","13":"first","14":"instock","15":"sale","16":"shipping-taxable","17":"purchasable","18":"product-type-simple"},"_links":{"self":[{"href":"https:\/\/roveyayinevi.com.tr\/index.php\/wp-json\/wp\/v2\/product\/727908","targetHints":{"allow":["GET"]}}],"collection":[{"href":"https:\/\/roveyayinevi.com.tr\/index.php\/wp-json\/wp\/v2\/product"}],"about":[{"href":"https:\/\/roveyayinevi.com.tr\/index.php\/wp-json\/wp\/v2\/types\/product"}],"wp:attachment":[{"href":"https:\/\/roveyayinevi.com.tr\/index.php\/wp-json\/wp\/v2\/media?parent=727908"}],"wp:term":[{"taxonomy":"product_brand","embeddable":true,"href":"https:\/\/roveyayinevi.com.tr\/index.php\/wp-json\/wp\/v2\/product_brand?post=727908"},{"taxonomy":"product_cat","embeddable":true,"href":"https:\/\/roveyayinevi.com.tr\/index.php\/wp-json\/wp\/v2\/product_cat?post=727908"},{"taxonomy":"product_tag","embeddable":true,"href":"https:\/\/roveyayinevi.com.tr\/index.php\/wp-json\/wp\/v2\/product_tag?post=727908"}],"curies":[{"name":"wp","href":"https:\/\/api.w.org\/{rel}","templated":true}]}}