{"id":727899,"date":"2025-08-27T20:30:12","date_gmt":"2025-08-27T17:30:12","guid":{"rendered":"https:\/\/roveyayinevi.com.tr\/index.php\/urun\/elanin-kulaklari\/"},"modified":"2026-04-16T02:35:44","modified_gmt":"2026-04-15T23:35:44","slug":"elanin-kulaklari","status":"publish","type":"product","link":"https:\/\/roveyayinevi.com.tr\/index.php\/urun\/elanin-kulaklari\/","title":{"rendered":"Ela\u2019n\u0131n Kulaklar\u0131"},"content":{"rendered":"<p>Okuyan Koala, \u00e7ocuk kitaplar\u0131na yepyeni bir standart getiriyor! \u00c7ocuklar i\u00e7in ki\u015fisel geli\u015fim, anne babalar\u0131 i\u00e7in hayat kolayla\u015ft\u0131r\u0131c\u0131, d\u00fcnyan\u0131n en b\u00fcy\u00fck bilimsel ve profesyonel psikoloji toplulu\u011fu Amerikan Psikoloji Derne\u011fi  APA Psikolojik Hikayeler Serisi, Okuyan Koala ile T\u00fcrk\u00e7ede Leydi\u2019nin D\u00fcnya \u00dczerindeki En \u0130yi Abla Olmas\u0131 Hakk\u0131nda Bir Hikaye Leydi\u2019nin \u201ctek k\u00f6pek\u201d olarak devam eden konforlu hayat\u0131 anne ve babas\u0131 eve yeni bir bebekle geldi\u011fi g\u00fcn de\u011fi\u015fir. Yeni bir karde\u015f ile tan\u0131\u015f\u0131nca her \u00e7ocu\u011fun hissetti\u011fi gibi Leydi de t\u00fcm bu kafa kar\u0131\u015f\u0131kl\u0131\u011f\u0131 ve \u00fcz\u00fcnt\u00fcyle ba\u015f etmeye \u00e7al\u0131\u015f\u0131rken, sonunda bebek Ela\u2019n\u0131n varl\u0131\u011f\u0131ndan ho\u015flanmaya ba\u015flar ve hatta ona en sevdi\u011fi hobisini, yani havlamay\u0131 bile \u00f6\u011fretmeye \u00e7al\u0131\u015f\u0131r. Ancak b\u00fct\u00fcn bu g\u00fcr\u00fclt\u00fc Ela\u2019n\u0131n birazc\u0131k bile dikkatini \u00e7ekmeyince Leydi, Ela\u2019n\u0131n duyamad\u0131\u011f\u0131n\u0131 fark eder. B\u00f6ylelikle \u201cEla\u2019n\u0131n kulaklar\u0131\u201d ve \u201cd\u00fcnya \u00fczerindeki en iyi abla\u201d olaca\u011f\u0131na s\u00f6z verir. Mizahi bak\u0131\u015f a\u00e7\u0131s\u0131 ile Leydi ebeveyn ve \u00e7ocuklara, karde\u015f ili\u015fkileri hakk\u0131nda etkileyici bir bak\u0131\u015f a\u00e7\u0131s\u0131 sunuyor. \u00c7ocuklar\u0131n yeni karde\u015flere kar\u015f\u0131 g\u00f6sterdi\u011fi yayg\u0131n tepkileri a\u00e7\u0131klayan ve al\u0131\u015fma s\u00fcrecini en kolay \u015fekilde ge\u00e7irebilmeye katk\u0131 sa\u011flayacak kapsaml\u0131 bir \u201cEbeveyn ve E\u011fitimcilere Not\u201d b\u00f6l\u00fcm\u00fc de kitab\u0131n sonunda yer al\u0131yor. <\/p>\n","protected":false},"excerpt":{"rendered":"<p>Okuyan Koala, \u00e7ocuk kitaplar\u0131na yepyeni bir standart getiriyor! \u00c7ocuklar i\u00e7in ki\u015fisel geli\u015fim, anne babalar\u0131 i\u00e7in hayat kolayla\u015ft\u0131r\u0131c\u0131, d\u00fcnyan\u0131n en b\u00fcy\u00fck bilimsel ve profesyonel psikoloji toplulu\u011fu Amerikan<span class=\"excerpt-hellip\"> [\u2026]<\/span><\/p>\n","protected":false},"featured_media":0,"template":"","meta":{"_monsterinsights_skip_tracking":false,"_monsterinsights_sitenote_active":false,"_monsterinsights_sitenote_note":"","_monsterinsights_sitenote_category":0},"product_brand":[],"product_cat":[12274,12284],"product_tag":[],"class_list":{"0":"post-727899","1":"product","2":"type-product","3":"status-publish","5":"product_cat-cocuk-ve-genclik-kitaplari","6":"product_cat-hikayeler","7":"pa_cilt-ciltsiz","8":"pa_tur-kitap","9":"pa_yayinevi-okuyan-koala","10":"pa_yazar-gloria-roth-lowell","12":"first","13":"instock","14":"sale","15":"shipping-taxable","16":"purchasable","17":"product-type-simple"},"_links":{"self":[{"href":"https:\/\/roveyayinevi.com.tr\/index.php\/wp-json\/wp\/v2\/product\/727899","targetHints":{"allow":["GET"]}}],"collection":[{"href":"https:\/\/roveyayinevi.com.tr\/index.php\/wp-json\/wp\/v2\/product"}],"about":[{"href":"https:\/\/roveyayinevi.com.tr\/index.php\/wp-json\/wp\/v2\/types\/product"}],"wp:attachment":[{"href":"https:\/\/roveyayinevi.com.tr\/index.php\/wp-json\/wp\/v2\/media?parent=727899"}],"wp:term":[{"taxonomy":"product_brand","embeddable":true,"href":"https:\/\/roveyayinevi.com.tr\/index.php\/wp-json\/wp\/v2\/product_brand?post=727899"},{"taxonomy":"product_cat","embeddable":true,"href":"https:\/\/roveyayinevi.com.tr\/index.php\/wp-json\/wp\/v2\/product_cat?post=727899"},{"taxonomy":"product_tag","embeddable":true,"href":"https:\/\/roveyayinevi.com.tr\/index.php\/wp-json\/wp\/v2\/product_tag?post=727899"}],"curies":[{"name":"wp","href":"https:\/\/api.w.org\/{rel}","templated":true}]}}