{"id":727896,"date":"2025-08-27T20:30:09","date_gmt":"2025-08-27T17:30:09","guid":{"rendered":"https:\/\/roveyayinevi.com.tr\/index.php\/urun\/onun-seytanlari\/"},"modified":"2026-04-16T02:35:44","modified_gmt":"2026-04-15T23:35:44","slug":"onun-seytanlari","status":"publish","type":"product","link":"https:\/\/roveyayinevi.com.tr\/index.php\/urun\/onun-seytanlari\/","title":{"rendered":"Onun \u015eeytanlar\u0131"},"content":{"rendered":"<p>\u0130nsanlar\u0131 insanlar \u00f6ld\u00fcr\u00fcr, silahlar de\u011fil. Bu devirde s\u00f6zler i\u015fliyor cinayetleri, katiller de\u011fil. Beni ba\u015frolleri yak\u0131nla\u015ft\u0131rmak i\u00e7in yaz\u0131lan ikinci karakter, hik\u00e2yesini dinlemek istemedi\u011fin fig\u00fcran olarak hat\u0131rlars\u0131n. Ama herkesin bir hik\u00e2yesi vard\u0131r. Ve ben o sar\u0131\u015f\u0131n\u0131m. Sen ise benden nefret ediyorsun. \u201c\u00dc\u015f\u00fcrken i\u00e7imi sevgi \u0131s\u0131tmad\u0131 benim, hep \u00e7ay ya da kahve i\u00e7tim. B\u00fcy\u00fcd\u00fcm, b\u00fcy\u00fcd\u00fcm&#8230; B\u00fcy\u00fcrken s\u0131cak \u015feylerle \u0131s\u0131namad\u0131\u011f\u0131m k\u0131\u015flar ge\u00e7irdim. Odam\u0131n kap\u0131s\u0131 bir gece yar\u0131s\u0131 \u00e7ocuk masallar\u0131na hi\u00e7 a\u00e7\u0131lmad\u0131. Bu y\u00fczdendir belki de, yata\u011f\u0131m\u0131n alt\u0131ndaki canavarlar her gece kafamda cirit atard\u0131. Anneme s\u00f6yledim, babama da&#8230; Susmay\u0131 b\u00f6yle \u00f6\u011frendim: Saat 8&#8217;de, yemek masas\u0131nda.\u201d <\/p>\n","protected":false},"excerpt":{"rendered":"<p>\u0130nsanlar\u0131 insanlar \u00f6ld\u00fcr\u00fcr, silahlar de\u011fil. Bu devirde s\u00f6zler i\u015fliyor cinayetleri, katiller de\u011fil. Beni ba\u015frolleri yak\u0131nla\u015ft\u0131rmak i\u00e7in yaz\u0131lan ikinci karakter, hik\u00e2yesini dinlemek istemedi\u011fin fig\u00fcran olarak hat\u0131rlars\u0131n. Ama<span class=\"excerpt-hellip\"> [\u2026]<\/span><\/p>\n","protected":false},"featured_media":0,"template":"","meta":{"_monsterinsights_skip_tracking":false,"_monsterinsights_sitenote_active":false,"_monsterinsights_sitenote_note":"","_monsterinsights_sitenote_category":0},"product_brand":[],"product_cat":[12291,50487],"product_tag":[],"class_list":{"0":"post-727896","1":"product","2":"type-product","3":"status-publish","5":"product_cat-edebiyat","6":"product_cat-kurgu","7":"pa_cilt-ciltsiz","8":"pa_tur-kitap","9":"pa_yayinevi-epsilon-yayinlari","10":"pa_yazar-beyza-aksoy","12":"first","13":"instock","14":"sale","15":"shipping-taxable","16":"purchasable","17":"product-type-simple"},"_links":{"self":[{"href":"https:\/\/roveyayinevi.com.tr\/index.php\/wp-json\/wp\/v2\/product\/727896","targetHints":{"allow":["GET"]}}],"collection":[{"href":"https:\/\/roveyayinevi.com.tr\/index.php\/wp-json\/wp\/v2\/product"}],"about":[{"href":"https:\/\/roveyayinevi.com.tr\/index.php\/wp-json\/wp\/v2\/types\/product"}],"wp:attachment":[{"href":"https:\/\/roveyayinevi.com.tr\/index.php\/wp-json\/wp\/v2\/media?parent=727896"}],"wp:term":[{"taxonomy":"product_brand","embeddable":true,"href":"https:\/\/roveyayinevi.com.tr\/index.php\/wp-json\/wp\/v2\/product_brand?post=727896"},{"taxonomy":"product_cat","embeddable":true,"href":"https:\/\/roveyayinevi.com.tr\/index.php\/wp-json\/wp\/v2\/product_cat?post=727896"},{"taxonomy":"product_tag","embeddable":true,"href":"https:\/\/roveyayinevi.com.tr\/index.php\/wp-json\/wp\/v2\/product_tag?post=727896"}],"curies":[{"name":"wp","href":"https:\/\/api.w.org\/{rel}","templated":true}]}}