{"id":727887,"date":"2025-08-27T20:30:01","date_gmt":"2025-08-27T17:30:01","guid":{"rendered":"https:\/\/roveyayinevi.com.tr\/index.php\/urun\/ben-bir-kitap-kurduyum\/"},"modified":"2026-04-16T02:35:44","modified_gmt":"2026-04-15T23:35:44","slug":"ben-bir-kitap-kurduyum","status":"publish","type":"product","link":"https:\/\/roveyayinevi.com.tr\/index.php\/urun\/ben-bir-kitap-kurduyum\/","title":{"rendered":"Ben Bir Kitap Kurduyum"},"content":{"rendered":"<p>Kitab\u0131 y\u00fcksek sesle mi i\u00e7inden mi, oturarak m\u0131 yoksa uzanarak m\u0131 okursun? Kendini okuman\u0131n b\u00fcy\u00fcs\u00fcne kapt\u0131ran herkesin maceras\u0131 hem ayn\u0131 hem ayr\u0131. \u00d6zge Lokmanhekim\u2019in kaleme ald\u0131\u011f\u0131, Ege Karaday\u0131\u2019n\u0131n resimledi\u011fi Ben Bir Kitap Kurduyum, kitaplar\u0131, kitap kar\u0131\u015ft\u0131rmay\u0131, okumay\u0131 seven herkese hitap ediyor. Okul d\u00f6nemi \u00e7ocuklar\u0131n be\u011fenisine sunulan kitapta, okumay\u0131 kolayla\u015ft\u0131ran ve \u00f6zellikle \u00e7ocuklar i\u00e7in tasarlanm\u0131\u015f Sassoon yaz\u0131 karakterinden yararlan\u0131l\u0131yor. Bu yaz\u0131 karakteri \u00e7ocuklara sadece okumada de\u011fil, ayn\u0131 zamanda onlar\u0131n yaz\u0131yla ilk yak\u0131nla\u015fmalar\u0131nda da kolayl\u0131k sa\u011fl\u0131yor.<\/p>\n","protected":false},"excerpt":{"rendered":"<p>Kitab\u0131 y\u00fcksek sesle mi i\u00e7inden mi, oturarak m\u0131 yoksa uzanarak m\u0131 okursun? Kendini okuman\u0131n b\u00fcy\u00fcs\u00fcne kapt\u0131ran herkesin maceras\u0131 hem ayn\u0131 hem ayr\u0131. \u00d6zge Lokmanhekim\u2019in kaleme ald\u0131\u011f\u0131,<span class=\"excerpt-hellip\"> [\u2026]<\/span><\/p>\n","protected":false},"featured_media":0,"template":"","meta":{"_monsterinsights_skip_tracking":false,"_monsterinsights_sitenote_active":false,"_monsterinsights_sitenote_note":"","_monsterinsights_sitenote_category":0},"product_brand":[],"product_cat":[12274,12284],"product_tag":[],"class_list":{"0":"post-727887","1":"product","2":"type-product","3":"status-publish","5":"product_cat-cocuk-ve-genclik-kitaplari","6":"product_cat-hikayeler","7":"pa_cilt-ciltsiz","8":"pa_tur-kitap","9":"pa_yayinevi-hep-kitap","10":"pa_yazar-ozge-lokmanhekim","12":"first","13":"instock","14":"sale","15":"shipping-taxable","16":"purchasable","17":"product-type-simple"},"_links":{"self":[{"href":"https:\/\/roveyayinevi.com.tr\/index.php\/wp-json\/wp\/v2\/product\/727887","targetHints":{"allow":["GET"]}}],"collection":[{"href":"https:\/\/roveyayinevi.com.tr\/index.php\/wp-json\/wp\/v2\/product"}],"about":[{"href":"https:\/\/roveyayinevi.com.tr\/index.php\/wp-json\/wp\/v2\/types\/product"}],"wp:attachment":[{"href":"https:\/\/roveyayinevi.com.tr\/index.php\/wp-json\/wp\/v2\/media?parent=727887"}],"wp:term":[{"taxonomy":"product_brand","embeddable":true,"href":"https:\/\/roveyayinevi.com.tr\/index.php\/wp-json\/wp\/v2\/product_brand?post=727887"},{"taxonomy":"product_cat","embeddable":true,"href":"https:\/\/roveyayinevi.com.tr\/index.php\/wp-json\/wp\/v2\/product_cat?post=727887"},{"taxonomy":"product_tag","embeddable":true,"href":"https:\/\/roveyayinevi.com.tr\/index.php\/wp-json\/wp\/v2\/product_tag?post=727887"}],"curies":[{"name":"wp","href":"https:\/\/api.w.org\/{rel}","templated":true}]}}