{"id":727879,"date":"2025-08-27T20:29:55","date_gmt":"2025-08-27T17:29:55","guid":{"rendered":"https:\/\/roveyayinevi.com.tr\/index.php\/urun\/bir-cocuk-yetistirmek\/"},"modified":"2026-04-16T02:35:44","modified_gmt":"2026-04-15T23:35:44","slug":"bir-cocuk-yetistirmek","status":"publish","type":"product","link":"https:\/\/roveyayinevi.com.tr\/index.php\/urun\/bir-cocuk-yetistirmek\/","title":{"rendered":"Bir \u00c7ocuk Yeti\u015ftirmek"},"content":{"rendered":"<p>Nas\u0131l bir ebeveyn oldu\u011fumuz (veya \u00e7ocu\u011fumuzun nas\u0131l bir \u00e7ocuk oldu\u011fu) nas\u0131l bir insan oldu\u011fumuzu belirliyor. Bunun bilincinde olan ebeveynlerin kendilerini yarg\u0131lamalar\u0131na ve sonu\u00e7ta yetersiz hissetmelerine \u015fa\u015fmamak gerek. \u00c7ocuklar, ki\u015fisel ihtiya\u00e7lar\u0131 acilen kar\u015f\u0131lanmas\u0131 gereken bireylerden ziyade, bir toplulu\u011fun par\u00e7as\u0131 olarak g\u00f6r\u00fcld\u00fc\u011f\u00fcnde, kendini daha mutlu, daha g\u00fcvende ve oraya ait hissediyor. Siz \u00e7ocu\u011funuzu nas\u0131l yeti\u015ftirdi\u011finizi, ona ne hissettirdi\u011finizi ger\u00e7ekten biliyor musunuz? D\u00f6rt \u00e7ocuk annesi Christine Gross-Loh, ABD\u2019den G\u00fcney Kore\u2019ye, Japonya\u2019dan \u00c7in\u2019e, Almanya\u2019dan Finlandiya\u2019ya, Fransa\u2019dan Yunanistan, \u0130talya ve T\u00fcrkiye\u2019ye kadar d\u00fcnyan\u0131n bir\u00e7ok \u00fclkesinden aktard\u0131\u011f\u0131 deneyimler ve dersler \u0131\u015f\u0131\u011f\u0131nda \u201ciyi ebeveyn\u201d kimdir, ne yapar, nas\u0131l yapar gibi sorulara yan\u0131t ar\u0131yor. K\u00fclt\u00fcr (toplumun bekledikleri) ile biyoloji (\u00e7ocuklar\u0131n ba\u015far\u0131l\u0131 olma potansiyeli) aras\u0131nda ba\u015fka \u00fclkelerin deneyimlerinin bilinmesinde say\u0131s\u0131z yarar var. Neyi, neden yapt\u0131\u011f\u0131m\u0131z\u0131 g\u00f6rmenin en ayd\u0131nlat\u0131c\u0131 ve al\u00e7akg\u00f6n\u00fcll\u00fc yolu kendimize ba\u015fka bir k\u00fclt\u00fcr\u00fcn g\u00f6zlerinden bakmakt\u0131r. Bu kitap \u00e7e\u015fitli \u00fclkelerdeki ebeveynlerin ne yapt\u0131\u011f\u0131na bak\u0131yor. Ve g\u00fc\u00e7l\u00fc, yarat\u0131c\u0131, mutlu, huzurlu ve yeterli \u00e7ocuklar yeti\u015ftirme konusunda ortak bilgeli\u011fimizin hepimize neler \u00f6\u011fretebilece\u011fini anlamak i\u00e7in t\u00fcm d\u00fcnyadaki ebeveynlik y\u00f6ntemlerini inceliyor. <\/p>\n","protected":false},"excerpt":{"rendered":"<p>Nas\u0131l bir ebeveyn oldu\u011fumuz (veya \u00e7ocu\u011fumuzun nas\u0131l bir \u00e7ocuk oldu\u011fu) nas\u0131l bir insan oldu\u011fumuzu belirliyor. Bunun bilincinde olan ebeveynlerin kendilerini yarg\u0131lamalar\u0131na ve sonu\u00e7ta yetersiz hissetmelerine \u015fa\u015fmamak<span class=\"excerpt-hellip\"> [\u2026]<\/span><\/p>\n","protected":false},"featured_media":0,"template":"","meta":{"_monsterinsights_skip_tracking":false,"_monsterinsights_sitenote_active":false,"_monsterinsights_sitenote_note":"","_monsterinsights_sitenote_category":0},"product_brand":[],"product_cat":[12831,12324],"product_tag":[],"class_list":{"0":"post-727879","1":"product","2":"type-product","3":"status-publish","5":"product_cat-aile-ve-cocuk","6":"product_cat-sosyoloji","7":"pa_cilt-ciltsiz","8":"pa_tur-kitap","9":"pa_yayinevi-kuraldisi-yayinevi","10":"pa_yazar-christine-gross-loh","12":"first","13":"instock","14":"sale","15":"shipping-taxable","16":"purchasable","17":"product-type-simple"},"_links":{"self":[{"href":"https:\/\/roveyayinevi.com.tr\/index.php\/wp-json\/wp\/v2\/product\/727879","targetHints":{"allow":["GET"]}}],"collection":[{"href":"https:\/\/roveyayinevi.com.tr\/index.php\/wp-json\/wp\/v2\/product"}],"about":[{"href":"https:\/\/roveyayinevi.com.tr\/index.php\/wp-json\/wp\/v2\/types\/product"}],"wp:attachment":[{"href":"https:\/\/roveyayinevi.com.tr\/index.php\/wp-json\/wp\/v2\/media?parent=727879"}],"wp:term":[{"taxonomy":"product_brand","embeddable":true,"href":"https:\/\/roveyayinevi.com.tr\/index.php\/wp-json\/wp\/v2\/product_brand?post=727879"},{"taxonomy":"product_cat","embeddable":true,"href":"https:\/\/roveyayinevi.com.tr\/index.php\/wp-json\/wp\/v2\/product_cat?post=727879"},{"taxonomy":"product_tag","embeddable":true,"href":"https:\/\/roveyayinevi.com.tr\/index.php\/wp-json\/wp\/v2\/product_tag?post=727879"}],"curies":[{"name":"wp","href":"https:\/\/api.w.org\/{rel}","templated":true}]}}