{"id":727868,"date":"2025-08-27T20:29:45","date_gmt":"2025-08-27T17:29:45","guid":{"rendered":"https:\/\/roveyayinevi.com.tr\/index.php\/urun\/yeni-buyuksehir-modelinde-temsil-katilim-ve-hizmet-kalitesi\/"},"modified":"2026-04-16T02:35:43","modified_gmt":"2026-04-15T23:35:43","slug":"yeni-buyuksehir-modelinde-temsil-katilim-ve-hizmet-kalitesi","status":"publish","type":"product","link":"https:\/\/roveyayinevi.com.tr\/index.php\/urun\/yeni-buyuksehir-modelinde-temsil-katilim-ve-hizmet-kalitesi\/","title":{"rendered":"Yeni B\u00fcy\u00fck\u015fehir Modelinde Temsil, Kat\u0131l\u0131m ve Hizmet Kalitesi"},"content":{"rendered":"<p>\u0130\u00e7indekiler\u00d6ns\u00f6zSimgeler Ve K\u0131saltmalarTablolar Dizini\u015eekiller Dizini\u0130\u00e7indekilerGiri\u015fBirinci B\u00f6l\u00fcmT\u00fcrkiye\u2019de Belediye Y\u00f6netimleri1.1 Kavramsal \u00c7er\u00e7eve1.2 T\u00fcrkiye\u2019de Belediyelerin D\u00f6n\u00fc\u015f\u00fcm\u00fc1.3 B\u00fcy\u00fck\u015fehir Y\u00f6netimi\u0130kinci B\u00f6l\u00fcmT\u00fcrkiye\u2019de B\u00fcy\u00fck\u015fehir Belediyesi Y\u00f6netimi2.1 B\u00fcy\u00fck\u015fehirle\u015fme S\u00fcreci2.2 Yeni B\u00fcy\u00fck\u015fehir Belediyesi Yap\u0131s\u0131 Ve \u0130\u015fleyi\u015fi\u00dc\u00e7\u00fcnc\u00fc B\u00f6l\u00fcm6360 Say\u0131l\u0131 Kanun \u0130le Kapat\u0131lan Belde Belediyelerinde Hizmette Kalite, Temsil Ve Kat\u0131l\u0131m Sorunsal\u0131 \u00dczerine Alan Ara\u015ft\u0131rmas\u01313.1 Ara\u015ft\u0131rman\u0131n Konusu3.2 Ara\u015ft\u0131rman\u0131n Amac\u0131 Ve \u00d6nemi3.3 Ara\u015ft\u0131rman\u0131n Y\u00f6ntemi3.4 Ara\u015ft\u0131rma Bulgular\u0131Sonu\u00e7Kaynak\u00e7aDizin<\/p>\n","protected":false},"excerpt":{"rendered":"<p>\u0130\u00e7indekiler\u00d6ns\u00f6zSimgeler Ve K\u0131saltmalarTablolar Dizini\u015eekiller Dizini\u0130\u00e7indekilerGiri\u015fBirinci B\u00f6l\u00fcmT\u00fcrkiye\u2019de Belediye Y\u00f6netimleri1.1 Kavramsal \u00c7er\u00e7eve1.2 T\u00fcrkiye\u2019de Belediyelerin D\u00f6n\u00fc\u015f\u00fcm\u00fc1.3 B\u00fcy\u00fck\u015fehir Y\u00f6netimi\u0130kinci B\u00f6l\u00fcmT\u00fcrkiye\u2019de B\u00fcy\u00fck\u015fehir Belediyesi Y\u00f6netimi2.1 B\u00fcy\u00fck\u015fehirle\u015fme S\u00fcreci2.2 Yeni B\u00fcy\u00fck\u015fehir Belediyesi Yap\u0131s\u0131 Ve<span class=\"excerpt-hellip\"> [\u2026]<\/span><\/p>\n","protected":false},"featured_media":0,"template":"","meta":{"_monsterinsights_skip_tracking":false,"_monsterinsights_sitenote_active":false,"_monsterinsights_sitenote_note":"","_monsterinsights_sitenote_category":0},"product_brand":[],"product_cat":[12767,12324],"product_tag":[],"class_list":{"0":"post-727868","1":"product","2":"type-product","3":"status-publish","5":"product_cat-kentlesme-modernlesme","6":"product_cat-sosyoloji","7":"pa_cilt-ciltsiz","8":"pa_tur-kitap","9":"pa_yayinevi-gazi-kitabevi","10":"pa_yazar-emre-ekinci","12":"first","13":"instock","14":"sale","15":"shipping-taxable","16":"purchasable","17":"product-type-simple"},"_links":{"self":[{"href":"https:\/\/roveyayinevi.com.tr\/index.php\/wp-json\/wp\/v2\/product\/727868","targetHints":{"allow":["GET"]}}],"collection":[{"href":"https:\/\/roveyayinevi.com.tr\/index.php\/wp-json\/wp\/v2\/product"}],"about":[{"href":"https:\/\/roveyayinevi.com.tr\/index.php\/wp-json\/wp\/v2\/types\/product"}],"wp:attachment":[{"href":"https:\/\/roveyayinevi.com.tr\/index.php\/wp-json\/wp\/v2\/media?parent=727868"}],"wp:term":[{"taxonomy":"product_brand","embeddable":true,"href":"https:\/\/roveyayinevi.com.tr\/index.php\/wp-json\/wp\/v2\/product_brand?post=727868"},{"taxonomy":"product_cat","embeddable":true,"href":"https:\/\/roveyayinevi.com.tr\/index.php\/wp-json\/wp\/v2\/product_cat?post=727868"},{"taxonomy":"product_tag","embeddable":true,"href":"https:\/\/roveyayinevi.com.tr\/index.php\/wp-json\/wp\/v2\/product_tag?post=727868"}],"curies":[{"name":"wp","href":"https:\/\/api.w.org\/{rel}","templated":true}]}}