{"id":727866,"date":"2025-08-27T20:29:44","date_gmt":"2025-08-27T17:29:44","guid":{"rendered":"https:\/\/roveyayinevi.com.tr\/index.php\/urun\/cevre-muhasebesi-surdurulebilirlik-ve-entegre-raporlama\/"},"modified":"2026-04-16T02:35:43","modified_gmt":"2026-04-15T23:35:43","slug":"cevre-muhasebesi-surdurulebilirlik-ve-entegre-raporlama","status":"publish","type":"product","link":"https:\/\/roveyayinevi.com.tr\/index.php\/urun\/cevre-muhasebesi-surdurulebilirlik-ve-entegre-raporlama\/","title":{"rendered":"\u00c7evre Muhasebesi, S\u00fcrd\u00fcr\u00fclebilirlik ve Entegre Raporlama"},"content":{"rendered":"<p>\u0130\u00e7indekilerB\u00f6l\u00fcm 1. \u00c7evre muhasebesi \u00e7al\u0131\u015fmalar\u0131n\u0131n bibliyometrik analiziDr. \u00d6\u011fr. \u00dcyesi z\u00fclk\u00fcf \u00e7evikAr\u015f. G\u00f6r. Dr.Abd\u00fcssamed Ko\u00e7B\u00f6l\u00fcm 2. \u00c7evre muhasebesi alan\u0131nda t\u00fcrkiye\u2019de yap\u0131lan lisans\u00fcst\u00fc tezler \u00fczerine bir de\u011ferlendirmeDr. \u00d6\u011fr. \u00dcyesi metehan k\u00fc\u00e7\u00fckerB\u00f6l\u00fcm 3. End\u00fcstri 4.0 ve s\u00fcrd\u00fcr\u00fclebilirlik kapsam\u0131nda \u00e7evre muhasebesi yakla\u015f\u0131mlar\u0131Dr. \u00d6\u011fr. \u00dcyesi merve k\u0131ymaz k\u0131vraklarB\u00f6l\u00fcm 4. \u00c7evre muhasebesine g\u00f6re i\u015fletmelerin geri kazan\u0131m kat\u0131l\u0131m pay\u0131 \u00f6demelerinin kayd\u0131 ve i\u015fletme kazanc\u0131n\u0131n hesaplanmas\u0131Dr. \u00d6\u011fr. \u00dcyesi murat t\u00fcrkDr. \u00d6\u011fr. \u00dcyesi ali usluB\u00f6l\u00fcm 5. \u00c7evre kirlili\u011fi ile m\u00fccadelede karbon vergisi ve muhasebele\u015ftirilmesiProf. Dr. Baki y\u0131lmazProf. Dr. Ahmet vecdi can\u00d6\u011fr. G\u00f6r. Hakan aliustaB\u00f6l\u00fcm 6. Kripto para madencili\u011finin \u00e7evre muhasebesi kapsam\u0131nda incelenmesiDo\u00e7. Dr. \u015euayyip do\u011fu\u015f demirciB\u00f6l\u00fcm 7. Bir \u00e7evresel maliyet y\u00f6netimi tekni\u011fi olarak malzeme ak\u0131\u015f maliyet muhaseebsiAr\u015f. G\u00f6r. Enes \u00f6zcanMehtap altunelB\u00f6l\u00fcm 8. Sa\u011fl\u0131k hizmetlerinde \u00e7evre muhasebesinin yeri: ye\u015fil hastanelerDr. \u00d6\u011fr. \u00dcyesi fatma \u00f6zlem y\u0131lmazAr\u015f.G\u00f6r. Mehmet akif eri\u015fenB\u00f6l\u00fcm 9. Yaban hayat\u0131 muhasebsine genel bir bak\u0131\u015fDr. \u00d6\u011fr. \u00dcyesi cengiz g\u00fcneyB\u00f6l\u00fcm 10. Deniz \u00fcr\u00fcnleri avc\u0131l\u0131\u011f\u0131n\u0131n s\u00fcr\u00fcd\u00fcr\u00fclebilirli\u011finde \u00e7evre muhasebesinin rol\u00fcDr. \u00d6\u011fr. \u00dcyesi f\u0131rat alt\u0131nkaynakB\u00f6l\u00fcm 11. Biyo\u00e7e\u015fitlilik muhasebesi ve sakarya ilinin biyo\u00e7e\u015fitlilik envanteriDr. \u00d6\u011fr. \u00dcyesi cengiz g\u00fcneyB\u00f6l\u00fcm 12. S\u00fcrd\u00fcr\u00fclebilirlik endeksleri: bir incelemeAr\u015f.G\u00f6r. Binali erenDo\u00e7. Dr. Sevin\u00e7 g\u00fcler \u00f6z\u00e7al\u0131kB\u00f6l\u00fcm 13. \u015eehirlerin s\u00fcrd\u00fcr\u00fclebilirli\u011fe katk\u0131s\u0131n\u0131n de\u011ferlendirilmesi : t\u00fcrkiye \u00f6rne\u011fiDr. \u00d6\u011fr. \u00dcyesi filiz y\u00fckselB\u00f6l\u00fcm 14. S\u00fcrd\u00fcr\u00fclebilirlik raporlar\u0131 ve kurumsal y\u00f6netim raporlar\u0131n\u0131n i\u015fletme performans\u0131n\u0131n de\u011ferlendirilmesinde birlikte kullan\u0131labilirli\u011fiDr. \u00d6\u011fr. \u00dcyesi hakan varg\u00fcnB\u00f6l\u00fcm 15. Borsa istanbul\u2019da i\u015flem \u00f6ren \u00fcretim i\u015fletmelerinin faaliyet raporlar\u0131n\u0131n entegre raporlamaya uygunlu\u011fuAr\u015f. G\u00f6r. Melek c\u0131b\u0131rDo. Dr. \u015eule y\u0131ld\u0131z<\/p>\n","protected":false},"excerpt":{"rendered":"<p>\u0130\u00e7indekilerB\u00f6l\u00fcm 1. \u00c7evre muhasebesi \u00e7al\u0131\u015fmalar\u0131n\u0131n bibliyometrik analiziDr. \u00d6\u011fr. \u00dcyesi z\u00fclk\u00fcf \u00e7evikAr\u015f. G\u00f6r. Dr.Abd\u00fcssamed Ko\u00e7B\u00f6l\u00fcm 2. \u00c7evre muhasebesi alan\u0131nda t\u00fcrkiye\u2019de yap\u0131lan lisans\u00fcst\u00fc tezler \u00fczerine bir de\u011ferlendirmeDr. \u00d6\u011fr.<span class=\"excerpt-hellip\"> [\u2026]<\/span><\/p>\n","protected":false},"featured_media":0,"template":"","meta":{"_monsterinsights_skip_tracking":false,"_monsterinsights_sitenote_active":false,"_monsterinsights_sitenote_note":"","_monsterinsights_sitenote_category":0},"product_brand":[],"product_cat":[13043,14381],"product_tag":[],"class_list":{"0":"post-727866","1":"product","2":"type-product","3":"status-publish","5":"product_cat-ekonomi","6":"product_cat-isletme-muhasebe-maliye","7":"pa_cilt-ciltsiz","8":"pa_tur-kitap","9":"pa_yayinevi-gazi-kitabevi","10":"pa_yazar-ahmet-vecdi-can","12":"first","13":"instock","14":"sale","15":"shipping-taxable","16":"purchasable","17":"product-type-simple"},"_links":{"self":[{"href":"https:\/\/roveyayinevi.com.tr\/index.php\/wp-json\/wp\/v2\/product\/727866","targetHints":{"allow":["GET"]}}],"collection":[{"href":"https:\/\/roveyayinevi.com.tr\/index.php\/wp-json\/wp\/v2\/product"}],"about":[{"href":"https:\/\/roveyayinevi.com.tr\/index.php\/wp-json\/wp\/v2\/types\/product"}],"wp:attachment":[{"href":"https:\/\/roveyayinevi.com.tr\/index.php\/wp-json\/wp\/v2\/media?parent=727866"}],"wp:term":[{"taxonomy":"product_brand","embeddable":true,"href":"https:\/\/roveyayinevi.com.tr\/index.php\/wp-json\/wp\/v2\/product_brand?post=727866"},{"taxonomy":"product_cat","embeddable":true,"href":"https:\/\/roveyayinevi.com.tr\/index.php\/wp-json\/wp\/v2\/product_cat?post=727866"},{"taxonomy":"product_tag","embeddable":true,"href":"https:\/\/roveyayinevi.com.tr\/index.php\/wp-json\/wp\/v2\/product_tag?post=727866"}],"curies":[{"name":"wp","href":"https:\/\/api.w.org\/{rel}","templated":true}]}}