{"id":727859,"date":"2025-08-27T20:29:39","date_gmt":"2025-08-27T17:29:39","guid":{"rendered":"https:\/\/roveyayinevi.com.tr\/index.php\/urun\/k-orona-gunlerinde-mahpusluk\/"},"modified":"2026-01-29T03:04:38","modified_gmt":"2026-01-29T00:04:38","slug":"k-orona-gunlerinde-mahpusluk","status":"publish","type":"product","link":"https:\/\/roveyayinevi.com.tr\/index.php\/urun\/k-orona-gunlerinde-mahpusluk\/","title":{"rendered":"K orona G\u00fcnlerinde Mahpusluk"},"content":{"rendered":"<p>\u201cVirs, kara kargalar, tabut gibi bir \u00e7at\u0131. Her \u015feyin \u00f6l\u00fcm\u00fc hat\u0131rlatt\u0131\u011f\u0131 bir ortam. Korku filminde kullan\u0131labilecek metaforlar\u0131n \u00e7o\u011fu mevcut. Lakin film o kadar yava\u015f ilerliyor ki, seyreden filmden kopuyor ya da her g\u00fcn ayn\u0131 filmi seyreden insan\u0131n art\u0131k \u00fcrperecek sahne bulamamas\u0131, her sahneyi \u00e7\u00f6zd\u00fc\u011f\u00fc i\u00e7in korkmamas\u0131 gibi bir durum ya\u015fan\u0131yor. Hapishanenin \u015fimdiki halinin uyand\u0131rd\u0131\u011f\u0131 da b\u00f6yle bir his. Bir tabutun i\u00e7inde ya\u015fad\u0131\u011f\u0131n\u0131z\u0131 d\u00fc\u015f\u00fcn\u00fcyorsunuz, le\u015f kargalar\u0131 d\u00f6nenip duruyor tepenizde ve d\u00fcnyan\u0131n en kolay bula\u015fan \u00f6l\u00fcmc\u00fcl virs\u00fc sizi bulabilir. Ama korkmuyorsunuz&#8230;\u201d Erol Zavar \u201cK*orona g\u00fcnlerinde i\u00e7eride olan g\u00fczel insanlar\u0131 unutmay\u0131n, d\u0131\u015far\u0131da ya\u011fmur ya\u011fsa i\u00e7eride zemheri oluyor, bizden \u00e7ok daha zor ko\u015fullarda ya\u015fama tutunmaya \u00e7al\u0131\u015f\u0131yorlar\u2026\u201d Adil Okay \u201cSevgili Adil Okay\u2019\u0131n bu \u00e7a\u011fr\u0131s\u0131 ne kadar \u00f6nemli demi\u015ftim kendi kendime. \u0130nsan haklar\u0131 alan\u0131nda \u00e7al\u0131\u015fan birisi olarak bilgi ve birikimim do\u011frultusunda yazmam\u0131 istedi\u011finde de hemen kabul ettim. Okay\u2019\u0131n kurucular\u0131 aras\u0131nda yer ald\u0131\u011f\u0131 G\u00f6r\u00fclm\u00fc\u015ft\u00fcr Kolektifi\u2019nin 10 y\u0131ld\u0131r yapt\u0131\u011f\u0131 o kadar \u00f6nemli \u015feyler var ki. Bildi\u011fimiz klasik sivil toplum kurulu\u015fu kal\u0131plar\u0131n\u0131 y\u0131karak gayet devrimci bir \u00f6*rg\u00fctlenmeyle yapt\u0131klar\u0131 i\u015flere hep sayg\u0131 duydum. Benim de bir yaz\u0131yla katk\u0131 sundu\u011fum, \u2018K*orona G\u00fcnlerinde Mahpusluk\u2019 adl\u0131 bu kitap, inan\u0131lmaz bir eme\u011fin \u00fcr\u00fcn\u00fc. G\u00f6r\u00fclm\u00fc\u015ft\u00fcr Emek\u00e7ileri bir Demokratik Kitle \u00d6*rg\u00fct\u00fc gibi \u00e7al\u0131\u015farak, b\u00fct\u00fcn deneyimlerini de kullanarak \u00e7ok \u00f6nemli bir \u00e7al\u0131\u015fmaya daha imza atm\u0131\u015f. Yine b\u00fct\u00fcn duvarlar ortadan kald\u0131r\u0131lmaya \u00e7al\u0131\u015f\u0131lm\u0131\u015f, i\u00e7eridekiler ve d\u0131\u015far\u0131dakiler bulu\u015fturulmu\u015f. G\u00fczel y\u00fcrekli insanlar\u0131n ak\u0131l ve vicdanlar\u0131n\u0131n bulu\u015fmas\u0131 diyorum buna ben\u2026\u201d <\/p>\n","protected":false},"excerpt":{"rendered":"<p>\u201cVirs, kara kargalar, tabut gibi bir \u00e7at\u0131. Her \u015feyin \u00f6l\u00fcm\u00fc hat\u0131rlatt\u0131\u011f\u0131 bir ortam. Korku filminde kullan\u0131labilecek metaforlar\u0131n \u00e7o\u011fu mevcut. Lakin film o kadar yava\u015f ilerliyor ki,<span class=\"excerpt-hellip\"> [\u2026]<\/span><\/p>\n","protected":false},"featured_media":0,"template":"","meta":{"_monsterinsights_skip_tracking":false,"_monsterinsights_sitenote_active":false,"_monsterinsights_sitenote_note":"","_monsterinsights_sitenote_category":0},"product_brand":[],"product_cat":[13059,12337],"product_tag":[],"class_list":{"0":"post-727859","1":"product","2":"type-product","3":"status-publish","5":"product_cat-diger-politika-siyaset","6":"product_cat-politika-siyaset","7":"pa_cilt-ciltsiz","8":"pa_tur-kitap","9":"pa_yayinevi-utopya-yayinevi","10":"pa_yazar-utopya-yayinevi-kolektif","12":"first","13":"instock","14":"sale","15":"shipping-taxable","16":"purchasable","17":"product-type-simple"},"_links":{"self":[{"href":"https:\/\/roveyayinevi.com.tr\/index.php\/wp-json\/wp\/v2\/product\/727859","targetHints":{"allow":["GET"]}}],"collection":[{"href":"https:\/\/roveyayinevi.com.tr\/index.php\/wp-json\/wp\/v2\/product"}],"about":[{"href":"https:\/\/roveyayinevi.com.tr\/index.php\/wp-json\/wp\/v2\/types\/product"}],"wp:attachment":[{"href":"https:\/\/roveyayinevi.com.tr\/index.php\/wp-json\/wp\/v2\/media?parent=727859"}],"wp:term":[{"taxonomy":"product_brand","embeddable":true,"href":"https:\/\/roveyayinevi.com.tr\/index.php\/wp-json\/wp\/v2\/product_brand?post=727859"},{"taxonomy":"product_cat","embeddable":true,"href":"https:\/\/roveyayinevi.com.tr\/index.php\/wp-json\/wp\/v2\/product_cat?post=727859"},{"taxonomy":"product_tag","embeddable":true,"href":"https:\/\/roveyayinevi.com.tr\/index.php\/wp-json\/wp\/v2\/product_tag?post=727859"}],"curies":[{"name":"wp","href":"https:\/\/api.w.org\/{rel}","templated":true}]}}