{"id":727841,"date":"2025-08-27T20:29:25","date_gmt":"2025-08-27T17:29:25","guid":{"rendered":"https:\/\/roveyayinevi.com.tr\/index.php\/urun\/ogretim-teknolojileri-baglaminda-egitimde-sosyal-medya-araclarinin-kullanimi\/"},"modified":"2026-04-16T02:35:27","modified_gmt":"2026-04-15T23:35:27","slug":"ogretim-teknolojileri-baglaminda-egitimde-sosyal-medya-araclarinin-kullanimi","status":"publish","type":"product","link":"https:\/\/roveyayinevi.com.tr\/index.php\/urun\/ogretim-teknolojileri-baglaminda-egitimde-sosyal-medya-araclarinin-kullanimi\/","title":{"rendered":"\u00d6\u011fretim Teknolojileri Ba\u011flam\u0131nda E\u011fitimde Sosyal Medya Ara\u00e7lar\u0131n\u0131n Kullan\u0131m\u0131"},"content":{"rendered":"<p>\u0130\u00e7inde bulundu\u011fumuz 21. Y\u00fczy\u0131lda \u00e7ok h\u0131zl\u0131 de\u011fi\u015fmeler meydana gelmektedir. Bu h\u0131zl\u0131 de\u011fi\u015fimlerin ba\u015f\u0131nda da teknoloji gelmektedir. Teknoloji h\u0131zla geli\u015ftik\u00e7e di\u011fer alanlarda geli\u015fmekte ve bu durum kar\u015f\u0131l\u0131kl\u0131 olarak devam etmektedir.Teknolojideki de\u011fi\u015fim ve geli\u015fim bilim, sanayi, tar\u0131m, ekonomi vb. alanlar\u0131 etkiledi\u011fi gibi e\u011fitim alan\u0131n\u0131 da etkilemektedir. E\u011fitimde teknoloji kullan\u0131m\u0131 her ge\u00e7en g\u00fcn artmakta ve bu alanda yap\u0131lan \u00e7al\u0131\u015fmalarda artmaktad\u0131r. Devletlerin e\u011fitim bakanl\u0131klar\u0131 teknolojinin e\u011fitime entegre edilmesine, kullan\u0131lmas\u0131na ve yayg\u0131nla\u015ft\u0131r\u0131lmas\u0131na y\u00f6nelik politikalar uygulamaktad\u0131r.\u00dclkemizde de teknolojinin e\u011fitim s\u00fcre\u00e7lerinde kullan\u0131lmas\u0131na y\u00f6nelik giri\u015fimlerde bulunulmu\u015f, ancak devam\u0131 getirilememi\u015ftir. Yine e\u011fitim fak\u00fcltelerinde \u00d6\u011fretim Teknolojileri ve Materyal Tasar\u0131m\u0131 dersi \u00d6\u011fretim Teknolojileri dersi olarak de\u011fi\u015ftirilerek dijital okuryazarl\u0131k becerilerini kazand\u0131rma d\u00fc\u015f\u00fcn\u00fclmektedir.<\/p>\n","protected":false},"excerpt":{"rendered":"<p>\u0130\u00e7inde bulundu\u011fumuz 21. Y\u00fczy\u0131lda \u00e7ok h\u0131zl\u0131 de\u011fi\u015fmeler meydana gelmektedir. Bu h\u0131zl\u0131 de\u011fi\u015fimlerin ba\u015f\u0131nda da teknoloji gelmektedir. Teknoloji h\u0131zla geli\u015ftik\u00e7e di\u011fer alanlarda geli\u015fmekte ve bu durum kar\u015f\u0131l\u0131kl\u0131<span class=\"excerpt-hellip\"> [\u2026]<\/span><\/p>\n","protected":false},"featured_media":0,"template":"","meta":{"_monsterinsights_skip_tracking":false,"_monsterinsights_sitenote_active":false,"_monsterinsights_sitenote_note":"","_monsterinsights_sitenote_category":0},"product_brand":[],"product_cat":[12573,12566],"product_tag":[],"class_list":{"0":"post-727841","1":"product","2":"type-product","3":"status-publish","5":"product_cat-akademik-kitaplar","6":"product_cat-egitim","7":"pa_cilt-ciltsiz","8":"pa_tur-kitap","9":"pa_yayinevi-egiten-kitap","10":"pa_yazar-erhan-yaylak","12":"first","13":"instock","14":"sale","15":"shipping-taxable","16":"purchasable","17":"product-type-simple"},"_links":{"self":[{"href":"https:\/\/roveyayinevi.com.tr\/index.php\/wp-json\/wp\/v2\/product\/727841","targetHints":{"allow":["GET"]}}],"collection":[{"href":"https:\/\/roveyayinevi.com.tr\/index.php\/wp-json\/wp\/v2\/product"}],"about":[{"href":"https:\/\/roveyayinevi.com.tr\/index.php\/wp-json\/wp\/v2\/types\/product"}],"wp:attachment":[{"href":"https:\/\/roveyayinevi.com.tr\/index.php\/wp-json\/wp\/v2\/media?parent=727841"}],"wp:term":[{"taxonomy":"product_brand","embeddable":true,"href":"https:\/\/roveyayinevi.com.tr\/index.php\/wp-json\/wp\/v2\/product_brand?post=727841"},{"taxonomy":"product_cat","embeddable":true,"href":"https:\/\/roveyayinevi.com.tr\/index.php\/wp-json\/wp\/v2\/product_cat?post=727841"},{"taxonomy":"product_tag","embeddable":true,"href":"https:\/\/roveyayinevi.com.tr\/index.php\/wp-json\/wp\/v2\/product_tag?post=727841"}],"curies":[{"name":"wp","href":"https:\/\/api.w.org\/{rel}","templated":true}]}}