{"id":727832,"date":"2025-08-27T20:29:17","date_gmt":"2025-08-27T17:29:17","guid":{"rendered":"https:\/\/roveyayinevi.com.tr\/index.php\/urun\/gokdeniz-dunya-turunda-2-2-sinif-okuma-seti-10-kitap-takim\/"},"modified":"2026-04-16T02:35:27","modified_gmt":"2026-04-15T23:35:27","slug":"gokdeniz-dunya-turunda-2-2-sinif-okuma-seti-10-kitap-takim","status":"publish","type":"product","link":"https:\/\/roveyayinevi.com.tr\/index.php\/urun\/gokdeniz-dunya-turunda-2-2-sinif-okuma-seti-10-kitap-takim\/","title":{"rendered":"G\u00f6kdeniz D\u00fcnya Turunda 2 &#8211; 2.S\u0131n\u0131f Okuma Seti (10 Kitap Tak\u0131m)"},"content":{"rendered":"<p>G\u00f6zlerini kapatarak g\u00f6rebilir misin? Ya da g\u00f6zlerin kapal\u0131yken d\u00fcnyay\u0131 gezebilir misin?D\u00fcnyan\u0131n en iyi iki rehberiyle birlikte, hareketli bir s\u0131n\u0131f ve anlay\u0131\u015fl\u0131 bir \u00f6\u011fretmen.S\u00fcrekli b\u00fcy\u00fcyen bir sevgi ve her hik\u00e2yede artan heyecan.Gezmek ve g\u00f6rmek i\u00e7in g\u00f6zlerinin a\u00e7\u0131k olmas\u0131na gerek yok. Hayal g\u00fcc\u00fcnde s\u0131n\u0131r olmad\u0131\u011f\u0131n\u0131, e\u011flenmek ve \u00f6\u011frenmek i\u00e7in gerekli malzemelerin sende sakl\u0131 oldu\u011funu ke\u015ffet.Haydi s\u0131ra sende, sen de kapat g\u00f6zlerini&#8230;Setteki Kitaplar\u00c7in Seddi Yollar\u0131nda PekinD\u00fcnyaya A\u00e7\u0131l\u0131yoruz EdinburgG\u00f6kdeniz Radyoda Kud\u00fcsI\u015f\u0131k \u015e\u00f6leni OttavaKanguru \u00dclkesi SydneyMacera Ba\u015fl\u0131yor Yeni DelhiMasa Da\u011f\u0131 Maceras\u0131 Cape TownRehberler Gizli G\u00f6revde PyongyangYeni Bir Rehber SaraybosnaYery\u00fcz\u00fc Gezginleri Meksiko<\/p>\n","protected":false},"excerpt":{"rendered":"<p>G\u00f6zlerini kapatarak g\u00f6rebilir misin? Ya da g\u00f6zlerin kapal\u0131yken d\u00fcnyay\u0131 gezebilir misin?D\u00fcnyan\u0131n en iyi iki rehberiyle birlikte, hareketli bir s\u0131n\u0131f ve anlay\u0131\u015fl\u0131 bir \u00f6\u011fretmen.S\u00fcrekli b\u00fcy\u00fcyen bir sevgi<span class=\"excerpt-hellip\"> [\u2026]<\/span><\/p>\n","protected":false},"featured_media":0,"template":"","meta":{"_monsterinsights_skip_tracking":false,"_monsterinsights_sitenote_active":false,"_monsterinsights_sitenote_note":"","_monsterinsights_sitenote_category":0},"product_brand":[],"product_cat":[12274,12284],"product_tag":[],"class_list":{"0":"post-727832","1":"product","2":"type-product","3":"status-publish","5":"product_cat-cocuk-ve-genclik-kitaplari","6":"product_cat-hikayeler","7":"pa_cilt-takim","8":"pa_tur-kitap","9":"pa_yayinevi-mavi-kirpi-yayinlari","10":"pa_yazar-vildan-ozdemir","12":"first","13":"instock","14":"sale","15":"shipping-taxable","16":"purchasable","17":"product-type-simple"},"_links":{"self":[{"href":"https:\/\/roveyayinevi.com.tr\/index.php\/wp-json\/wp\/v2\/product\/727832","targetHints":{"allow":["GET"]}}],"collection":[{"href":"https:\/\/roveyayinevi.com.tr\/index.php\/wp-json\/wp\/v2\/product"}],"about":[{"href":"https:\/\/roveyayinevi.com.tr\/index.php\/wp-json\/wp\/v2\/types\/product"}],"wp:attachment":[{"href":"https:\/\/roveyayinevi.com.tr\/index.php\/wp-json\/wp\/v2\/media?parent=727832"}],"wp:term":[{"taxonomy":"product_brand","embeddable":true,"href":"https:\/\/roveyayinevi.com.tr\/index.php\/wp-json\/wp\/v2\/product_brand?post=727832"},{"taxonomy":"product_cat","embeddable":true,"href":"https:\/\/roveyayinevi.com.tr\/index.php\/wp-json\/wp\/v2\/product_cat?post=727832"},{"taxonomy":"product_tag","embeddable":true,"href":"https:\/\/roveyayinevi.com.tr\/index.php\/wp-json\/wp\/v2\/product_tag?post=727832"}],"curies":[{"name":"wp","href":"https:\/\/api.w.org\/{rel}","templated":true}]}}