{"id":727809,"date":"2025-08-27T20:28:24","date_gmt":"2025-08-27T17:28:24","guid":{"rendered":"https:\/\/roveyayinevi.com.tr\/index.php\/urun\/hepimiz-ayni-belediye-otobusundeyiz\/"},"modified":"2026-04-16T02:35:27","modified_gmt":"2026-04-15T23:35:27","slug":"hepimiz-ayni-belediye-otobusundeyiz","status":"publish","type":"product","link":"https:\/\/roveyayinevi.com.tr\/index.php\/urun\/hepimiz-ayni-belediye-otobusundeyiz\/","title":{"rendered":"Hepimiz Ayn\u0131 Belediye Otob\u00fcs\u00fcndeyiz"},"content":{"rendered":"<p>NE YAPTI\u011eIMIZI B\u0130LMEZSEK, NE YAPACA\u011eIMIZI NASIL B\u0130LEB\u0130L\u0130R\u0130Z? 2011\u2019de \u201cAKP Neden Kazan\u0131r? CHP Neden Kaybeder?\u201d diye bir kitap yazm\u0131\u015ft\u0131m. O kitapta yazd\u0131\u011f\u0131m strateji ve kampanya dilini 2019\u2019da \u00fclke genelinde uygulama \u015fans\u0131 buldum. CHP\u2019nin Yerel Se\u00e7im Kampanya Ba\u015fkan\u0131 \u00fcnvan\u0131yla y\u00fczden fazla se\u00e7im b\u00f6lgesinde, o se\u00e7im b\u00f6lgelerine \u00f6zel ileti\u015fim yapan b\u00fcy\u00fck bir ekibi y\u00f6nettim. CHP\u2019nin \u201cDiyalektik \u0130leti\u015fim\u201di terk edip, \u201cDiyalojik \u0130leti\u015fim\u201de ge\u00e7mesine \u00e7al\u0131\u015ft\u0131m. Perakende sekt\u00f6r\u00fcnde ticari markalar\u0131n reklamlar\u0131n\u0131 yaparken edindi\u011fim deneyimleri, yirmi y\u0131ld\u0131r \u00e7al\u0131\u015ft\u0131\u011f\u0131m \u00e7e\u015fitli sosyal siyasal kampanyalarda \u00f6\u011frendiklerimle birle\u015ftirdim. Tek bir s\u00f6ze, tek bir g\u00f6rsele indirgenemeyecek \u00e7ok boyutlu bir kampanyan\u0131n y\u00f6neticisi oldum. Elinizdeki kitap i\u015fte bu kampanya s\u00fcrecini ve biraz da fazlas\u0131n\u0131 anlat\u0131yor. Bizden \u00e7ok \u00f6nce do\u011fan ve bizden binlerce y\u0131l sonra da devam edecek olan \u201cs\u00f6z\u201de ufak bir katk\u0131s\u0131 olur belki. Ate\u015f \u0130lyas Ba\u015fsoy \u201c\u00c7ok be\u011fendim. \u00d6zellikle kitab\u0131n i\u00e7indeki vefa duygusu beni yakalad\u0131. Ke\u015fke b\u00f6yle kitaplar\u0131 herkes okusa.\u201d M\u00fcjdat Gezen \u201cOkuyacaks\u0131n\u0131z bu kitab\u0131 okuyun. Umutsuzlu\u011fu b\u0131rak\u0131p, yar\u0131nlara iyimserlikle bakacaks\u0131n\u0131z. Ba\u015flang\u0131\u00e7ta bir siyaset kitab\u0131 okuyaca\u011f\u0131m\u0131 san\u0131yordum. T\u00fcrkiye i\u00e7in yaz\u0131lm\u0131\u015f bir a\u015fk roman\u0131 ve ayn\u0131 anda, her nas\u0131lsa, bir siyasal tarih ansiklopedisi okudum.\u201d Prof. Dr. Haluk \u015eahin \u201cBa\u015fsoy bu kitapla ileti\u015fim, sosyal psikoloji, siyaset felsefesi ve siyaset bilimini akademiden sahaya indirmiyor, do\u011frudan sahada bir akademi kuruyor. G\u00f6rkemli bir T\u00fcrkiye projesi.\u201d Prof. Dr. \u00c7etin Balanuye \u201cT\u00fcrkiye\u2019de giderek artan bir s\u0131k\u0131\u015fm\u0131\u015fl\u0131k stresi i\u00e7inde debelendi\u011fimiz s\u00fcrece bamba\u015fka bir a\u00e7\u0131yla bakmak ister misiniz? Ba\u015fsoy karma\u015f\u0131k konular\u0131 k\u0131vrak, e\u011flenceli ve anla\u015f\u0131l\u0131r bir dille, \u00e7ocu\u011fa anlat\u0131r gibi anlat\u0131yor. Bir solukta okudum.\u201d Serdar Akinan \u201cHerhangi bir markan\u0131n ileti\u015fiminin bir taraf\u0131ndan tutuyorsan\u0131z, \u00f6\u011frenciyseniz veya merakl\u0131 bir se\u00e7menseniz bu kitab\u0131 okuyun. T\u00fcrkiye\u2019yi farkl\u0131 bir taraf\u0131ndan tan\u0131m\u0131\u015f olacaks\u0131n\u0131z.\u201d Cahit I\u015f\u0131k \u201cAte\u015f m\u00fcthi\u015f zeki bir ileti\u015fimci. Bu kitapta da sadece se\u00e7im kazanma yolculu\u011funu okumuyorsunuz: Edebiyattan, sosyolojiden, psikolojiden, felsefeden, i\u015f d\u00fcnyas\u0131ndan, sanattan, hatta m\u00fczikten referanslarla \u00e7ok \u015fey \u00f6\u011freniyorsunuz\u201d \u0130dil T\u00fcrkmeno\u011flu \u201cBu t\u00fcr \u00e7al\u0131\u015fmalar siyasilere ilham verir.\u201d \u0130hsan Akta\u015f \u201cAte\u015f \u0130lyas Ba\u015fsoy bir kitap yazd\u0131ysa, mutlaka okumak gerekir.\u201d Veli Sa\u00e7\u0131l\u0131k \u201cSiyasete uzaktan yak\u0131ndan ilgi duyanlar, ger\u00e7ek ile alg\u0131 aras\u0131ndaki yolculu\u011fu merak edenler ve tabii ki gen\u00e7ler bu kitab\u0131 okumal\u0131.\u201d Prof. Dr. Sel\u00e7uk \u015eirin \u201cAlt\u0131n\u0131 \u00e7izerek okumak istedim ama bir s\u00fcre sonra her c\u00fcmlenin alt\u0131n\u0131 \u00e7izdi\u011fimi fark edip kalemi b\u0131rakt\u0131m.\u201d \u00d6zg\u00fcr Ba\u015fp\u0131nar Akt\u00fck\u00fcn \u201cRahmetli Kemal Tahir, O\u011fuz Atay, \u0130dris K\u00fc\u00e7\u00fck\u00f6mer ve Cemil Meri\u00e7\u2019in ilgiyle okuyacaklar\u0131 bir kitap. Siyasi fikriniz ne olursa olsun, T\u00fcrkiye\u2019yi anlamak i\u00e7in bu kitab\u0131 mutlaka okuyun.\u201d Tuna Kiremit\u00e7i <\/p>\n","protected":false},"excerpt":{"rendered":"<p>NE YAPTI\u011eIMIZI B\u0130LMEZSEK, NE YAPACA\u011eIMIZI NASIL B\u0130LEB\u0130L\u0130R\u0130Z? 2011\u2019de \u201cAKP Neden Kazan\u0131r? CHP Neden Kaybeder?\u201d diye bir kitap yazm\u0131\u015ft\u0131m. O kitapta yazd\u0131\u011f\u0131m strateji ve kampanya dilini 2019\u2019da<span class=\"excerpt-hellip\"> [\u2026]<\/span><\/p>\n","protected":false},"featured_media":0,"template":"","meta":{"_monsterinsights_skip_tracking":false,"_monsterinsights_sitenote_active":false,"_monsterinsights_sitenote_note":"","_monsterinsights_sitenote_category":0},"product_brand":[],"product_cat":[31194,12337],"product_tag":[],"class_list":{"0":"post-727809","1":"product","2":"type-product","3":"status-publish","5":"product_cat-guncel-siyaset","6":"product_cat-politika-siyaset","7":"pa_cilt-ciltsiz","8":"pa_tur-kitap","9":"pa_yayinevi-ayrinti-yayinlari","10":"pa_yazar-ates-ilyas-bassoy","12":"first","13":"instock","14":"sale","15":"shipping-taxable","16":"purchasable","17":"product-type-simple"},"_links":{"self":[{"href":"https:\/\/roveyayinevi.com.tr\/index.php\/wp-json\/wp\/v2\/product\/727809","targetHints":{"allow":["GET"]}}],"collection":[{"href":"https:\/\/roveyayinevi.com.tr\/index.php\/wp-json\/wp\/v2\/product"}],"about":[{"href":"https:\/\/roveyayinevi.com.tr\/index.php\/wp-json\/wp\/v2\/types\/product"}],"wp:attachment":[{"href":"https:\/\/roveyayinevi.com.tr\/index.php\/wp-json\/wp\/v2\/media?parent=727809"}],"wp:term":[{"taxonomy":"product_brand","embeddable":true,"href":"https:\/\/roveyayinevi.com.tr\/index.php\/wp-json\/wp\/v2\/product_brand?post=727809"},{"taxonomy":"product_cat","embeddable":true,"href":"https:\/\/roveyayinevi.com.tr\/index.php\/wp-json\/wp\/v2\/product_cat?post=727809"},{"taxonomy":"product_tag","embeddable":true,"href":"https:\/\/roveyayinevi.com.tr\/index.php\/wp-json\/wp\/v2\/product_tag?post=727809"}],"curies":[{"name":"wp","href":"https:\/\/api.w.org\/{rel}","templated":true}]}}