{"id":727796,"date":"2025-08-27T20:28:12","date_gmt":"2025-08-27T17:28:12","guid":{"rendered":"https:\/\/roveyayinevi.com.tr\/index.php\/urun\/zihin-odakli-ebeveynlik\/"},"modified":"2026-04-16T02:35:26","modified_gmt":"2026-04-15T23:35:26","slug":"zihin-odakli-ebeveynlik","status":"publish","type":"product","link":"https:\/\/roveyayinevi.com.tr\/index.php\/urun\/zihin-odakli-ebeveynlik\/","title":{"rendered":"Zihin Odakl\u0131 Ebeveynlik"},"content":{"rendered":"<p>\u00c7ocuk geli\u015fimi uzun y\u0131llara yay\u0131lan ve asl\u0131nda k\u00fc\u00e7\u00fck bir insandan yeti\u015fkin bir bireyin ortaya \u00e7\u0131kma ser\u00fcveni olarak g\u00f6r\u00fclebilecek uzun bir yolculuktur. Bu yolculukta \u00e7ocuk ka\u00e7\u0131n\u0131lmaz olarak ini\u015f \u00e7\u0131k\u0131\u015flar ya\u015far. Hayat\u0131n zorlay\u0131c\u0131 taraflar\u0131, geli\u015fme s\u00fcrecinin olas\u0131 problemleri, beklenmedik durumlar, aile i\u00e7i \u00e7\u00f6z\u00fclmeler, hatta kay\u0131p, sava\u015f g\u00f6\u00e7 gibi travmatik olaylar\u2026 \u00c7ocuk bu e\u015fiklerden ge\u00e7erken ona e\u015flik eden ebeveyne de b\u00fcy\u00fck i\u015f d\u00fc\u015fer.\u00c7ocu\u011funuzun ya\u015fad\u0131\u011f\u0131 olaylar kar\u015f\u0131s\u0131ndaki ruh halini kavrayamamak ona yeterince iyi ebeveynlik edememenize yol a\u00e7abilir. Ama onun ne ya\u015fad\u0131\u011f\u0131n\u0131 ne kadar fark eder ve anlarsan\u0131z g\u00f6r\u00fc\u015f\u00fcn\u00fcz o kadar netle\u015fir. Zihin odakl\u0131 bir yakla\u015f\u0131m, \u00e7ocu\u011funuz her ne ya\u015f\u0131yorsa ona nezaketle ve ku\u015fat\u0131c\u0131 ve ak\u0131lc\u0131 bir bak\u0131\u015f a\u00e7\u0131s\u0131yla yakla\u015fman\u0131z\u0131 sa\u011flar. B\u00f6ylece \u00e7ocu\u011funuzun geli\u015fiminin \u00f6n\u00fcn\u00fc a\u00e7m\u0131\u015f olursunuz.Dr. Joanna North i\u015fte buradan hareketle bu yorucu ama keyifli yolculukta bak\u0131\u015f a\u00e7\u0131n\u0131z\u0131 netle\u015ftirecek bir model \u00f6neriyor.Bu model, sizi ebeveynlik teknikleriyle de\u011fil, bir ebeveynlik felsefesiyle tan\u0131\u015ft\u0131r\u0131yor. Her duruma uygulanabilir mutlak \u00e7\u00f6z\u00fcmler yerine, \u00e7ocu\u011fun ihtiya\u00e7 duyabilece\u011fi duygusal destek t\u00fcrlerinin daha fazla fark\u0131na varman\u0131za yard\u0131mc\u0131 olmay\u0131 ama\u00e7l\u0131yor. \u00c7ocu\u011funuzun zor zamanlarda bile g\u00fc\u00e7l\u00fc ve diren\u00e7 kabiliyeti y\u00fcksek bir zihin geli\u015ftirmesine destek olman\u0131z\u0131 hedefliyor.Dr. North geli\u015fim psikolojisi, dan\u0131\u015fmanl\u0131k teorileri, psikoterapi, sosyoloji gibi disiplinlerin yan\u0131nda, \u00e7ocuklar ve aileleriyle otuz y\u0131l\u0131 a\u015fk\u0131n s\u00fcredir y\u00fcr\u00fctt\u00fc\u011f\u00fc \u00e7al\u0131\u015fmalardan da yararlan\u0131yor.Zihin Odakl\u0131 Ebeveynlik, \u00e7ocuklar\u0131na destek olmak ve sa\u011fl\u0131kl\u0131 geli\u015fimlerine yard\u0131mc\u0131 olmak isteyen herkes i\u00e7in bir ba\u015fucu kitab\u0131\u2026<\/p>\n","protected":false},"excerpt":{"rendered":"<p>\u00c7ocuk geli\u015fimi uzun y\u0131llara yay\u0131lan ve asl\u0131nda k\u00fc\u00e7\u00fck bir insandan yeti\u015fkin bir bireyin ortaya \u00e7\u0131kma ser\u00fcveni olarak g\u00f6r\u00fclebilecek uzun bir yolculuktur. Bu yolculukta \u00e7ocuk ka\u00e7\u0131n\u0131lmaz olarak<span class=\"excerpt-hellip\"> [\u2026]<\/span><\/p>\n","protected":false},"featured_media":0,"template":"","meta":{"_monsterinsights_skip_tracking":false,"_monsterinsights_sitenote_active":false,"_monsterinsights_sitenote_note":"","_monsterinsights_sitenote_category":0},"product_brand":[],"product_cat":[12679,12357],"product_tag":[],"class_list":{"0":"post-727796","1":"product","2":"type-product","3":"status-publish","5":"product_cat-cocuk-psikolojisi","6":"product_cat-psikoloji","7":"pa_cilt-ciltsiz","8":"pa_tur-kitap","9":"pa_yayinevi-timas-yayinlari","10":"pa_yazar-joanna-north","12":"first","13":"instock","14":"sale","15":"shipping-taxable","16":"purchasable","17":"product-type-simple"},"_links":{"self":[{"href":"https:\/\/roveyayinevi.com.tr\/index.php\/wp-json\/wp\/v2\/product\/727796","targetHints":{"allow":["GET"]}}],"collection":[{"href":"https:\/\/roveyayinevi.com.tr\/index.php\/wp-json\/wp\/v2\/product"}],"about":[{"href":"https:\/\/roveyayinevi.com.tr\/index.php\/wp-json\/wp\/v2\/types\/product"}],"wp:attachment":[{"href":"https:\/\/roveyayinevi.com.tr\/index.php\/wp-json\/wp\/v2\/media?parent=727796"}],"wp:term":[{"taxonomy":"product_brand","embeddable":true,"href":"https:\/\/roveyayinevi.com.tr\/index.php\/wp-json\/wp\/v2\/product_brand?post=727796"},{"taxonomy":"product_cat","embeddable":true,"href":"https:\/\/roveyayinevi.com.tr\/index.php\/wp-json\/wp\/v2\/product_cat?post=727796"},{"taxonomy":"product_tag","embeddable":true,"href":"https:\/\/roveyayinevi.com.tr\/index.php\/wp-json\/wp\/v2\/product_tag?post=727796"}],"curies":[{"name":"wp","href":"https:\/\/api.w.org\/{rel}","templated":true}]}}