{"id":727789,"date":"2025-08-27T20:28:05","date_gmt":"2025-08-27T17:28:05","guid":{"rendered":"https:\/\/roveyayinevi.com.tr\/index.php\/urun\/misket-2\/"},"modified":"2026-04-16T02:35:26","modified_gmt":"2026-04-15T23:35:26","slug":"misket-2","status":"publish","type":"product","link":"https:\/\/roveyayinevi.com.tr\/index.php\/urun\/misket-2\/","title":{"rendered":"Misket"},"content":{"rendered":"<p>Misket\u2019in tek iste\u011fi a\u011fa\u00e7lar\u0131n tepesindeki ya\u015fam\u0131 g\u00f6rmekti. Ormanda dola\u015f\u0131rken,  a\u011fa\u00e7lara t\u0131rmanman\u0131n hayalini kuruyor, a\u011fa\u00e7larda ya\u015fayabilse \u00e7ok mutlu olaca\u011f\u0131n\u0131 d\u00fc\u015f\u00fcn\u00fcyordu. Sonra bir g\u00fcn hayallerini ger\u00e7ekle\u015ftirmeye karar verdi. <\/p>\n","protected":false},"excerpt":{"rendered":"<p>Misket\u2019in tek iste\u011fi a\u011fa\u00e7lar\u0131n tepesindeki ya\u015fam\u0131 g\u00f6rmekti. Ormanda dola\u015f\u0131rken, a\u011fa\u00e7lara t\u0131rmanman\u0131n hayalini kuruyor, a\u011fa\u00e7larda ya\u015fayabilse \u00e7ok mutlu olaca\u011f\u0131n\u0131 d\u00fc\u015f\u00fcn\u00fcyordu. Sonra bir g\u00fcn hayallerini ger\u00e7ekle\u015ftirmeye karar verdi.<\/p>\n","protected":false},"featured_media":0,"template":"","meta":{"_monsterinsights_skip_tracking":false,"_monsterinsights_sitenote_active":false,"_monsterinsights_sitenote_note":"","_monsterinsights_sitenote_category":0},"product_brand":[],"product_cat":[12274,12518],"product_tag":[],"class_list":{"0":"post-727789","1":"product","2":"type-product","3":"status-publish","5":"product_cat-cocuk-ve-genclik-kitaplari","6":"product_cat-okul-oncesi-kitaplar","7":"pa_cilt-ciltsiz","8":"pa_tur-kitap","9":"pa_yayinevi-is-bankasi-kultur-yayinlari","10":"pa_yazar-kelly-canby","12":"first","13":"instock","14":"sale","15":"shipping-taxable","16":"purchasable","17":"product-type-simple"},"_links":{"self":[{"href":"https:\/\/roveyayinevi.com.tr\/index.php\/wp-json\/wp\/v2\/product\/727789","targetHints":{"allow":["GET"]}}],"collection":[{"href":"https:\/\/roveyayinevi.com.tr\/index.php\/wp-json\/wp\/v2\/product"}],"about":[{"href":"https:\/\/roveyayinevi.com.tr\/index.php\/wp-json\/wp\/v2\/types\/product"}],"wp:attachment":[{"href":"https:\/\/roveyayinevi.com.tr\/index.php\/wp-json\/wp\/v2\/media?parent=727789"}],"wp:term":[{"taxonomy":"product_brand","embeddable":true,"href":"https:\/\/roveyayinevi.com.tr\/index.php\/wp-json\/wp\/v2\/product_brand?post=727789"},{"taxonomy":"product_cat","embeddable":true,"href":"https:\/\/roveyayinevi.com.tr\/index.php\/wp-json\/wp\/v2\/product_cat?post=727789"},{"taxonomy":"product_tag","embeddable":true,"href":"https:\/\/roveyayinevi.com.tr\/index.php\/wp-json\/wp\/v2\/product_tag?post=727789"}],"curies":[{"name":"wp","href":"https:\/\/api.w.org\/{rel}","templated":true}]}}