{"id":727788,"date":"2025-08-27T20:28:04","date_gmt":"2025-08-27T17:28:04","guid":{"rendered":"https:\/\/roveyayinevi.com.tr\/index.php\/urun\/can-dostlar\/"},"modified":"2026-04-16T02:35:26","modified_gmt":"2026-04-15T23:35:26","slug":"can-dostlar","status":"publish","type":"product","link":"https:\/\/roveyayinevi.com.tr\/index.php\/urun\/can-dostlar\/","title":{"rendered":"Can Dostlar"},"content":{"rendered":"<p>G\u00fcnlerden bir g\u00fcn sahilde kar\u015f\u0131la\u015fan ve arkada\u015f olan K\u0131y\u0131 ile Lilo, k\u00fc\u00e7\u00fck b\u00fcy\u00fck say\u0131s\u0131z macera ya\u015fad\u0131. Sonbahar geldi\u011finde Lilo uzaklara g\u00f6\u00e7 edece\u011fini s\u00f6yledi\u011fi zaman \u00fcz\u00fclerek vedala\u015ft\u0131lar. Birbirlerini tekrar g\u00f6rebilecekler miydi acaba? Farkl\u0131l\u0131klar\u0131n arkada\u015fl\u0131k kurmaya engel olmad\u0131\u011f\u0131n\u0131 anlatan bir dostluk \u00f6yk\u00fcs\u00fc\u2026 <\/p>\n","protected":false},"excerpt":{"rendered":"<p>G\u00fcnlerden bir g\u00fcn sahilde kar\u015f\u0131la\u015fan ve arkada\u015f olan K\u0131y\u0131 ile Lilo, k\u00fc\u00e7\u00fck b\u00fcy\u00fck say\u0131s\u0131z macera ya\u015fad\u0131. Sonbahar geldi\u011finde Lilo uzaklara g\u00f6\u00e7 edece\u011fini s\u00f6yledi\u011fi zaman \u00fcz\u00fclerek vedala\u015ft\u0131lar.<span class=\"excerpt-hellip\"> [\u2026]<\/span><\/p>\n","protected":false},"featured_media":0,"template":"","meta":{"_monsterinsights_skip_tracking":false,"_monsterinsights_sitenote_active":false,"_monsterinsights_sitenote_note":"","_monsterinsights_sitenote_category":0},"product_brand":[],"product_cat":[12274,12518],"product_tag":[],"class_list":{"0":"post-727788","1":"product","2":"type-product","3":"status-publish","5":"product_cat-cocuk-ve-genclik-kitaplari","6":"product_cat-okul-oncesi-kitaplar","7":"pa_cilt-ciltsiz","8":"pa_tur-kitap","9":"pa_yayinevi-is-bankasi-kultur-yayinlari","10":"pa_yazar-miriam-cordes","12":"first","13":"instock","14":"sale","15":"shipping-taxable","16":"purchasable","17":"product-type-simple"},"_links":{"self":[{"href":"https:\/\/roveyayinevi.com.tr\/index.php\/wp-json\/wp\/v2\/product\/727788","targetHints":{"allow":["GET"]}}],"collection":[{"href":"https:\/\/roveyayinevi.com.tr\/index.php\/wp-json\/wp\/v2\/product"}],"about":[{"href":"https:\/\/roveyayinevi.com.tr\/index.php\/wp-json\/wp\/v2\/types\/product"}],"wp:attachment":[{"href":"https:\/\/roveyayinevi.com.tr\/index.php\/wp-json\/wp\/v2\/media?parent=727788"}],"wp:term":[{"taxonomy":"product_brand","embeddable":true,"href":"https:\/\/roveyayinevi.com.tr\/index.php\/wp-json\/wp\/v2\/product_brand?post=727788"},{"taxonomy":"product_cat","embeddable":true,"href":"https:\/\/roveyayinevi.com.tr\/index.php\/wp-json\/wp\/v2\/product_cat?post=727788"},{"taxonomy":"product_tag","embeddable":true,"href":"https:\/\/roveyayinevi.com.tr\/index.php\/wp-json\/wp\/v2\/product_tag?post=727788"}],"curies":[{"name":"wp","href":"https:\/\/api.w.org\/{rel}","templated":true}]}}