{"id":727751,"date":"2025-08-27T20:27:34","date_gmt":"2025-08-27T17:27:34","guid":{"rendered":"https:\/\/roveyayinevi.com.tr\/index.php\/urun\/deyimler-ve-atasozleri-oykuleri-1\/"},"modified":"2026-04-16T02:35:25","modified_gmt":"2026-04-15T23:35:25","slug":"deyimler-ve-atasozleri-oykuleri-1","status":"publish","type":"product","link":"https:\/\/roveyayinevi.com.tr\/index.php\/urun\/deyimler-ve-atasozleri-oykuleri-1\/","title":{"rendered":"Deyimler ve Atas\u00f6zleri \u00d6yk\u00fcleri &#8211; 1"},"content":{"rendered":"<p>DEY\u0130MLER ve ATAS\u00d6ZLER\u0130 dilimizin en b\u00fcy\u00fck hazineleridir. Uzun deneme ve g\u00f6zlemlere dayan\u0131larak s\u00f6ylenmi\u015f ve halka mal olmu\u015f bu s\u00f6z gruplar\u0131 yaz\u0131lar\u0131m\u0131za ve anlat\u0131mlar\u0131m\u0131za m\u00fcthi\u015f bir renklilik ve canl\u0131l\u0131k katar. Bazen saatlerce anlatmaya \u00e7al\u0131\u015ft\u0131\u011f\u0131m\u0131z bir konu, bir deyim veya atas\u00f6z\u00fc ile bir anda dilimize terc\u00fcman olur. Y\u0131llarca dilimizde dola\u015fan atas\u00f6zlerin ve deyimlerin kayna\u011f\u0131n\u0131 b\u00fcy\u00fck bir merakla ara\u015ft\u0131rarak ilgin\u00e7 \u00f6yk\u00fclerini derledik. Bu kitaptaki \u00f6yk\u00fcleri sizler de keyifle okuyacaks\u0131n\u0131z.   A-B HARFLER\u0130YLE BA\u015eLAYAN DEY\u0130MLER Abay\u0131 yakmak \u2022 Abbas yolcu \u2022 Adam ol baban gibi&#8230;  \u2022 A\u011fz\u0131ndaki baklay\u0131 \u00e7\u0131karmak \u2022 A\u011fz\u0131nla ku\u015f tutsan nafile \u2022 Ahfe\u015f\u2019in ke\u00e7isi gibi ba\u015f sallamak \u2022 Akl\u0131 kesmek \u2022 Al takke, ver k\u00fclah \u2022 Alavere dalavere, Saf Mehmet yine n\u00f6bete \u2022 Ali Cengiz oyunu \u2022 Alt\u0131n yumurtlayan tavu\u011fu kesmek \u2022 Alt\u0131ndan \u00c7apano\u011flu \u00e7\u0131kmak \u2022 Anan\u0131z dert yesin \u2022 Asayi\u015f berkem\u00e2l \u2022 Aslan pay\u0131 \u2022 Ate\u015f pahas\u0131 \u2022 At\u0131 alan \u00dcsk\u00fcdar\u2019\u0131 ge\u00e7ti \u2022 Atma Recep din karde\u015fiyiz \u2022 Ay\u0131kla pirincin ta\u015f\u0131n\u0131 \u2022 Ayn\u0131 yolun yolcusu olmak \u2022 Az m\u0131 getirdim, ge\u00e7 mi getirdim? \u2022 Babandan m\u0131 kald\u0131? \u2022 Ba\u2019de harabi\u2019l-Basra \u2022 Bal\u0131k kava\u011fa \u00e7\u0131k\u0131nca \u2022 Ben oyum! \u2022 Benden sonra tufan \u2022 Bir \u00e7ift s\u00f6z\u00fc kalmak \u2022 Bir ok att\u0131m kebap oldu \u2022 Bize de mi lolo? \u2022 Boru de\u011fil bu \u2022 Boyunun \u00f6l\u00e7\u00fcs\u00fcn\u00fc almak \u2022 B\u00f6yle d\u00fcmd\u00fcz arkada\u015fl\u0131k isterim \u2022 Bu da i\u015f de\u011fil \u2022 Bu d\u00fc\u015f\u00fc\u015f sende, bu bak\u0131\u015f bende iken \u2022 Burnunun dibinde olmak \u2022 Buyrun cenaze namaz\u0131na! A-B HARFLER\u0130YLE BA\u015eLAYAN ATAS\u00d6ZLER\u0130 Acele i\u015fe \u015feytan kar\u0131\u015f\u0131r \u2022 A\u00e7 ay\u0131 oynamaz \u2022 A\u00e7 yatar\u0131m, din\u00e7 yatar\u0131m \u2022 Allah\u2019\u0131n i\u015fine kar\u0131\u015f\u0131lmaz \u2022 Ana hamuru k\u00fc\u00e7\u00fck pi\u015firir, \u00e7ocuklar ekme\u011fi iki a\u015f\u0131r\u0131r \u2022 An\u0131r e\u015fe\u011fim an\u0131r, ad\u0131n deftere ge\u00e7ti \u2022 Anlad\u0131k yel de\u011firmeni ama suyu nerden geliyor? \u2022 Aslan yatt\u0131\u011f\u0131 yerden belli olur \u2022 Aya\u011f\u0131n\u0131 yorgan\u0131na g\u00f6re uzat \u2022 Ayran i\u00e7tik, birbirimize ge\u00e7tik \u2022 Az olsun temiz olsun \u2022 Bal tutan parma\u011f\u0131n\u0131 yalar \u2022 Bal\u0131k ba\u015ftan kokar \u2022 Bal\u0131k bilmezse, H\u00e2l\u0131k bilir \u2022 Bast\u0131\u011f\u0131 yerde ot bitmez \u2022 Ben \u015fah\u0131m\u0131 buraya kadar severim \u2022 Ben yanar\u0131m yavruma, yavrum da yanar yavrusuna \u2022 Beterin beteri var \u2022 Beylik \u00e7e\u015fmesinden su i\u00e7me \u2022 Bu ba\u015f bizim olsun da, t\u0131ra\u015f\u0131 sonra d\u00fc\u015f\u00fcn\u00fcr\u00fcz \u2022 Bu kadar kusur kad\u0131 k\u0131z\u0131nda da bulunur. <\/p>\n","protected":false},"excerpt":{"rendered":"<p>DEY\u0130MLER ve ATAS\u00d6ZLER\u0130 dilimizin en b\u00fcy\u00fck hazineleridir. Uzun deneme ve g\u00f6zlemlere dayan\u0131larak s\u00f6ylenmi\u015f ve halka mal olmu\u015f bu s\u00f6z gruplar\u0131 yaz\u0131lar\u0131m\u0131za ve anlat\u0131mlar\u0131m\u0131za m\u00fcthi\u015f bir renklilik<span class=\"excerpt-hellip\"> [\u2026]<\/span><\/p>\n","protected":false},"featured_media":0,"template":"","meta":{"_monsterinsights_skip_tracking":false,"_monsterinsights_sitenote_active":false,"_monsterinsights_sitenote_note":"","_monsterinsights_sitenote_category":0},"product_brand":[],"product_cat":[19532,12566,13611],"product_tag":[],"class_list":{"0":"post-727751","1":"product","2":"type-product","3":"status-publish","5":"product_cat-atasozleri-deyimler-ve-terimleri-sozlugu","6":"product_cat-egitim","7":"product_cat-sozlukler-ve-konusma-kilavuzlari","8":"pa_cilt-ciltsiz","9":"pa_tur-kitap","10":"pa_yayinevi-ugurbocegi-yayinlari","11":"pa_yazar-ugurbocegi-yayinlari-kolektif","13":"first","14":"instock","15":"sale","16":"shipping-taxable","17":"purchasable","18":"product-type-simple"},"_links":{"self":[{"href":"https:\/\/roveyayinevi.com.tr\/index.php\/wp-json\/wp\/v2\/product\/727751","targetHints":{"allow":["GET"]}}],"collection":[{"href":"https:\/\/roveyayinevi.com.tr\/index.php\/wp-json\/wp\/v2\/product"}],"about":[{"href":"https:\/\/roveyayinevi.com.tr\/index.php\/wp-json\/wp\/v2\/types\/product"}],"wp:attachment":[{"href":"https:\/\/roveyayinevi.com.tr\/index.php\/wp-json\/wp\/v2\/media?parent=727751"}],"wp:term":[{"taxonomy":"product_brand","embeddable":true,"href":"https:\/\/roveyayinevi.com.tr\/index.php\/wp-json\/wp\/v2\/product_brand?post=727751"},{"taxonomy":"product_cat","embeddable":true,"href":"https:\/\/roveyayinevi.com.tr\/index.php\/wp-json\/wp\/v2\/product_cat?post=727751"},{"taxonomy":"product_tag","embeddable":true,"href":"https:\/\/roveyayinevi.com.tr\/index.php\/wp-json\/wp\/v2\/product_tag?post=727751"}],"curies":[{"name":"wp","href":"https:\/\/api.w.org\/{rel}","templated":true}]}}