{"id":727742,"date":"2025-08-27T20:27:27","date_gmt":"2025-08-27T17:27:27","guid":{"rendered":"https:\/\/roveyayinevi.com.tr\/index.php\/urun\/tasavvuf-bize-ne-soyler\/"},"modified":"2026-04-16T02:35:25","modified_gmt":"2026-04-15T23:35:25","slug":"tasavvuf-bize-ne-soyler","status":"publish","type":"product","link":"https:\/\/roveyayinevi.com.tr\/index.php\/urun\/tasavvuf-bize-ne-soyler\/","title":{"rendered":"Tasavvuf Bize Ne S\u00f6yler?"},"content":{"rendered":"<p>Bir vak\u0131a hakk\u0131ndaki yanl\u0131\u015f alg\u0131lar\u0131n as\u0131rlardan beri farkl\u0131 dil, k\u00fclt\u00fcr, \u0131rk ve co\u011frafyaya ait milyonlarca insan taraf\u0131ndan benimsenmesi, kalplerde ve zihinlerde yer edinmesi, \u00e7ok say\u0131da insan\u0131n yan\u0131lmas\u0131 veya yanl\u0131\u015f yapmas\u0131 ve as\u0131rlarca bu konuda \u0131srar etmesi olanakl\u0131 de\u011fildir. Tasavvuf Bize Ne S\u00f6yler?, Prof. Dr. \u00d6mer Y\u0131lmaz&#8217;\u0131n kendisiyle yap\u0131lan nehir s\u00f6yle\u015fide &#8220;Tasavvuf, baz\u0131 m\u00fcntesiplerinin ceh\u00e2letinden, d\u00fc\u015fmanlar\u0131n\u0131n zulm\u00fcnden \u00e7ok \u00e7ekmi\u015ftir&#8221; tezinden hareketle; tasavvufun mahiyetine kendi bak\u0131\u015f a\u00e7\u0131s\u0131ndan cevaplar bulmaya \u00e7al\u0131\u015ft\u0131\u011f\u0131 bir tasavvuf psikolojisi ve sosyolojisi kitab\u0131d\u0131r. Bir akademisyen olarak yazar\u0131n, medyada h\u00e2len g\u00fcncelli\u011fini koruyan tasavvuf konusundaki samimi inanc\u0131, yap\u0131lan hata ve istismarlara ra\u011fmen sahih gelene\u011fin g\u00fcn\u00fcm\u00fcz etik sorunlar\u0131na \u00e7\u00f6z\u00fcm \u00fcretebilecek alternatif yollardan biri oldu\u011funa dair d\u00fc\u015f\u00fcncesidir. \u0130lm\u00ee, din\u00ee, ahl\u00e2k\u00ee, felsef\u00ee ve k\u00fclt\u00fcrel kodlar e\u015fli\u011finde yeri geldik\u00e7e kendi alan\u0131na ele\u015ftiriler de y\u00f6nelterek meseleye yakla\u015fan Y\u0131lmaz, Do\u011fu\u2019dan ve Bat\u0131\u2019dan birtak\u0131m arg\u00fcmanlarla konuya dair a\u00e7\u0131l\u0131mlar ve a\u00e7\u0131klamalar getiriyor. Tahsilinin \u00f6nemli bir k\u0131sm\u0131n\u0131 Almanya\u2019da ikmal eden, d\u00fcnyaca \u00fcnl\u00fc tasavvuf uzman\u0131 Annemarie Schimmel (Bonn, 2003) ile yak\u0131ndan tan\u0131\u015f\u0131p derslerine kat\u0131lan Prof. Dr. \u00d6mer Y\u0131lmaz kitapta, farkl\u0131 ba\u015fl\u0131klar alt\u0131nda Anadolu insan\u0131n\u0131n din\u00ee ve k\u00fclt\u00fcrel kimli\u011finin bile\u015fenlerinden biri olan tasavvuf disiplininin toplumumuzda hak etti\u011fi yeri almas\u0131 gerekti\u011fini belirtirken bu husustaki temel k\u0131staslar\u0131 ge\u00e7mi\u015f, \u015fimdi ve gelecek aras\u0131ndaki k\u00f6pr\u00fclerle ortaya koyuyor.<\/p>\n","protected":false},"excerpt":{"rendered":"<p>Bir vak\u0131a hakk\u0131ndaki yanl\u0131\u015f alg\u0131lar\u0131n as\u0131rlardan beri farkl\u0131 dil, k\u00fclt\u00fcr, \u0131rk ve co\u011frafyaya ait milyonlarca insan taraf\u0131ndan benimsenmesi, kalplerde ve zihinlerde yer edinmesi, \u00e7ok say\u0131da insan\u0131n<span class=\"excerpt-hellip\"> [\u2026]<\/span><\/p>\n","protected":false},"featured_media":0,"template":"","meta":{"_monsterinsights_skip_tracking":false,"_monsterinsights_sitenote_active":false,"_monsterinsights_sitenote_note":"","_monsterinsights_sitenote_category":0},"product_brand":[],"product_cat":[12718,12719,12720],"product_tag":[],"class_list":{"0":"post-727742","1":"product","2":"type-product","3":"status-publish","5":"product_cat-din","6":"product_cat-islam","7":"product_cat-tasavvuf-mezhepler-tarikatlar","8":"pa_cilt-ciltsiz","9":"pa_tur-kitap","10":"pa_yayinevi-sufi-kitap","11":"pa_yazar-omer-yilmaz","13":"first","14":"instock","15":"sale","16":"shipping-taxable","17":"purchasable","18":"product-type-simple"},"_links":{"self":[{"href":"https:\/\/roveyayinevi.com.tr\/index.php\/wp-json\/wp\/v2\/product\/727742","targetHints":{"allow":["GET"]}}],"collection":[{"href":"https:\/\/roveyayinevi.com.tr\/index.php\/wp-json\/wp\/v2\/product"}],"about":[{"href":"https:\/\/roveyayinevi.com.tr\/index.php\/wp-json\/wp\/v2\/types\/product"}],"wp:attachment":[{"href":"https:\/\/roveyayinevi.com.tr\/index.php\/wp-json\/wp\/v2\/media?parent=727742"}],"wp:term":[{"taxonomy":"product_brand","embeddable":true,"href":"https:\/\/roveyayinevi.com.tr\/index.php\/wp-json\/wp\/v2\/product_brand?post=727742"},{"taxonomy":"product_cat","embeddable":true,"href":"https:\/\/roveyayinevi.com.tr\/index.php\/wp-json\/wp\/v2\/product_cat?post=727742"},{"taxonomy":"product_tag","embeddable":true,"href":"https:\/\/roveyayinevi.com.tr\/index.php\/wp-json\/wp\/v2\/product_tag?post=727742"}],"curies":[{"name":"wp","href":"https:\/\/api.w.org\/{rel}","templated":true}]}}