{"id":727698,"date":"2025-08-27T20:26:52","date_gmt":"2025-08-27T17:26:52","guid":{"rendered":"https:\/\/roveyayinevi.com.tr\/index.php\/urun\/malzeme-akis-maliyet-muhasebesi\/"},"modified":"2026-04-16T02:35:24","modified_gmt":"2026-04-15T23:35:24","slug":"malzeme-akis-maliyet-muhasebesi","status":"publish","type":"product","link":"https:\/\/roveyayinevi.com.tr\/index.php\/urun\/malzeme-akis-maliyet-muhasebesi\/","title":{"rendered":"Malzeme Ak\u0131\u015f Maliyet Muhasebesi"},"content":{"rendered":"<p>B\u00f6l\u00fcm 1 \u00c7evre Ve \u00c7evre Kirlili\u011fi 1.1  \u00c7evre Kavram\u0131 1.2  \u00c7evre Kirlili\u011fi B\u00f6l\u00fcm 2 \u00c7evresel Muhasebe 2.1 \u00c7evre, \u0130\u015fletme Ve Muhasebe \u0130li\u015fkisi 2.2 \u00c7evresel Muhasebe Yakla\u015f\u0131mlar\u0131 2.3 \u00c7evresel Muhasebe 2.4 \u00c7evresel Y\u00fcnetim Muhasebesi B\u00f6l\u00fcm 3 Malzeme Ak\u0131\u015f Maliyet Muhasebesi 3.1 Malzeme Ak\u0131\u015f Maliyet Muhasebesi 3.2 Malzeme Ak\u0131\u015f Maliyet Muhasebesinin \u00d6nemi Ve Faydalar\u0131 3.3 Malzeme Ak\u0131\u015f Maliyet Muhasebesi Y\u00f6nteminin Di\u011fer Y\u00f6ntemlerle Kar\u015f\u0131la\u015ft\u0131r\u0131lmas\u0131 3.4 Malzeme Ak\u0131\u015f Maliyet Muhasebesinde Maliyetler 3.5 Malzeme Ak\u0131\u015f Maliyet Muhasebesinde Kay\u0131p Kavram\u0131 3.6 Malzeme Ak\u0131\u015f Maliyet Muhasebesi Uygulama S\u00fcreci   B\u00f6l\u00fcm 4 Mamm Y\u00f6ntemi \u0130\u015fletme Uygulamas\u0131 4.1 Uygulama Yap\u0131lan Sekt\u00f6r Ve \u0130\u015fletmenin Tan\u0131t\u0131m\u0131 4.2 \u0130\u015fletmedeki Geleneksel Maliyet Muhasebesi S\u00fcreci 4.3 Malzeme Ak\u0131\u015f Maliyet Muhasebesi Uygulamas\u0131 <\/p>\n","protected":false},"excerpt":{"rendered":"<p>B\u00f6l\u00fcm 1 \u00c7evre Ve \u00c7evre Kirlili\u011fi 1.1 \u00c7evre Kavram\u0131 1.2 \u00c7evre Kirlili\u011fi B\u00f6l\u00fcm 2 \u00c7evresel Muhasebe 2.1 \u00c7evre, \u0130\u015fletme Ve Muhasebe \u0130li\u015fkisi 2.2 \u00c7evresel Muhasebe Yakla\u015f\u0131mlar\u0131<span class=\"excerpt-hellip\"> [\u2026]<\/span><\/p>\n","protected":false},"featured_media":0,"template":"","meta":{"_monsterinsights_skip_tracking":false,"_monsterinsights_sitenote_active":false,"_monsterinsights_sitenote_note":"","_monsterinsights_sitenote_category":0},"product_brand":[],"product_cat":[13043,14381],"product_tag":[],"class_list":{"0":"post-727698","1":"product","2":"type-product","3":"status-publish","5":"product_cat-ekonomi","6":"product_cat-isletme-muhasebe-maliye","7":"pa_cilt-ciltsiz","8":"pa_tur-kitap","9":"pa_yayinevi-gazi-kitabevi","10":"pa_yazar-ahmet-vecdi-can-hakan-aliusta","12":"first","13":"instock","14":"sale","15":"shipping-taxable","16":"purchasable","17":"product-type-simple"},"_links":{"self":[{"href":"https:\/\/roveyayinevi.com.tr\/index.php\/wp-json\/wp\/v2\/product\/727698","targetHints":{"allow":["GET"]}}],"collection":[{"href":"https:\/\/roveyayinevi.com.tr\/index.php\/wp-json\/wp\/v2\/product"}],"about":[{"href":"https:\/\/roveyayinevi.com.tr\/index.php\/wp-json\/wp\/v2\/types\/product"}],"wp:attachment":[{"href":"https:\/\/roveyayinevi.com.tr\/index.php\/wp-json\/wp\/v2\/media?parent=727698"}],"wp:term":[{"taxonomy":"product_brand","embeddable":true,"href":"https:\/\/roveyayinevi.com.tr\/index.php\/wp-json\/wp\/v2\/product_brand?post=727698"},{"taxonomy":"product_cat","embeddable":true,"href":"https:\/\/roveyayinevi.com.tr\/index.php\/wp-json\/wp\/v2\/product_cat?post=727698"},{"taxonomy":"product_tag","embeddable":true,"href":"https:\/\/roveyayinevi.com.tr\/index.php\/wp-json\/wp\/v2\/product_tag?post=727698"}],"curies":[{"name":"wp","href":"https:\/\/api.w.org\/{rel}","templated":true}]}}