{"id":727696,"date":"2025-08-27T20:26:50","date_gmt":"2025-08-27T17:26:50","guid":{"rendered":"https:\/\/roveyayinevi.com.tr\/index.php\/urun\/dusunen-baykuslarin-gecesi\/"},"modified":"2026-04-13T02:43:53","modified_gmt":"2026-04-12T23:43:53","slug":"dusunen-baykuslarin-gecesi","status":"publish","type":"product","link":"https:\/\/roveyayinevi.com.tr\/index.php\/urun\/dusunen-baykuslarin-gecesi\/","title":{"rendered":"D\u00fc\u015f\u00fcnen Bayku\u015flar\u0131n Gecesi"},"content":{"rendered":"<p>\u015eEYTANIN G\u00d6Z\u00dcNDEN TANRI VE D\u0130N \u201c \u015eeytan diyor ki: \u2018\u2019Bug\u00fcne kadar herkes Tanr\u0131 ad\u0131na konu\u015ftu. Bundan sonra Tanr\u0131 hakk\u0131nda konu\u015faca\u011f\u0131z.\u201d <\/p>\n","protected":false},"excerpt":{"rendered":"<p>\u015eEYTANIN G\u00d6Z\u00dcNDEN TANRI VE D\u0130N \u201c \u015eeytan diyor ki: \u2018\u2019Bug\u00fcne kadar herkes Tanr\u0131 ad\u0131na konu\u015ftu. Bundan sonra Tanr\u0131 hakk\u0131nda konu\u015faca\u011f\u0131z.\u201d<\/p>\n","protected":false},"featured_media":0,"template":"","meta":{"_monsterinsights_skip_tracking":false,"_monsterinsights_sitenote_active":false,"_monsterinsights_sitenote_note":"","_monsterinsights_sitenote_category":0},"product_brand":[],"product_cat":[12291,12711],"product_tag":[],"class_list":{"0":"post-727696","1":"product","2":"type-product","3":"status-publish","5":"product_cat-edebiyat","6":"product_cat-roman-oyku","7":"pa_cilt-ciltsiz","8":"pa_tur-kitap","9":"pa_yayinevi-cem-yayinevi","10":"pa_yazar-veysel-dikmen","12":"first","13":"instock","14":"sale","15":"shipping-taxable","16":"purchasable","17":"product-type-simple"},"_links":{"self":[{"href":"https:\/\/roveyayinevi.com.tr\/index.php\/wp-json\/wp\/v2\/product\/727696","targetHints":{"allow":["GET"]}}],"collection":[{"href":"https:\/\/roveyayinevi.com.tr\/index.php\/wp-json\/wp\/v2\/product"}],"about":[{"href":"https:\/\/roveyayinevi.com.tr\/index.php\/wp-json\/wp\/v2\/types\/product"}],"wp:attachment":[{"href":"https:\/\/roveyayinevi.com.tr\/index.php\/wp-json\/wp\/v2\/media?parent=727696"}],"wp:term":[{"taxonomy":"product_brand","embeddable":true,"href":"https:\/\/roveyayinevi.com.tr\/index.php\/wp-json\/wp\/v2\/product_brand?post=727696"},{"taxonomy":"product_cat","embeddable":true,"href":"https:\/\/roveyayinevi.com.tr\/index.php\/wp-json\/wp\/v2\/product_cat?post=727696"},{"taxonomy":"product_tag","embeddable":true,"href":"https:\/\/roveyayinevi.com.tr\/index.php\/wp-json\/wp\/v2\/product_tag?post=727696"}],"curies":[{"name":"wp","href":"https:\/\/api.w.org\/{rel}","templated":true}]}}