{"id":727692,"date":"2025-08-27T20:26:46","date_gmt":"2025-08-27T17:26:46","guid":{"rendered":"https:\/\/roveyayinevi.com.tr\/index.php\/urun\/tesaduf-mu-isabet-mi\/"},"modified":"2026-04-16T02:35:24","modified_gmt":"2026-04-15T23:35:24","slug":"tesaduf-mu-isabet-mi","status":"publish","type":"product","link":"https:\/\/roveyayinevi.com.tr\/index.php\/urun\/tesaduf-mu-isabet-mi\/","title":{"rendered":"Tesad\u00fcf M\u00fc \u0130sabet Mi?"},"content":{"rendered":"<p>&#8220;Elinizdeki kitap, bir yandan i\u00e7inde ya\u015fad\u0131\u011f\u0131m\u0131z d\u00fcnya ve insanl\u0131k i\u00e7in kurgulanan tezg\u00e2hlar\u0131n izini s\u00fcr\u00fcp delillendirirken \u00f6te yandan sundu\u011fu alternatif \u00e7are ve \u00e7\u00f6z\u00fcmleri ile insanl\u0131\u011f\u0131 cevaps\u0131z, \u00e7\u00f6z\u00fcms\u00fcz ve \u00fcmitsiz b\u0131rakmamak gayesi ile yaz\u0131lm\u0131\u015ft\u0131r. Covid-19 salg\u0131n\u0131ndan sonra Koronavir\u00fcs ile m\u00fccadele i\u00e7in hangi \u00fclke ba\u015fbakan\u0131 \u201ck\u00fcresel h\u00fck\u00fcmet\u201d \u00e7a\u011fr\u0131s\u0131 yapacakt\u0131?Covid-19 salg\u0131n\u0131 ger\u00e7ekte t\u00fcm ulus devletleri ba\u015f\u0131ndaki liderler ile birlikte tasfiye s\u00fcrecine almak ve yeni d\u00fcnya d\u00fczeni i\u00e7in k\u00fcresel tek d\u00fcnya h\u00fck\u00fcmetini devreye almak i\u00e7in mi programlanm\u0131\u015ft\u0131?End\u00fcstri 4 ile robotlar\u0131 merkeze alan bir akl\u0131n, gelecek y\u00fczy\u0131lda insana olan ihtiyac\u0131 gittik\u00e7e azaltaca\u011f\u0131 ger\u00e7e\u011fi bu Covid-19 salg\u0131n\u0131n\u0131n ortaya \u00e7\u0131k\u0131\u015f nedenlerinden biri miydi?1910&#8217;da, bir grup uluslararas\u0131 bankac\u0131n\u0131n G\u00fcrcistan a\u00e7\u0131klar\u0131nda, k\u00fc\u00e7\u00fck bir adada gizlice bir araya gelme nedenleri neydi?&#8217;Paperclip (Ata\u00e7)&#8217; operasyonu ile Nazi Almanya&#8217;s\u0131ndan \u00f6nemli bilim insanlar\u0131n\u0131n ka\u00e7\u0131r\u0131lmas\u0131 operasyonunun ger\u00e7ek amac\u0131 neydi?Bilimi kara bilime d\u00f6n\u00fc\u015ft\u00fcren ve Kod adlar\u0131 &#8216;Jasonlar&#8217; olan gizli Elit Akademik Bilimler Grubu \u00fcyeleri Teknik Dan\u0131\u015fman kadrosu alt\u0131nda kimin hesab\u0131na \u00e7al\u0131\u015f\u0131yordu?T\u00fcrkl\u00fck ve M\u00fcsl\u00fcmanl\u0131\u011f\u0131 hedef g\u00f6steren Desiderius Erasmus\u2019un, Erasmus Programlar\u0131n\u0131n ad\u0131 i\u00e7in ilham kayna\u011f\u0131 olmas\u0131 tesad\u00fcf m\u00fcyd\u00fc?Fatih Sultan Mehmet son Roma \u0130mparatoru muydu?&#8217;K\u0131z\u0131l Elma&#8217; yani Yeni Roma \u0130mparatorlu\u011funun in\u015fas\u0131na ba\u015fland\u0131\u011f\u0131 do\u011fru muydu?NASA\u2019n\u0131n aydaki kraterlere ismini verdi\u011fi T\u00fcrk ve M\u00fcsl\u00fcman astronomlar\u0131 kimlerdi?Hitler ile k\u00fcresel aile \u015firketleri aras\u0131ndaki karma\u015f\u0131k ili\u015fkiler ne anlama geliyordu?Faili ma\u011fdur, ma\u011fduru mamur, zalimi ma\u011flup edebilecek bir hukuk sistemi var m\u0131yd\u0131, olabilir miydi?&#8221; <\/p>\n","protected":false},"excerpt":{"rendered":"<p>&#8220;Elinizdeki kitap, bir yandan i\u00e7inde ya\u015fad\u0131\u011f\u0131m\u0131z d\u00fcnya ve insanl\u0131k i\u00e7in kurgulanan tezg\u00e2hlar\u0131n izini s\u00fcr\u00fcp delillendirirken \u00f6te yandan sundu\u011fu alternatif \u00e7are ve \u00e7\u00f6z\u00fcmleri ile insanl\u0131\u011f\u0131 cevaps\u0131z, \u00e7\u00f6z\u00fcms\u00fcz<span class=\"excerpt-hellip\"> [\u2026]<\/span><\/p>\n","protected":false},"featured_media":0,"template":"","meta":{"_monsterinsights_skip_tracking":false,"_monsterinsights_sitenote_active":false,"_monsterinsights_sitenote_note":"","_monsterinsights_sitenote_category":0},"product_brand":[],"product_cat":[13590,12337],"product_tag":[],"class_list":{"0":"post-727692","1":"product","2":"type-product","3":"status-publish","5":"product_cat-arastirma-inceleme-politika-siyaset","6":"product_cat-politika-siyaset","7":"pa_cilt-ciltsiz","8":"pa_tur-kitap","9":"pa_yayinevi-karina-yayinevi","10":"pa_yazar-m-melih-akilli","12":"first","13":"instock","14":"sale","15":"shipping-taxable","16":"purchasable","17":"product-type-simple"},"_links":{"self":[{"href":"https:\/\/roveyayinevi.com.tr\/index.php\/wp-json\/wp\/v2\/product\/727692","targetHints":{"allow":["GET"]}}],"collection":[{"href":"https:\/\/roveyayinevi.com.tr\/index.php\/wp-json\/wp\/v2\/product"}],"about":[{"href":"https:\/\/roveyayinevi.com.tr\/index.php\/wp-json\/wp\/v2\/types\/product"}],"wp:attachment":[{"href":"https:\/\/roveyayinevi.com.tr\/index.php\/wp-json\/wp\/v2\/media?parent=727692"}],"wp:term":[{"taxonomy":"product_brand","embeddable":true,"href":"https:\/\/roveyayinevi.com.tr\/index.php\/wp-json\/wp\/v2\/product_brand?post=727692"},{"taxonomy":"product_cat","embeddable":true,"href":"https:\/\/roveyayinevi.com.tr\/index.php\/wp-json\/wp\/v2\/product_cat?post=727692"},{"taxonomy":"product_tag","embeddable":true,"href":"https:\/\/roveyayinevi.com.tr\/index.php\/wp-json\/wp\/v2\/product_tag?post=727692"}],"curies":[{"name":"wp","href":"https:\/\/api.w.org\/{rel}","templated":true}]}}