{"id":727675,"date":"2025-08-27T20:26:33","date_gmt":"2025-08-27T17:26:33","guid":{"rendered":"https:\/\/roveyayinevi.com.tr\/index.php\/urun\/fethedilenlerin-gozuyle-anadolunun-fethi\/"},"modified":"2026-04-16T02:35:24","modified_gmt":"2026-04-15T23:35:24","slug":"fethedilenlerin-gozuyle-anadolunun-fethi","status":"publish","type":"product","link":"https:\/\/roveyayinevi.com.tr\/index.php\/urun\/fethedilenlerin-gozuyle-anadolunun-fethi\/","title":{"rendered":"Fethedilenlerin G\u00f6z\u00fcyle Anadolu\u2019nun Fethi"},"content":{"rendered":"<p>Anadolu\u2019nun fethi tarihin ak\u0131\u015f\u0131n\u0131 de\u011fi\u015ftiren olaylardan birisidir. \u00c7a\u011fr\u0131 Bey\u2019in ke\u015fif seferiyle birlikte Anadolu\u2019nun kendileri i\u00e7in elveri\u015fli bir yurt oldu\u011funu anlayan Sel\u00e7uklular devlet kurduktan k\u0131sa s\u00fcre sonra bu \u00fclkeyi ele ge\u00e7irebilmek i\u00e7in faaliyete koyulmu\u015flard\u0131r. Tu\u011frul Bey ve Alp Arslan d\u00f6nemindeki \u00e7abalar neticesinde Anadolu\u2019nun siyasi h\u00e2kimiyeti Romal\u0131lardan T\u00fcrklere ge\u00e7meye ba\u015flam\u0131\u015ft\u0131r. Siyasi, sosyal, k\u00fclt\u00fcrel, din\u00ee ve ekonomik bak\u0131mdan \u00e7ehresi h\u0131zla de\u011fi\u015fen Anadolu o zamana kadar g\u00f6r\u00fclmemi\u015f bir de\u011fi\u015fim ya\u015fayarak, XII. y\u00fczy\u0131l\u0131n ortalar\u0131ndan itibaren T\u00fcrkiye ismiyle an\u0131lmaya ba\u015flanacakt\u0131r. Melik\u015fah devrine gelindi\u011finde Romal\u0131lar, Marmara Denizi\u2019nin bat\u0131s\u0131na \u00e7ekilmi\u015f bir h\u00e2lde Anadolu\u2019yu terk etmi\u015flerdi. Anadolu\u2019nun fethi s\u0131ras\u0131nda bu \u00fclkede ya\u015fayanlar\u0131n T\u00fcrk ilerleyi\u015fine kar\u015f\u0131 bak\u0131\u015flar\u0131 zaman\u0131n ruhunun g\u00fcn\u00fcm\u00fcze aksetmesi bak\u0131m\u0131ndan b\u00fcy\u00fck \u00f6nem ta\u015f\u0131r. \u201cFethedilenler\u201d kategorisinde de\u011ferlendirdi\u011fimiz Rum, Ermeni, S\u00fcryani ve G\u00fcrc\u00fc tarih\u00e7ilerinin T\u00fcrklere, \u0130slamiyet\u2019e, Anadolu\u2019nun Sel\u00e7uklu h\u00e2kimiyetine girmesine yakla\u015f\u0131mlar\u0131 o d\u00f6nemde ya\u015fananlar\u0131 analitik olarak de\u011ferlendirebilmek i\u00e7in kar\u015f\u0131 taraf\u0131n bak\u0131\u015f\u0131n\u0131 ortaya koyar. Onlar sayesinde Anadolu\u2019daki T\u00fcrk alg\u0131s\u0131n\u0131n de\u011fi\u015fimini, \u00fclkede ya\u015fanan siyasi, sosyal ve din\u00ee geli\u015fmeleri yak\u0131ndan anlamak m\u00fcmk\u00fcnd\u00fcr. Anadolu\u2019nun fethi meselesini kar\u015f\u0131la\u015ft\u0131rmal\u0131 bir bak\u0131\u015f a\u00e7\u0131s\u0131yla ele alan bu \u00e7al\u0131\u015fman\u0131n tarih ara\u015ft\u0131rmalar\u0131na yeni bir katk\u0131 sa\u011flamas\u0131 en b\u00fcy\u00fck dile\u011fimizdir. <\/p>\n","protected":false},"excerpt":{"rendered":"<p>Anadolu\u2019nun fethi tarihin ak\u0131\u015f\u0131n\u0131 de\u011fi\u015ftiren olaylardan birisidir. \u00c7a\u011fr\u0131 Bey\u2019in ke\u015fif seferiyle birlikte Anadolu\u2019nun kendileri i\u00e7in elveri\u015fli bir yurt oldu\u011funu anlayan Sel\u00e7uklular devlet kurduktan k\u0131sa s\u00fcre sonra<span class=\"excerpt-hellip\"> [\u2026]<\/span><\/p>\n","protected":false},"featured_media":0,"template":"","meta":{"_monsterinsights_skip_tracking":false,"_monsterinsights_sitenote_active":false,"_monsterinsights_sitenote_note":"","_monsterinsights_sitenote_category":0},"product_brand":[],"product_cat":[12312,12304],"product_tag":[],"class_list":{"0":"post-727675","1":"product","2":"type-product","3":"status-publish","5":"product_cat-diger","6":"product_cat-tarih","7":"pa_cilt-ciltsiz","8":"pa_tur-kitap","9":"pa_yayinevi-bilge-kultur-sanat","10":"pa_yazar-ibrahim-tellioglu","12":"first","13":"instock","14":"sale","15":"shipping-taxable","16":"purchasable","17":"product-type-simple"},"_links":{"self":[{"href":"https:\/\/roveyayinevi.com.tr\/index.php\/wp-json\/wp\/v2\/product\/727675","targetHints":{"allow":["GET"]}}],"collection":[{"href":"https:\/\/roveyayinevi.com.tr\/index.php\/wp-json\/wp\/v2\/product"}],"about":[{"href":"https:\/\/roveyayinevi.com.tr\/index.php\/wp-json\/wp\/v2\/types\/product"}],"wp:attachment":[{"href":"https:\/\/roveyayinevi.com.tr\/index.php\/wp-json\/wp\/v2\/media?parent=727675"}],"wp:term":[{"taxonomy":"product_brand","embeddable":true,"href":"https:\/\/roveyayinevi.com.tr\/index.php\/wp-json\/wp\/v2\/product_brand?post=727675"},{"taxonomy":"product_cat","embeddable":true,"href":"https:\/\/roveyayinevi.com.tr\/index.php\/wp-json\/wp\/v2\/product_cat?post=727675"},{"taxonomy":"product_tag","embeddable":true,"href":"https:\/\/roveyayinevi.com.tr\/index.php\/wp-json\/wp\/v2\/product_tag?post=727675"}],"curies":[{"name":"wp","href":"https:\/\/api.w.org\/{rel}","templated":true}]}}

Fethedilenlerin Gözüyle Anadolu’nun Fethi

<p>Anadolu’nun fethi tarihin akışını değiştiren olaylardan birisidir. Çağrı Bey’in keşif seferiyle birlikte Anadolu’nun kendileri için elverişli bir yurt olduğunu anlayan Selçuklular devlet kurduktan kısa süre sonra bu ülkeyi ele geçirebilmek için faaliyete koyulmuşlardır. Tuğrul Bey ve Alp Arslan dönemindeki çabalar neticesinde Anadolu’nun siyasi hâkimiyeti Romalılardan Türklere geçmeye başlamıştır. Siyasi, sosyal, kültürel, dinî ve ekonomik bakımdan çehresi hızla değişen Anadolu o zamana kadar görülmemiş bir değişim yaşayarak, XII. yüzyılın ortalarından itibaren Türkiye ismiyle anılmaya başlanacaktır. Melikşah devrine gelindiğinde Romalılar, Marmara Denizi’nin batısına çekilmiş bir hâlde Anadolu’yu terk etmişlerdi. Anadolu’nun fethi sırasında bu ülkede yaşayanların Türk ilerleyişine karşı bakışları zamanın ruhunun günümüze aksetmesi bakımından büyük önem taşır. “Fethedilenler” kategorisinde değerlendirdiğimiz Rum, Ermeni, Süryani ve Gürcü tarihçilerinin Türklere, İslamiyet’e, Anadolu’nun Selçuklu hâkimiyetine girmesine yaklaşımları o dönemde yaşananları analitik olarak değerlendirebilmek için karşı tarafın bakışını ortaya koyar. Onlar sayesinde Anadolu’daki Türk algısının değişimini, ülkede yaşanan siyasi, sosyal ve dinî gelişmeleri yakından anlamak mümkündür. Anadolu’nun fethi meselesini karşılaştırmalı bir bakış açısıyla ele alan bu çalışmanın tarih araştırmalarına yeni bir katkı sağlaması en büyük dileğimizdir. </p>

<p>Anadolu’nun fethi tarihin akışını değiştiren olaylardan birisidir. Çağrı Bey’in keşif seferiyle birlikte Anadolu’nun kendileri için elverişli bir yurt olduğunu anlayan Selçuklular devlet kurduktan kısa süre sonra<span class="excerpt-hellip"> […]</span></p>
