{"id":727669,"date":"2025-08-27T20:26:29","date_gmt":"2025-08-27T17:26:29","guid":{"rendered":"https:\/\/roveyayinevi.com.tr\/index.php\/urun\/ekonomik-ve-teknolojik-degisim-surecinde-inovasyon\/"},"modified":"2026-04-16T02:35:23","modified_gmt":"2026-04-15T23:35:23","slug":"ekonomik-ve-teknolojik-degisim-surecinde-inovasyon","status":"publish","type":"product","link":"https:\/\/roveyayinevi.com.tr\/index.php\/urun\/ekonomik-ve-teknolojik-degisim-surecinde-inovasyon\/","title":{"rendered":"Ekonomik ve Teknolojik De\u011fi\u015fim S\u00fcrecinde \u0130novasyon"},"content":{"rendered":"<p>1. B\u00f6l\u00fcm: \u0130novasyon \u00c7er\u00e7evesinde Patent Sistemi Tart\u0131\u015fmalar\u0131na Genel Bir Bak\u0131\u015f 2. B\u00f6l\u00fcm: \u0130novasyon Ve Ekonomik B\u00fcy\u00fcme: Oecd \u00dclkeleri \u00dczerine Ampirik Bir Uygulama 3. B\u00f6l\u00fcm: \u0130novasyon, Y\u00fcksek Teknoloji Yo\u011fun \u00dcr\u00fcn \u0130hracat\u0131 Ve Ekonomik B\u00fcy\u00fcme: Avurupa\u2019da \u00dclkelerin Geli\u015fmi\u015flik D\u00fczeyi Fark Yaratm\u0131yor Mu? 4. B\u00f6l\u00fcm: \u0130novasyonun Finansman\u0131 5. B\u00f6l\u00fcm: Finansal \u0130novasyon Olgusuna Teorik Ve Yaz\u0131nsal Yakla\u015f\u0131m 6. B\u00f6l\u00fcm: Finansal Piyasalarda De\u011fi\u015fim S\u00fcreci Ve Finansal \u0130novasyon: T\u00fcrkiye \u00d6rne\u011fi 7. B\u00f6l\u00fcm: Finansal Piyasalar\u0131 Y\u00f6nlendirmede \u0130novasyonun Rol\u00fc 8. B\u00f6l\u00fcm: Enerjinin S\u00fcrd\u00fclebilirli\u011fi \u0130\u00e7in Bilimsel Ve Teknolojik \u0130NOVASYON: T\u00fcrkiye\u2019nin Avrupa Birli\u011fi Ve Oecd \u00dclkeleri \u0130le Kar\u015f\u0131la\u015ft\u0131rmal\u0131 Bir Analiz 9. B\u00f6l\u00fcm: End\u00fcstri: 4.0 10. B\u00f6l\u00fcm: \u0130novasyon Ve D\u0131\u015f Ticaret \u0130li\u015fkisi: Avrupa \u00dclkeleri \u00dczerine Dinamik Panel Veri Analizi 11. B\u00f6l\u00fcm: Do\u011frudan Yabanc\u0131 Yat\u0131r\u0131mlar Ve Bilgi-Teknoloji Transferi: T\u00fcrkiye Deneyimi 12. B\u00f6l\u00fcm: Kobi\u2019lerde \u0130novasyon Stratejileri Ve \u0130novasyon Yapmay\u0131 Etkileyen Fakt\u00f6rler 13. B\u00f6l\u00fcm: \u0130novasyon Ve Vergileme 14. B\u00f6l\u00fcm: \u0130novasyon Ve Karar Alma S\u00fcre\u00e7leri: Davran\u0131\u015fsal \u0130ktisat \u00d6zelinde Bir \u0130nceleme 15. B\u00f6l\u00fcm: D\u00f6ng\u00fcsel Ekonomi Perspektifinde Eko-\u0130novasyon: T\u00fcrkiye Ve Avrupa Birli\u011fi \u00dclkeleri Kar\u015f\u0131la\u015ft\u0131rma Analizi 16. B\u00f6l\u00fcm: T\u00fcrkiye\u2019deki Ar-Ge Harcamalar\u0131n\u0131n D\u00fcnya\/\u00dclke Bloklar\u0131yla Kar\u015f\u0131la\u015ft\u0131r\u0131lmas\u0131 <\/p>\n","protected":false},"excerpt":{"rendered":"<p>1. B\u00f6l\u00fcm: \u0130novasyon \u00c7er\u00e7evesinde Patent Sistemi Tart\u0131\u015fmalar\u0131na Genel Bir Bak\u0131\u015f 2. B\u00f6l\u00fcm: \u0130novasyon Ve Ekonomik B\u00fcy\u00fcme: Oecd \u00dclkeleri \u00dczerine Ampirik Bir Uygulama 3. B\u00f6l\u00fcm: \u0130novasyon, Y\u00fcksek<span class=\"excerpt-hellip\"> [\u2026]<\/span><\/p>\n","protected":false},"featured_media":0,"template":"","meta":{"_monsterinsights_skip_tracking":false,"_monsterinsights_sitenote_active":false,"_monsterinsights_sitenote_note":"","_monsterinsights_sitenote_category":0},"product_brand":[],"product_cat":[13043,14381],"product_tag":[],"class_list":{"0":"post-727669","1":"product","2":"type-product","3":"status-publish","5":"product_cat-ekonomi","6":"product_cat-isletme-muhasebe-maliye","7":"pa_cilt-ciltsiz","8":"pa_tur-kitap","9":"pa_yayinevi-gazi-kitabevi","10":"pa_yazar-gazi-kitabevi-kolektif","12":"first","13":"instock","14":"sale","15":"shipping-taxable","16":"purchasable","17":"product-type-simple"},"_links":{"self":[{"href":"https:\/\/roveyayinevi.com.tr\/index.php\/wp-json\/wp\/v2\/product\/727669","targetHints":{"allow":["GET"]}}],"collection":[{"href":"https:\/\/roveyayinevi.com.tr\/index.php\/wp-json\/wp\/v2\/product"}],"about":[{"href":"https:\/\/roveyayinevi.com.tr\/index.php\/wp-json\/wp\/v2\/types\/product"}],"wp:attachment":[{"href":"https:\/\/roveyayinevi.com.tr\/index.php\/wp-json\/wp\/v2\/media?parent=727669"}],"wp:term":[{"taxonomy":"product_brand","embeddable":true,"href":"https:\/\/roveyayinevi.com.tr\/index.php\/wp-json\/wp\/v2\/product_brand?post=727669"},{"taxonomy":"product_cat","embeddable":true,"href":"https:\/\/roveyayinevi.com.tr\/index.php\/wp-json\/wp\/v2\/product_cat?post=727669"},{"taxonomy":"product_tag","embeddable":true,"href":"https:\/\/roveyayinevi.com.tr\/index.php\/wp-json\/wp\/v2\/product_tag?post=727669"}],"curies":[{"name":"wp","href":"https:\/\/api.w.org\/{rel}","templated":true}]}}