{"id":727646,"date":"2025-08-27T20:26:10","date_gmt":"2025-08-27T17:26:10","guid":{"rendered":"https:\/\/roveyayinevi.com.tr\/index.php\/urun\/cennet-diye-bir-yer\/"},"modified":"2026-04-16T02:35:23","modified_gmt":"2026-04-15T23:35:23","slug":"cennet-diye-bir-yer","status":"publish","type":"product","link":"https:\/\/roveyayinevi.com.tr\/index.php\/urun\/cennet-diye-bir-yer\/","title":{"rendered":"Cennet Diye Bir Yer"},"content":{"rendered":"<p>Me\u00e7hulden kopup gelen ceylanlar\u0131n ayak t\u0131p\u0131rt\u0131lar\u0131 duyuluyordu. Mezopotamya, \u0130ran, Mehmene Banu\u2019nun kasr\u0131, \u015eirin\u2019in fildi\u015fi kulesi sars\u0131l\u0131yordu, y\u0131k\u0131l\u0131yordu, yava\u015f yava\u015f tarihin rahmine g\u00f6m\u00fcl\u00fcyordu. \u015eirin\u2019i tekrar kucaklad\u0131m. Araratlardan, Cudilerden Basra K\u00f6rfezi\u2019ne tekrar tekrar yuvarlad\u0131m. Kan durmak bilmiyordu, fas\u0131las\u0131z ak\u0131yordu. Kana tapan halklar \u00fc\u00e7er be\u015fer bencileyin hakire biat ediyorlard\u0131. Tebaam h\u0131zla di\u015file\u015fiyordu, evcille\u015fiyordu. Elveda sevgili \u00e7ocukt\u0131ls\u0131m tamamland\u0131 mum s\u00f6nd\u00fc hamay\u0131l tere batt\u0131 fildi\u015fi kule g\u00f6\u00e7t\u00fc \u201cKendi efsane katalo\u011funun b\u00fct\u00fcn \u00f6gelerini avucunun i\u00e7i gibi tan\u0131yor izlenimini uyand\u0131r\u0131yor H\u00fcseyin Ferhad: Bu d\u00fcnyada, bize a\u00e7\u0131l susam a\u00e7t\u0131\u011f\u0131 bir kap\u0131dan s\u00fcz\u00fcl\u00fcp i\u00e7ine girdi\u011fimiz alaca d\u00fcnyada belli ki onun a\u015fina olmad\u0131\u011f\u0131, \u00e7oktand\u0131r i\u00e7li d\u0131\u015fl\u0131 olmad\u0131\u011f\u0131 tek bir y\u00fcz, i\u015faret, hareket kalmam\u0131\u015f.\u201d Enis Batur<\/p>\n","protected":false},"excerpt":{"rendered":"<p>Me\u00e7hulden kopup gelen ceylanlar\u0131n ayak t\u0131p\u0131rt\u0131lar\u0131 duyuluyordu. Mezopotamya, \u0130ran, Mehmene Banu\u2019nun kasr\u0131, \u015eirin\u2019in fildi\u015fi kulesi sars\u0131l\u0131yordu, y\u0131k\u0131l\u0131yordu, yava\u015f yava\u015f tarihin rahmine g\u00f6m\u00fcl\u00fcyordu. \u015eirin\u2019i tekrar kucaklad\u0131m. Araratlardan,<span class=\"excerpt-hellip\"> [\u2026]<\/span><\/p>\n","protected":false},"featured_media":0,"template":"","meta":{"_monsterinsights_skip_tracking":false,"_monsterinsights_sitenote_active":false,"_monsterinsights_sitenote_note":"","_monsterinsights_sitenote_category":0},"product_brand":[],"product_cat":[18545,12291],"product_tag":[],"class_list":{"0":"post-727646","1":"product","2":"type-product","3":"status-publish","5":"product_cat-anlati","6":"product_cat-edebiyat","7":"pa_cilt-ciltsiz","8":"pa_tur-kitap","9":"pa_yayinevi-otuken-nesriyat","10":"pa_yazar-huseyin-ferhad","12":"first","13":"instock","14":"sale","15":"shipping-taxable","16":"purchasable","17":"product-type-simple"},"_links":{"self":[{"href":"https:\/\/roveyayinevi.com.tr\/index.php\/wp-json\/wp\/v2\/product\/727646","targetHints":{"allow":["GET"]}}],"collection":[{"href":"https:\/\/roveyayinevi.com.tr\/index.php\/wp-json\/wp\/v2\/product"}],"about":[{"href":"https:\/\/roveyayinevi.com.tr\/index.php\/wp-json\/wp\/v2\/types\/product"}],"wp:attachment":[{"href":"https:\/\/roveyayinevi.com.tr\/index.php\/wp-json\/wp\/v2\/media?parent=727646"}],"wp:term":[{"taxonomy":"product_brand","embeddable":true,"href":"https:\/\/roveyayinevi.com.tr\/index.php\/wp-json\/wp\/v2\/product_brand?post=727646"},{"taxonomy":"product_cat","embeddable":true,"href":"https:\/\/roveyayinevi.com.tr\/index.php\/wp-json\/wp\/v2\/product_cat?post=727646"},{"taxonomy":"product_tag","embeddable":true,"href":"https:\/\/roveyayinevi.com.tr\/index.php\/wp-json\/wp\/v2\/product_tag?post=727646"}],"curies":[{"name":"wp","href":"https:\/\/api.w.org\/{rel}","templated":true}]}}