{"id":727641,"date":"2025-08-27T20:26:05","date_gmt":"2025-08-27T17:26:05","guid":{"rendered":"https:\/\/roveyayinevi.com.tr\/index.php\/urun\/askin-atesi-hz-ibrahim\/"},"modified":"2026-04-16T02:35:23","modified_gmt":"2026-04-15T23:35:23","slug":"askin-atesi-hz-ibrahim","status":"publish","type":"product","link":"https:\/\/roveyayinevi.com.tr\/index.php\/urun\/askin-atesi-hz-ibrahim\/","title":{"rendered":"A\u015fk\u0131n Ate\u015fi Hz. \u0130brahim"},"content":{"rendered":"<p>A\u015fk; Hz. \u0130smail olup kesmeyen b\u0131\u00e7a\u011fa yanarken, Hz. \u0130brahim olup emre itaat etmektir. En sevdi\u011fini kurban etme pahas\u0131na\u2026 A\u015fk hasrettir. Hz. H\u00e2cer gibi bir \u00e7ocukla Allah\u2019a emanet ya\u015famakt\u0131r. A\u015fk g\u00fcvendir. Hz. \u0130brahim gibi en sevdiklerini Allah\u2019a \u0131smarlamakt\u0131r. A\u015fk sevmektir. Her k\u00f6t\u00fcl\u00fc\u011f\u00fcne ra\u011fmen herkese kap\u0131y\u0131 a\u00e7\u0131k tutmakt\u0131r. * * * Hz. \u0130brahim, Allah (c.c.) kat\u0131nda \u00e7ok k\u0131ymetli bir inci tanesiydi. Fakat o, inciye d\u00f6n\u00fc\u015fene kadar istiridye misali \u00e7ok \u00e7etin merhalelerden ge\u00e7ti. Ancak Allah (c.c.)\u2019\u0131n rahmet damlas\u0131yla kar\u015f\u0131la\u015f\u0131nca ve hicap sedefiyle \u00f6rt\u00fcl\u00fcnce inciye d\u00f6n\u00fc\u015febildi. <\/p>\n","protected":false},"excerpt":{"rendered":"<p>A\u015fk; Hz. \u0130smail olup kesmeyen b\u0131\u00e7a\u011fa yanarken, Hz. \u0130brahim olup emre itaat etmektir. En sevdi\u011fini kurban etme pahas\u0131na\u2026 A\u015fk hasrettir. Hz. H\u00e2cer gibi bir \u00e7ocukla Allah\u2019a<span class=\"excerpt-hellip\"> [\u2026]<\/span><\/p>\n","protected":false},"featured_media":0,"template":"","meta":{"_monsterinsights_skip_tracking":false,"_monsterinsights_sitenote_active":false,"_monsterinsights_sitenote_note":"","_monsterinsights_sitenote_category":0},"product_brand":[],"product_cat":[12718,18102,12719],"product_tag":[],"class_list":{"0":"post-727641","1":"product","2":"type-product","3":"status-publish","5":"product_cat-din","6":"product_cat-edebiyat-roman","7":"product_cat-islam","8":"pa_cilt-ciltsiz","9":"pa_tur-kitap","10":"pa_yayinevi-cinaralti-yayinlari","11":"pa_yazar-tahsin-akcay","13":"first","14":"instock","15":"sale","16":"shipping-taxable","17":"purchasable","18":"product-type-simple"},"_links":{"self":[{"href":"https:\/\/roveyayinevi.com.tr\/index.php\/wp-json\/wp\/v2\/product\/727641","targetHints":{"allow":["GET"]}}],"collection":[{"href":"https:\/\/roveyayinevi.com.tr\/index.php\/wp-json\/wp\/v2\/product"}],"about":[{"href":"https:\/\/roveyayinevi.com.tr\/index.php\/wp-json\/wp\/v2\/types\/product"}],"wp:attachment":[{"href":"https:\/\/roveyayinevi.com.tr\/index.php\/wp-json\/wp\/v2\/media?parent=727641"}],"wp:term":[{"taxonomy":"product_brand","embeddable":true,"href":"https:\/\/roveyayinevi.com.tr\/index.php\/wp-json\/wp\/v2\/product_brand?post=727641"},{"taxonomy":"product_cat","embeddable":true,"href":"https:\/\/roveyayinevi.com.tr\/index.php\/wp-json\/wp\/v2\/product_cat?post=727641"},{"taxonomy":"product_tag","embeddable":true,"href":"https:\/\/roveyayinevi.com.tr\/index.php\/wp-json\/wp\/v2\/product_tag?post=727641"}],"curies":[{"name":"wp","href":"https:\/\/api.w.org\/{rel}","templated":true}]}}