{"id":727617,"date":"2025-08-27T20:25:00","date_gmt":"2025-08-27T17:25:00","guid":{"rendered":"https:\/\/roveyayinevi.com.tr\/index.php\/urun\/katmerli-sahtekar\/"},"modified":"2026-04-16T02:35:22","modified_gmt":"2026-04-15T23:35:22","slug":"katmerli-sahtekar","status":"publish","type":"product","link":"https:\/\/roveyayinevi.com.tr\/index.php\/urun\/katmerli-sahtekar\/","title":{"rendered":"Katmerli Sahtekar"},"content":{"rendered":"<p>Usta yazar O. Henry\u2019nin kaleminden Katmerli Sahtek\u00e2r, western edebiyat\u0131n en s\u00fcr\u00fckleyici k\u0131sa \u00f6yk\u00fclerini bir araya getiriyor. Teksas\u2019\u0131n s\u0131\u011f\u0131r ve koyun \u00e7iftliklerinde ge\u00e7en ve y\u00f6reyi ger\u00e7e\u011fe uygun bi\u00e7imde yans\u0131tan bu \u00f6yk\u00fcler bazen duygulu, bazen de komik. Fakat her zaman merak uyand\u0131r\u0131c\u0131. O. Henry\u2019nin alametifarikas\u0131 say\u0131lan beklenmedik geli\u015fmeler, s\u00fcpriz finaller keyifli bir \u015fa\u015fk\u0131nl\u0131k yarat\u0131yor.Klasik western hik\u00e2yelerinin aksine, bu \u00f6yk\u00fclerde kimse g\u00f6r\u00fcnd\u00fc\u011f\u00fc kadar k\u00f6t\u00fc, korkak ya da kalpsiz de\u011fil. \u0130yilik ve k\u00f6t\u00fcl\u00fck kar\u015f\u0131t\u0131na d\u00f6n\u00fc\u015fme potansiyelini de ta\u015f\u0131yor kendi i\u00e7inde. Katmerli Sahtek\u00e2r, O. Henry \u00f6yk\u00fclerine ayr\u0131 bir derinlik kazand\u0131ran Mete Ergin\u2019in ba\u015far\u0131l\u0131 \u00e7evirisiyle Yordam Edebiyat\u2019ta.<\/p>\n","protected":false},"excerpt":{"rendered":"<p>Usta yazar O. Henry\u2019nin kaleminden Katmerli Sahtek\u00e2r, western edebiyat\u0131n en s\u00fcr\u00fckleyici k\u0131sa \u00f6yk\u00fclerini bir araya getiriyor. Teksas\u2019\u0131n s\u0131\u011f\u0131r ve koyun \u00e7iftliklerinde ge\u00e7en ve y\u00f6reyi ger\u00e7e\u011fe uygun<span class=\"excerpt-hellip\"> [\u2026]<\/span><\/p>\n","protected":false},"featured_media":0,"template":"","meta":{"_monsterinsights_skip_tracking":false,"_monsterinsights_sitenote_active":false,"_monsterinsights_sitenote_note":"","_monsterinsights_sitenote_category":0},"product_brand":[],"product_cat":[13661,12291],"product_tag":[],"class_list":{"0":"post-727617","1":"product","2":"type-product","3":"status-publish","5":"product_cat-diger-ulke-edebiyatlari","6":"product_cat-edebiyat","7":"pa_cilt-ciltsiz","8":"pa_tur-kitap","9":"pa_yayinevi-yordam-kitap","10":"pa_yazar-o-henry","12":"first","13":"instock","14":"sale","15":"shipping-taxable","16":"purchasable","17":"product-type-simple"},"_links":{"self":[{"href":"https:\/\/roveyayinevi.com.tr\/index.php\/wp-json\/wp\/v2\/product\/727617","targetHints":{"allow":["GET"]}}],"collection":[{"href":"https:\/\/roveyayinevi.com.tr\/index.php\/wp-json\/wp\/v2\/product"}],"about":[{"href":"https:\/\/roveyayinevi.com.tr\/index.php\/wp-json\/wp\/v2\/types\/product"}],"wp:attachment":[{"href":"https:\/\/roveyayinevi.com.tr\/index.php\/wp-json\/wp\/v2\/media?parent=727617"}],"wp:term":[{"taxonomy":"product_brand","embeddable":true,"href":"https:\/\/roveyayinevi.com.tr\/index.php\/wp-json\/wp\/v2\/product_brand?post=727617"},{"taxonomy":"product_cat","embeddable":true,"href":"https:\/\/roveyayinevi.com.tr\/index.php\/wp-json\/wp\/v2\/product_cat?post=727617"},{"taxonomy":"product_tag","embeddable":true,"href":"https:\/\/roveyayinevi.com.tr\/index.php\/wp-json\/wp\/v2\/product_tag?post=727617"}],"curies":[{"name":"wp","href":"https:\/\/api.w.org\/{rel}","templated":true}]}}