{"id":727610,"date":"2025-08-27T20:24:54","date_gmt":"2025-08-27T17:24:54","guid":{"rendered":"https:\/\/roveyayinevi.com.tr\/index.php\/urun\/egitim-atilimina-dogru\/"},"modified":"2026-04-16T02:35:22","modified_gmt":"2026-04-15T23:35:22","slug":"egitim-atilimina-dogru","status":"publish","type":"product","link":"https:\/\/roveyayinevi.com.tr\/index.php\/urun\/egitim-atilimina-dogru\/","title":{"rendered":"E\u011fitim At\u0131l\u0131m\u0131na Do\u011fru"},"content":{"rendered":"<p>Nafi Atuf Kansu\u2019yu \u00f6\u011fretmen, pedagoji yazar\u0131 diye anlamaya \u00e7al\u0131\u015fmak, onu hi\u00e7 anlamamakt\u0131r. Nafi Atuf Kansu ne idi? Me\u015frutiyet\u2019ten bu yana k\u00fclt\u00fcr tarihimizin tan\u0131yabildi\u011fi en b\u00fcy\u00fck m\u00fctefekkirlerimizden biri. Rahmetli bir\u00e7oklar\u0131 gibi \u00fcnl\u00fc bir kimse de\u011fildi. Ancak \u00fcn ba\u015fkad\u0131r, de\u011fer ba\u015fkad\u0131r.\u201dM\u00fclkiye Mektebi mezuniyetinin ard\u0131ndan Balkan Sava\u015f\u0131 ate\u015finin ortas\u0131nda kalacak olan Edirne\u2019de g\u00f6rev alan Nafi Atuf Kansu, \u00f6\u011frencili\u011finden beri e\u011fitim ve toplumsal sorunlara olan ilgisi ile Edirne\u2019deki m\u00fclki ve e\u011fitim idarecili\u011finin yan\u0131nda, \u00f6\u011fretmenlik, \u00f6\u011fretmen \u00f6rg\u00fctlenmesi, kitap ve dergi yay\u0131nc\u0131l\u0131\u011f\u0131 ile \u00f6mr\u00fcn\u00fc adayaca\u011f\u0131 e\u011fitim ser\u00fcvenine ba\u015flam\u0131\u015ft\u0131r. Bir ayd\u0131n, b\u00fcrokrat ve siyaset\u00e7i olarak 1920&#8217;den sonra Anadolu\u2019ya ge\u00e7erek \u00f6mr\u00fcn\u00fcn tamam\u0131n\u0131 ayd\u0131nlanmaya ve gen\u00e7 Cumhuriyetimizin b\u00fcy\u00fck e\u011fitim devriminin sessiz bir mimar\u0131 olarak yurt hizmetine adam\u0131\u015ft\u0131r.1911-1912 y\u0131llar\u0131nda Nafi Atuf Kansu yak\u0131n arkada\u015f\u0131 M. Vehbi Sar\u0131dal ile birlikte Edirne\u2019de on be\u015f g\u00fcn aral\u0131klarla \u00e7\u0131kard\u0131\u011f\u0131 Sa\u2019y \u00fc Tetebbu (Emek ve \u0130nceleme) dergisinin, Bulgar sald\u0131r\u0131s\u0131n\u0131n ba\u015flamas\u0131na bir ay kalana kadar s\u00fcren ve 39 say\u0131 ile bu alanda nadir say\u0131lacak uzun bir yay\u0131m hayat\u0131 olmu\u015ftur. Y\u00fczy\u0131l\u0131 a\u015fk\u0131n bir s\u00fcre \u00f6nce Osmanl\u0131 toplumundaki toplum ve e\u011fitim sorunlar\u0131 \u00fczerindeki Nafi Atuf\u2019un g\u00f6r\u00fc\u015flerindeki kapsam ve derinli\u011fin bug\u00fcn bile g\u00fcncelli\u011fini ve ge\u00e7erlili\u011fini korudu\u011funu fark eden ara\u015ft\u0131rmac\u0131 Say\u0131n Hal\u00fbk Kay\u0131c\u0131, derginin \u00e7\u0131kan t\u00fcm say\u0131lar\u0131ndaki Nafi Atuf\u2019a ait makaleleri akademisyen titizli\u011fi ile as\u0131l metinlere sad\u0131k kalarak dilimize \u00e7evirerek g\u00fcn\u00fcm\u00fcz okuyucular\u0131na, ara\u015ft\u0131rmac\u0131lar\u0131na ve e\u011fitim d\u00fcnyas\u0131na sunmu\u015f olmas\u0131 \u00e7ok de\u011ferli bir \u00e7aba olmu\u015ftur.Kansu ailesi bu de\u011ferli \u00e7al\u0131\u015fman\u0131n yaz\u0131n d\u00fcnyas\u0131na sunulmas\u0131ndan sevin\u00e7 duymaktad\u0131r.<\/p>\n","protected":false},"excerpt":{"rendered":"<p>Nafi Atuf Kansu\u2019yu \u00f6\u011fretmen, pedagoji yazar\u0131 diye anlamaya \u00e7al\u0131\u015fmak, onu hi\u00e7 anlamamakt\u0131r. Nafi Atuf Kansu ne idi? Me\u015frutiyet\u2019ten bu yana k\u00fclt\u00fcr tarihimizin tan\u0131yabildi\u011fi en b\u00fcy\u00fck m\u00fctefekkirlerimizden<span class=\"excerpt-hellip\"> [\u2026]<\/span><\/p>\n","protected":false},"featured_media":0,"template":"","meta":{"_monsterinsights_skip_tracking":false,"_monsterinsights_sitenote_active":false,"_monsterinsights_sitenote_note":"","_monsterinsights_sitenote_category":0},"product_brand":[],"product_cat":[12370,12304],"product_tag":[],"class_list":{"0":"post-727610","1":"product","2":"type-product","3":"status-publish","5":"product_cat-arastirma-inceleme","6":"product_cat-tarih","7":"pa_cilt-ciltsiz","8":"pa_tur-kitap","9":"pa_yayinevi-telgrafhane-yayinlari","10":"pa_yazar-nafi-atuf-kansu","12":"first","13":"instock","14":"sale","15":"shipping-taxable","16":"purchasable","17":"product-type-simple"},"_links":{"self":[{"href":"https:\/\/roveyayinevi.com.tr\/index.php\/wp-json\/wp\/v2\/product\/727610","targetHints":{"allow":["GET"]}}],"collection":[{"href":"https:\/\/roveyayinevi.com.tr\/index.php\/wp-json\/wp\/v2\/product"}],"about":[{"href":"https:\/\/roveyayinevi.com.tr\/index.php\/wp-json\/wp\/v2\/types\/product"}],"wp:attachment":[{"href":"https:\/\/roveyayinevi.com.tr\/index.php\/wp-json\/wp\/v2\/media?parent=727610"}],"wp:term":[{"taxonomy":"product_brand","embeddable":true,"href":"https:\/\/roveyayinevi.com.tr\/index.php\/wp-json\/wp\/v2\/product_brand?post=727610"},{"taxonomy":"product_cat","embeddable":true,"href":"https:\/\/roveyayinevi.com.tr\/index.php\/wp-json\/wp\/v2\/product_cat?post=727610"},{"taxonomy":"product_tag","embeddable":true,"href":"https:\/\/roveyayinevi.com.tr\/index.php\/wp-json\/wp\/v2\/product_tag?post=727610"}],"curies":[{"name":"wp","href":"https:\/\/api.w.org\/{rel}","templated":true}]}}

Eğitim Atılımına Doğru

<p>Nafi Atuf Kansu’yu öğretmen, pedagoji yazarı diye anlamaya çalışmak, onu hiç anlamamaktır. Nafi Atuf Kansu ne idi? Meşrutiyet’ten bu yana kültür tarihimizin tanıyabildiği en büyük mütefekkirlerimizden biri. Rahmetli birçokları gibi ünlü bir kimse değildi. Ancak ün başkadır, değer başkadır.”Mülkiye Mektebi mezuniyetinin ardından Balkan Savaşı ateşinin ortasında kalacak olan Edirne’de görev alan Nafi Atuf Kansu, öğrenciliğinden beri eğitim ve toplumsal sorunlara olan ilgisi ile Edirne’deki mülki ve eğitim idareciliğinin yanında, öğretmenlik, öğretmen örgütlenmesi, kitap ve dergi yayıncılığı ile ömrünü adayacağı eğitim serüvenine başlamıştır. Bir aydın, bürokrat ve siyasetçi olarak 1920&#8217;den sonra Anadolu’ya geçerek ömrünün tamamını aydınlanmaya ve genç Cumhuriyetimizin büyük eğitim devriminin sessiz bir mimarı olarak yurt hizmetine adamıştır.1911-1912 yıllarında Nafi Atuf Kansu yakın arkadaşı M. Vehbi Sarıdal ile birlikte Edirne’de on beş gün aralıklarla çıkardığı Sa’y ü Tetebbu (Emek ve İnceleme) dergisinin, Bulgar saldırısının başlamasına bir ay kalana kadar süren ve 39 sayı ile bu alanda nadir sayılacak uzun bir yayım hayatı olmuştur. Yüzyılı aşkın bir süre önce Osmanlı toplumundaki toplum ve eğitim sorunları üzerindeki Nafi Atuf’un görüşlerindeki kapsam ve derinliğin bugün bile güncelliğini ve geçerliliğini koruduğunu fark eden araştırmacı Sayın Halûk Kayıcı, derginin çıkan tüm sayılarındaki Nafi Atuf’a ait makaleleri akademisyen titizliği ile asıl metinlere sadık kalarak dilimize çevirerek günümüz okuyucularına, araştırmacılarına ve eğitim dünyasına sunmuş olması çok değerli bir çaba olmuştur.Kansu ailesi bu değerli çalışmanın yazın dünyasına sunulmasından sevinç duymaktadır.</p>

<p>Nafi Atuf Kansu’yu öğretmen, pedagoji yazarı diye anlamaya çalışmak, onu hiç anlamamaktır. Nafi Atuf Kansu ne idi? Meşrutiyet’ten bu yana kültür tarihimizin tanıyabildiği en büyük mütefekkirlerimizden<span class="excerpt-hellip"> […]</span></p>
