{"id":727606,"date":"2025-08-27T20:24:50","date_gmt":"2025-08-27T17:24:50","guid":{"rendered":"https:\/\/roveyayinevi.com.tr\/index.php\/urun\/ataturkun-dusu-mutlu-insanlar-ulkesi\/"},"modified":"2026-04-16T02:35:22","modified_gmt":"2026-04-15T23:35:22","slug":"ataturkun-dusu-mutlu-insanlar-ulkesi","status":"publish","type":"product","link":"https:\/\/roveyayinevi.com.tr\/index.php\/urun\/ataturkun-dusu-mutlu-insanlar-ulkesi\/","title":{"rendered":"Atat\u00fcrk\u2019\u00fcn D\u00fc\u015f\u00fc Mutlu \u0130nsanlar \u00dclkesi"},"content":{"rendered":"<p>Ya\u015fam\u0131n\u0131, yurdunun &#8220;mutlu insanlar \u00fclkesi&#8221; olmas\u0131na adam\u0131\u015f bir ki\u015fiyi, Mustafa Kemal Atat\u00fcrk&#8217;\u00fc, ya\u015fad\u0131\u011f\u0131 \u00e7a\u011f\u0131, yapt\u0131klar\u0131n\u0131 ve yapmak istediklerini anlatt\u0131m bu kitapta. Bu konular sende ders kitab\u0131 \u00e7a\u011fr\u0131\u015f\u0131m\u0131 m\u0131 yapt\u0131? Korkma, \u00f6yle de\u011fil. Ama korkmakta da hakl\u0131s\u0131n; \u00fcniversiteden \u00f6nceki okul ya\u015fam\u0131mda bize okutulan sosyal bilgiler (tarih ve yurt bilgisi) kitaplar\u0131n\u0131 ben de hi\u00e7 sevmedim. Benim okudu\u011fum kitaplar ger\u00e7ekten hem g\u00f6r\u00fcn\u00fc\u015fleriyle, hem de i\u00e7erikleriyle s\u0131k\u0131c\u0131yd\u0131. Yak\u0131n tarihlerde, torunum Sina&#8217;n\u0131n okudu\u011fu sosyal bilgiler kitaplar\u0131na bakt\u0131m: Kimse kusura bakmas\u0131n ama onlar\u0131 da hi\u00e7 ilgin\u00e7 bulmad\u0131m. &#8220;Yoksa ben ders kitab\u0131 m\u0131 yazsam?&#8221; dedim; \u00e7\u00fcnk\u00fc bunlar asl\u0131nda ilgin\u00e7 konulard\u0131. &#8220;Aman, ders kitab\u0131 yazma!&#8221; dedi torunum. &#8220;Ama ben ilgin\u00e7 yazar\u0131m&#8221; dedim. &#8220;Sen bilirsin&#8221; dedi. Yine de bu kitap, bir ders kitab\u0131 de\u011fil: Atat\u00fcrk&#8217;\u00fc \u00f6\u011frenmek, anlamak isteyen okurlar\u0131m\u0131n benden istedikleri bir kitap&#8230; Kendi ya\u015fam deneyimlerimi, bildiklerimi, \u00f6\u011frendiklerimi, an\u0131larla, \u015fiirlerle, t\u00fcrk\u00fclerle, gazete yaz\u0131lar\u0131yla harmanlay\u0131p yazd\u0131m bu kitab\u0131. Sevgili okurlar\u0131m\u0131n beklentilerinin bo\u015fa \u00e7\u0131kmayaca\u011f\u0131n\u0131 umuyorum. <\/p>\n","protected":false},"excerpt":{"rendered":"<p>Ya\u015fam\u0131n\u0131, yurdunun &#8220;mutlu insanlar \u00fclkesi&#8221; olmas\u0131na adam\u0131\u015f bir ki\u015fiyi, Mustafa Kemal Atat\u00fcrk&#8217;\u00fc, ya\u015fad\u0131\u011f\u0131 \u00e7a\u011f\u0131, yapt\u0131klar\u0131n\u0131 ve yapmak istediklerini anlatt\u0131m bu kitapta. Bu konular sende ders kitab\u0131<span class=\"excerpt-hellip\"> [\u2026]<\/span><\/p>\n","protected":false},"featured_media":0,"template":"","meta":{"_monsterinsights_skip_tracking":false,"_monsterinsights_sitenote_active":false,"_monsterinsights_sitenote_note":"","_monsterinsights_sitenote_category":0},"product_brand":[],"product_cat":[12530,12304],"product_tag":[],"class_list":{"0":"post-727606","1":"product","2":"type-product","3":"status-publish","5":"product_cat-mustafa-kemal-ataturk","6":"product_cat-tarih","7":"pa_cilt-ciltsiz","8":"pa_tur-kitap","9":"pa_yayinevi-abis-yayincilik","10":"pa_yazar-mina-tansel","12":"first","13":"instock","14":"sale","15":"shipping-taxable","16":"purchasable","17":"product-type-simple"},"_links":{"self":[{"href":"https:\/\/roveyayinevi.com.tr\/index.php\/wp-json\/wp\/v2\/product\/727606","targetHints":{"allow":["GET"]}}],"collection":[{"href":"https:\/\/roveyayinevi.com.tr\/index.php\/wp-json\/wp\/v2\/product"}],"about":[{"href":"https:\/\/roveyayinevi.com.tr\/index.php\/wp-json\/wp\/v2\/types\/product"}],"wp:attachment":[{"href":"https:\/\/roveyayinevi.com.tr\/index.php\/wp-json\/wp\/v2\/media?parent=727606"}],"wp:term":[{"taxonomy":"product_brand","embeddable":true,"href":"https:\/\/roveyayinevi.com.tr\/index.php\/wp-json\/wp\/v2\/product_brand?post=727606"},{"taxonomy":"product_cat","embeddable":true,"href":"https:\/\/roveyayinevi.com.tr\/index.php\/wp-json\/wp\/v2\/product_cat?post=727606"},{"taxonomy":"product_tag","embeddable":true,"href":"https:\/\/roveyayinevi.com.tr\/index.php\/wp-json\/wp\/v2\/product_tag?post=727606"}],"curies":[{"name":"wp","href":"https:\/\/api.w.org\/{rel}","templated":true}]}}