{"id":727603,"date":"2025-08-27T20:24:48","date_gmt":"2025-08-27T17:24:48","guid":{"rendered":"https:\/\/roveyayinevi.com.tr\/index.php\/urun\/hainin-oyunu-ciltli\/"},"modified":"2026-04-16T02:35:22","modified_gmt":"2026-04-15T23:35:22","slug":"hainin-oyunu-ciltli","status":"publish","type":"product","link":"https:\/\/roveyayinevi.com.tr\/index.php\/urun\/hainin-oyunu-ciltli\/","title":{"rendered":"Hainin Oyunu (Ciltli)"},"content":{"rendered":"<p>Hainin Oyununda Kazanmaktan Ba\u015fka \u015eans\u0131n Yok Kestra Dallisor \u00fc\u00e7 y\u0131ld\u0131r s\u00fcrg\u00fcndeydi ve kendisini \u00e7ok daha karanl\u0131k bir gelece\u011fin bekledi\u011finin fark\u0131ndayd\u0131 ama zalim kral Lord Endrick\u2019in sa\u011fkolu olan babas\u0131 y\u00fcz\u00fcnden eve d\u00f6n\u00fc\u015f yolunda asilerin ona pusu kurmas\u0131n\u0131 beklemiyordu. Hayat\u0131na kar\u015f\u0131l\u0131k kay\u0131p Olden Han\u00e7eri\u2019ni bulmas\u0131n\u0131 s\u00f6ylediklerinde Kestra \u00e7oktan plan yapmaya ba\u015flam\u0131\u015ft\u0131. Asilerden biri olan Simon ise kaderin onlar\u0131 tekrar bulu\u015fturmas\u0131n\u0131n sebebini \u00f6\u011frenmeden onu g\u00f6z\u00fcn\u00fcn \u00f6n\u00fcnden ay\u0131rmayacakt\u0131. Hi\u00e7bir \u015feyin g\u00f6r\u00fcnd\u00fc\u011f\u00fc gibi olmad\u0131\u011f\u0131 Antora\u2019da s\u0131rlar birer birer \u00e7\u00f6z\u00fcl\u00fcp hedefler de\u011fi\u015ftik\u00e7e, kim ve ne u\u011fruna sava\u015ft\u0131klar\u0131na karar vermek zorunda kalacaklard\u0131. \u201cS\u0131radaki b\u00fcy\u00fck gen\u00e7 yeti\u015fkin \u00e7\u0131lg\u0131nl\u0131\u011f\u0131.\u201d \u2014Entertainment Weekly \u201cHer ters k\u00f6\u015fede a\u011fz\u0131n\u0131z a\u00e7\u0131k kalacak.\u201d \u2014Justine Magazine \u201cE\u011fer kad\u0131n kahramanlar\u0131n\u0131z\u0131 \u00f6fkeli, erkek kahramanlar\u0131n\u0131z\u0131 korumac\u0131, sadakatleri iki arada kalm\u0131\u015f, g\u00f6revleri karma\u015f\u0131k, nedenleri gizli, ya\u015famlar\u0131 s\u0131rlarla dolu seviyorsan\u0131z, Hainin Oyunu\u2019nu mutlaka okumal\u0131s\u0131n\u0131z..\u201d \u2014Fiktshun \u201c2018\u2019in en \u00e7ok beklenen gen\u00e7 fantastik romanlar\u0131ndan biri.\u201d \u2014Bustle \u201cHainin Oyunu cesur bir kad\u0131n kahraman, bir par\u00e7a yasak a\u015fk ve pek \u00e7ok ters k\u00f6\u015fe i\u00e7eren entrika dolu bir macera sunuyor.\u201d \u2014Shelf Awareness \u201cOnu tuza\u011fa d\u00fc\u015f\u00fcrmeyi ama\u00e7layan komplolar\u0131 bozarak kendi hik\u00e2yesinin kontrol\u00fcn\u00fc ele almakta \u0131srarc\u0131 bir kad\u0131nla tan\u0131\u015facaks\u0131n\u0131z.\u201d \u2014RT Book Reviews \u201cNielsen, hik\u00e2ye boyunca gerilimi belirli bir seviyede tutarken bir yandan da okuru savunmas\u0131z yakalamak konusunda m\u00fcthi\u015f bir i\u015f \u00e7\u0131karm\u0131\u015f. En zor be\u011fenen okurlar bile tatmin olacak.\u201d \u2014School Library Journal  \u201cKestra benim i\u00e7in t\u00fcm zamanlar\u0131n en m\u00fcthi\u015f kahramanlar\u0131ndan biri. Bir par\u00e7a b\u00fcy\u00fcyle okuru tamamen ele ge\u00e7iren bir efsaneye; ilgi \u00e7ekici bir \u00fc\u00e7leme i\u00e7in m\u00fckemmel bir ba\u015flang\u0131ca imza at\u0131lm\u0131\u015f.\u201d \u2014Buried Under Books  \u201cFantastik ve romantik romanlar\u0131n ba\u015f d\u00f6nd\u00fcren kar\u0131\u015f\u0131m\u0131.\u201d \u2014Girls\u2019 Life  \u201cBitirdi\u011finiz anda daha fazlas\u0131n\u0131 isteyece\u011finiz, aksiyon dolu bir ilk kitap.\u201d \u2014Missourian <\/p>\n","protected":false},"excerpt":{"rendered":"<p>Hainin Oyununda Kazanmaktan Ba\u015fka \u015eans\u0131n Yok Kestra Dallisor \u00fc\u00e7 y\u0131ld\u0131r s\u00fcrg\u00fcndeydi ve kendisini \u00e7ok daha karanl\u0131k bir gelece\u011fin bekledi\u011finin fark\u0131ndayd\u0131 ama zalim kral Lord Endrick\u2019in sa\u011fkolu<span class=\"excerpt-hellip\"> [\u2026]<\/span><\/p>\n","protected":false},"featured_media":0,"template":"","meta":{"_monsterinsights_skip_tracking":false,"_monsterinsights_sitenote_active":false,"_monsterinsights_sitenote_note":"","_monsterinsights_sitenote_category":0},"product_brand":[],"product_cat":[12291,14777],"product_tag":[],"class_list":{"0":"post-727603","1":"product","2":"type-product","3":"status-publish","5":"product_cat-edebiyat","6":"product_cat-fantastik","7":"pa_cilt-ciltli","8":"pa_tur-kitap","9":"pa_yayinevi-yabanci-yayinevi","10":"pa_yazar-jennifer-a-nielsen","12":"first","13":"instock","14":"sale","15":"shipping-taxable","16":"purchasable","17":"product-type-simple"},"_links":{"self":[{"href":"https:\/\/roveyayinevi.com.tr\/index.php\/wp-json\/wp\/v2\/product\/727603","targetHints":{"allow":["GET"]}}],"collection":[{"href":"https:\/\/roveyayinevi.com.tr\/index.php\/wp-json\/wp\/v2\/product"}],"about":[{"href":"https:\/\/roveyayinevi.com.tr\/index.php\/wp-json\/wp\/v2\/types\/product"}],"wp:attachment":[{"href":"https:\/\/roveyayinevi.com.tr\/index.php\/wp-json\/wp\/v2\/media?parent=727603"}],"wp:term":[{"taxonomy":"product_brand","embeddable":true,"href":"https:\/\/roveyayinevi.com.tr\/index.php\/wp-json\/wp\/v2\/product_brand?post=727603"},{"taxonomy":"product_cat","embeddable":true,"href":"https:\/\/roveyayinevi.com.tr\/index.php\/wp-json\/wp\/v2\/product_cat?post=727603"},{"taxonomy":"product_tag","embeddable":true,"href":"https:\/\/roveyayinevi.com.tr\/index.php\/wp-json\/wp\/v2\/product_tag?post=727603"}],"curies":[{"name":"wp","href":"https:\/\/api.w.org\/{rel}","templated":true}]}}