{"id":727589,"date":"2025-08-27T20:24:36","date_gmt":"2025-08-27T17:24:36","guid":{"rendered":"https:\/\/roveyayinevi.com.tr\/index.php\/urun\/bay-virus\/"},"modified":"2026-04-16T02:35:22","modified_gmt":"2026-04-15T23:35:22","slug":"bay-virus","status":"publish","type":"product","link":"https:\/\/roveyayinevi.com.tr\/index.php\/urun\/bay-virus\/","title":{"rendered":"Bay Vir\u00fcs"},"content":{"rendered":"<p>A\u00e7\u0131klama:BAY V\u0130R\u00dcS isimli bu hik\u00e2ye kitab\u0131n\u0131n yaz\u0131lma amac\u0131, d\u00fcnyada canl\u0131 hayat\u0131n var olmas\u0131ndan bu yana ya\u015famlar\u0131n\u0131 s\u00fcrd\u00fcren basit yap\u0131da ama \u00e7ok tehlikeli olabilen vir\u00fcsleri \u00e7ocuklara anlatmakt\u0131r. Vir\u00fcsler hakk\u0131nda edinecekleri temel bilgilere ve vir\u00fcslere kar\u015f\u0131 alabilecekleri basit \u00f6nlemlere yer verilmektedir. \u00c7ocuklar\u0131n, g\u00fcnl\u00fck ya\u015famlar\u0131nda hijyen ko\u015fullar\u0131na dikkat edecekleri noktalar vurgulanarak temizlik al\u0131\u015fkanl\u0131klar\u0131n\u0131n oturtulmas\u0131 d\u00fc\u015f\u00fcn\u00fclm\u00fc\u015ft\u00fcr. Ana hatlar\u0131yla verilen bilgilerle vir\u00fcslere ve \u015fu anda ya\u015fan\u0131lan salg\u0131n nedeni ile de C*ovid 19\u2019e dikkat \u00e7ekilmek istenmi\u015ftir.Son g\u00fcnlerde pandemi nedeni ile g\u00fcndemde olan ve ciddi oranda hayati tehlike olu\u015fturan C*ovid-19 isimli vir\u00fcs, genel olarak nezle, grip gibi hastal\u0131klara neden olan vir\u00fcslerin de i\u00e7inde bulundu\u011fu C*orona vir\u00fcs ailesine mensuptur. Genel olarak g\u00fcnl\u00fck ya\u015fam\u0131m\u0131zda her t\u00fcrl\u00fc viral bula\u015fman\u0131n \u00f6nlenmesi i\u00e7in mesafe ve el temizli\u011fi son derece \u00f6nemlidir. C*ovid 19 i\u00e7in ise ana bula\u015fman\u0131n, solunum yollar\u0131 olmas\u0131 nedeni ile maske kullan\u0131m\u0131na bu kitapta \u00f6zellikle vurgu yap\u0131lm\u0131\u015ft\u0131r.<\/p>\n","protected":false},"excerpt":{"rendered":"<p>A\u00e7\u0131klama:BAY V\u0130R\u00dcS isimli bu hik\u00e2ye kitab\u0131n\u0131n yaz\u0131lma amac\u0131, d\u00fcnyada canl\u0131 hayat\u0131n var olmas\u0131ndan bu yana ya\u015famlar\u0131n\u0131 s\u00fcrd\u00fcren basit yap\u0131da ama \u00e7ok tehlikeli olabilen vir\u00fcsleri \u00e7ocuklara anlatmakt\u0131r.<span class=\"excerpt-hellip\"> [\u2026]<\/span><\/p>\n","protected":false},"featured_media":0,"template":"","meta":{"_monsterinsights_skip_tracking":false,"_monsterinsights_sitenote_active":false,"_monsterinsights_sitenote_note":"","_monsterinsights_sitenote_category":0},"product_brand":[],"product_cat":[12274,12284],"product_tag":[],"class_list":{"0":"post-727589","1":"product","2":"type-product","3":"status-publish","5":"product_cat-cocuk-ve-genclik-kitaplari","6":"product_cat-hikayeler","7":"pa_cilt-ciltsiz","8":"pa_tur-kitap","9":"pa_yayinevi-fa-yayinlari","10":"pa_yazar-nazan-demir","12":"first","13":"instock","14":"sale","15":"shipping-taxable","16":"purchasable","17":"product-type-simple"},"_links":{"self":[{"href":"https:\/\/roveyayinevi.com.tr\/index.php\/wp-json\/wp\/v2\/product\/727589","targetHints":{"allow":["GET"]}}],"collection":[{"href":"https:\/\/roveyayinevi.com.tr\/index.php\/wp-json\/wp\/v2\/product"}],"about":[{"href":"https:\/\/roveyayinevi.com.tr\/index.php\/wp-json\/wp\/v2\/types\/product"}],"wp:attachment":[{"href":"https:\/\/roveyayinevi.com.tr\/index.php\/wp-json\/wp\/v2\/media?parent=727589"}],"wp:term":[{"taxonomy":"product_brand","embeddable":true,"href":"https:\/\/roveyayinevi.com.tr\/index.php\/wp-json\/wp\/v2\/product_brand?post=727589"},{"taxonomy":"product_cat","embeddable":true,"href":"https:\/\/roveyayinevi.com.tr\/index.php\/wp-json\/wp\/v2\/product_cat?post=727589"},{"taxonomy":"product_tag","embeddable":true,"href":"https:\/\/roveyayinevi.com.tr\/index.php\/wp-json\/wp\/v2\/product_tag?post=727589"}],"curies":[{"name":"wp","href":"https:\/\/api.w.org\/{rel}","templated":true}]}}