{"id":727582,"date":"2025-08-27T20:24:31","date_gmt":"2025-08-27T17:24:31","guid":{"rendered":"https:\/\/roveyayinevi.com.tr\/index.php\/urun\/inayet-gokceden-deyisler\/"},"modified":"2026-04-16T02:35:21","modified_gmt":"2026-04-15T23:35:21","slug":"inayet-gokceden-deyisler","status":"publish","type":"product","link":"https:\/\/roveyayinevi.com.tr\/index.php\/urun\/inayet-gokceden-deyisler\/","title":{"rendered":"\u0130nayet G\u00f6k\u00e7e\u2019den Deyi\u015fler"},"content":{"rendered":"<p>Sevgi insan\u0131 insan eder. Her insan\u0131 insan eden. Her insan\u0131 mutlaka mutlu eden de\u011fer yarg\u0131lar\u0131 vard\u0131r. Benim mutlulu\u011fum ise, \u00f6z\u00fcmdeki ilahi a\u015fk\u0131 ya\u015fatarak, konu\u015farak bazen de sat\u0131rlara d\u00f6kerek ifade etmek oldu\u011fu deyi\u015fler halinde\u2026  \u0130nanmak, hissetmek, ya\u015famak; manevi hazza vararak\u2026  Kalemi dost edinip, ka\u011f\u0131da s\u0131rda\u015f olmak, kendini kendinle ya\u015famak. Kanad\u0131 k\u0131r\u0131k bir ku\u015f misali, \u00e7\u0131rp\u0131n\u0131yordu i\u00e7imde kelimeler, yazd\u0131k\u00e7a yaralar\u0131m kapan\u0131yor, huzur buluyorum. U\u00e7mak istiyorum u\u00e7mak Yery\u00fcz\u00fcne sevgi sa\u00e7mak Kapal\u0131 kap\u0131y\u0131 a\u00e7mak Rabbim sana y\u00f6nelmi\u015fim.    <\/p>\n","protected":false},"excerpt":{"rendered":"<p>Sevgi insan\u0131 insan eder. Her insan\u0131 insan eden. Her insan\u0131 mutlaka mutlu eden de\u011fer yarg\u0131lar\u0131 vard\u0131r. Benim mutlulu\u011fum ise, \u00f6z\u00fcmdeki ilahi a\u015fk\u0131 ya\u015fatarak, konu\u015farak bazen de<span class=\"excerpt-hellip\"> [\u2026]<\/span><\/p>\n","protected":false},"featured_media":0,"template":"","meta":{"_monsterinsights_skip_tracking":false,"_monsterinsights_sitenote_active":false,"_monsterinsights_sitenote_note":"","_monsterinsights_sitenote_category":0},"product_brand":[],"product_cat":[12291,12509],"product_tag":[],"class_list":{"0":"post-727582","1":"product","2":"type-product","3":"status-publish","5":"product_cat-edebiyat","6":"product_cat-siir","7":"pa_cilt-ciltsiz","8":"pa_tur-kitap","9":"pa_yayinevi-karamuk-yayinlari","10":"pa_yazar-inayet-gokce","12":"first","13":"instock","14":"sale","15":"shipping-taxable","16":"purchasable","17":"product-type-simple"},"_links":{"self":[{"href":"https:\/\/roveyayinevi.com.tr\/index.php\/wp-json\/wp\/v2\/product\/727582","targetHints":{"allow":["GET"]}}],"collection":[{"href":"https:\/\/roveyayinevi.com.tr\/index.php\/wp-json\/wp\/v2\/product"}],"about":[{"href":"https:\/\/roveyayinevi.com.tr\/index.php\/wp-json\/wp\/v2\/types\/product"}],"wp:attachment":[{"href":"https:\/\/roveyayinevi.com.tr\/index.php\/wp-json\/wp\/v2\/media?parent=727582"}],"wp:term":[{"taxonomy":"product_brand","embeddable":true,"href":"https:\/\/roveyayinevi.com.tr\/index.php\/wp-json\/wp\/v2\/product_brand?post=727582"},{"taxonomy":"product_cat","embeddable":true,"href":"https:\/\/roveyayinevi.com.tr\/index.php\/wp-json\/wp\/v2\/product_cat?post=727582"},{"taxonomy":"product_tag","embeddable":true,"href":"https:\/\/roveyayinevi.com.tr\/index.php\/wp-json\/wp\/v2\/product_tag?post=727582"}],"curies":[{"name":"wp","href":"https:\/\/api.w.org\/{rel}","templated":true}]}}