{"id":727566,"date":"2025-08-27T20:24:15","date_gmt":"2025-08-27T17:24:15","guid":{"rendered":"https:\/\/roveyayinevi.com.tr\/index.php\/urun\/rubailer-3\/"},"modified":"2026-04-16T02:35:21","modified_gmt":"2026-04-15T23:35:21","slug":"rubailer-3","status":"publish","type":"product","link":"https:\/\/roveyayinevi.com.tr\/index.php\/urun\/rubailer-3\/","title":{"rendered":"Rubailer"},"content":{"rendered":"<p>Mecazd\u0131r asl\u0131nda \u015fu d\u00fcnya dedi\u011fin g\u00f6nl\u00fcm. Bin bir dilekle d\u00f6v\u00fcnmene yer yok senin g\u00f6nl\u00fcm. B\u0131rak kadere kendini zamana uy git art\u0131k; D\u00f6nmez, yazmaz i\u015fte sil ba\u015ftan kalemin g\u00f6nl\u00fcm.   \u0130nsanl\u0131\u011f\u0131n merkezine g\u00f6nl\u00fc koyan \u00d6mer Hayyam\u2019\u0131n hayat felsefesi, asl\u0131nda d\u00f6rt sat\u0131rla ne de g\u00fczel kendini belli ediyor de\u011fil mi? \u0130nsan\u0131n ne yaparsa yaps\u0131n yaz\u0131lan kaderini ya\u015fayaca\u011f\u0131n\u0131, \u015fu d\u00fcnyada ba\u015fa gelen s\u0131k\u0131nt\u0131lara \u00fcz\u00fclmenin, yerinmenin ne kadar da bo\u015f oldu\u011funu, al\u0131n yaz\u0131s\u0131n\u0131n sil ba\u015ftan yaz\u0131lamayaca\u011f\u0131n\u0131 anlatm\u0131\u015f bizlere b\u00fcy\u00fck \u015fair. Bu bahsi ge\u00e7en kavramlar asl\u0131nda Hayyam\u2019\u0131n hemen hemen t\u00fcm rubailerine h\u00e2kim olan konulard\u0131r. O, \u00e7a\u011fda\u015flar\u0131ndan daima farkl\u0131 d\u00fc\u015f\u00fcnm\u00fc\u015f ve g\u00fcn\u00fcm\u00fcze kadar t\u00fcm ihti\u015fam\u0131yla gelen \u201cRubailer\u201dinde kimsenin de\u011finmedi\u011fi belki de de\u011finmeye cesaret edemedi\u011fi konular\u0131 i\u015flemi\u015ftir. T\u00fcrk Edebiyat\u0131\u2019nda onlarca \u015fair taraf\u0131ndan \u00f6rnek al\u0131nm\u0131\u015f, edebiyat tarih\u00e7ileri taraf\u0131ndan da hakk\u0131nda pek \u00e7ok bilimsel yaz\u0131 yaz\u0131lm\u0131\u015ft\u0131r. \u00d6mer Hayyam\u2019\u0131n, bu g\u00fczel \u201cRubailer\u201dini sizlere sunmaktan mutluluk duymaktay\u0131z&#8230;<\/p>\n","protected":false},"excerpt":{"rendered":"<p>Mecazd\u0131r asl\u0131nda \u015fu d\u00fcnya dedi\u011fin g\u00f6nl\u00fcm. Bin bir dilekle d\u00f6v\u00fcnmene yer yok senin g\u00f6nl\u00fcm. B\u0131rak kadere kendini zamana uy git art\u0131k; D\u00f6nmez, yazmaz i\u015fte sil ba\u015ftan<span class=\"excerpt-hellip\"> [\u2026]<\/span><\/p>\n","protected":false},"featured_media":0,"template":"","meta":{"_monsterinsights_skip_tracking":false,"_monsterinsights_sitenote_active":false,"_monsterinsights_sitenote_note":"","_monsterinsights_sitenote_category":0},"product_brand":[],"product_cat":[12291,12509],"product_tag":[],"class_list":{"0":"post-727566","1":"product","2":"type-product","3":"status-publish","5":"product_cat-edebiyat","6":"product_cat-siir","7":"pa_cilt-ciltsiz","8":"pa_tur-kitap","9":"pa_yayinevi-mirhan-kitap","10":"pa_yazar-omer-hayyam","12":"first","13":"instock","14":"sale","15":"shipping-taxable","16":"purchasable","17":"product-type-simple"},"_links":{"self":[{"href":"https:\/\/roveyayinevi.com.tr\/index.php\/wp-json\/wp\/v2\/product\/727566","targetHints":{"allow":["GET"]}}],"collection":[{"href":"https:\/\/roveyayinevi.com.tr\/index.php\/wp-json\/wp\/v2\/product"}],"about":[{"href":"https:\/\/roveyayinevi.com.tr\/index.php\/wp-json\/wp\/v2\/types\/product"}],"wp:attachment":[{"href":"https:\/\/roveyayinevi.com.tr\/index.php\/wp-json\/wp\/v2\/media?parent=727566"}],"wp:term":[{"taxonomy":"product_brand","embeddable":true,"href":"https:\/\/roveyayinevi.com.tr\/index.php\/wp-json\/wp\/v2\/product_brand?post=727566"},{"taxonomy":"product_cat","embeddable":true,"href":"https:\/\/roveyayinevi.com.tr\/index.php\/wp-json\/wp\/v2\/product_cat?post=727566"},{"taxonomy":"product_tag","embeddable":true,"href":"https:\/\/roveyayinevi.com.tr\/index.php\/wp-json\/wp\/v2\/product_tag?post=727566"}],"curies":[{"name":"wp","href":"https:\/\/api.w.org\/{rel}","templated":true}]}}