{"id":727561,"date":"2025-08-27T20:24:11","date_gmt":"2025-08-27T17:24:11","guid":{"rendered":"https:\/\/roveyayinevi.com.tr\/index.php\/urun\/hikayelerle-karakter-gelisimi-ve-deger-egitimi\/"},"modified":"2026-04-08T02:44:09","modified_gmt":"2026-04-07T23:44:09","slug":"hikayelerle-karakter-gelisimi-ve-deger-egitimi","status":"publish","type":"product","link":"https:\/\/roveyayinevi.com.tr\/index.php\/urun\/hikayelerle-karakter-gelisimi-ve-deger-egitimi\/","title":{"rendered":"Hikayelerle Karakter Geli\u015fimi Ve De\u011fer E\u011fitimi"},"content":{"rendered":"<p>G\u00fcn\u00fcm\u00fczde bilgiyle donanm\u0131\u015f insan say\u0131s\u0131 h\u0131zla artmas\u0131na ra\u011fmen insan eliyle meydana gelen y\u0131k\u0131c\u0131 olaylar incelendi\u011finde insanl\u0131\u011f\u0131n gittik\u00e7e karanl\u0131\u011fa do\u011fru s\u00fcr\u00fcklendi\u011fi g\u00f6r\u00fclmektedir. Art\u0131k d\u00fcnya sistemi \u00f6yle bir hale geldi ki sanki insan de\u011fil vicdan\u0131n\u0131 ve duygular\u0131n\u0131 kaybetmi\u015f bir makine yeti\u015fmektedir. H\u00e2lbuki Chaplin\u2019in ifade etti\u011fi gibi d\u00fcnyan\u0131n makineden \u00e7ok insanl\u0131\u011fa, zek\u00e2dan \u00e7ok iyili\u011fe ve anlay\u0131\u015fa ihtiyac\u0131 var. Bu kitap bu ihtiyac\u0131 bir nebze olsun kar\u015f\u0131lamak amac\u0131yla yaz\u0131lm\u0131\u015ft\u0131r ve sizleri ya\u015fam\u0131n\u0131za anlam katacak g\u00fczellikleri ke\u015ffedece\u011finiz i\u00e7sel bir yolculu\u011fa \u00e7\u0131karacakt\u0131r. Bu kitaptaki hik\u00e2yeleri-masallar\u0131 okuduk\u00e7a kendinizi tan\u0131mak, birisine yard\u0131m etmek, etraf\u0131n\u0131zdakilere sevgiyle bakmak, karde\u015finize sar\u0131lmak, \u00e7ocu\u011funuzla ilgilenmek, dostunuzun hat\u0131r\u0131n\u0131 sormak, annenizin baban\u0131z\u0131n elini \u00f6pmek, bir yetimin ba\u015f\u0131n\u0131 ok\u015famak, \u00fclkeye ve insanl\u0131\u011fa katk\u0131 sa\u011flamak\u2026 isteyece\u011finizi fark edeceksiniz.<\/p>\n","protected":false},"excerpt":{"rendered":"<p>G\u00fcn\u00fcm\u00fczde bilgiyle donanm\u0131\u015f insan say\u0131s\u0131 h\u0131zla artmas\u0131na ra\u011fmen insan eliyle meydana gelen y\u0131k\u0131c\u0131 olaylar incelendi\u011finde insanl\u0131\u011f\u0131n gittik\u00e7e karanl\u0131\u011fa do\u011fru s\u00fcr\u00fcklendi\u011fi g\u00f6r\u00fclmektedir. Art\u0131k d\u00fcnya sistemi \u00f6yle bir<span class=\"excerpt-hellip\"> [\u2026]<\/span><\/p>\n","protected":false},"featured_media":0,"template":"","meta":{"_monsterinsights_skip_tracking":false,"_monsterinsights_sitenote_active":false,"_monsterinsights_sitenote_note":"","_monsterinsights_sitenote_category":0},"product_brand":[],"product_cat":[12364,12376],"product_tag":[],"class_list":{"0":"post-727561","1":"product","2":"type-product","3":"status-publish","5":"product_cat-genel-konular","6":"product_cat-kisisel-gelisim","7":"pa_cilt-ciltsiz","8":"pa_tur-kitap","9":"pa_yayinevi-ani-yayincilik","10":"pa_yazar-yunus-akan","12":"first","13":"instock","14":"sale","15":"shipping-taxable","16":"purchasable","17":"product-type-simple"},"_links":{"self":[{"href":"https:\/\/roveyayinevi.com.tr\/index.php\/wp-json\/wp\/v2\/product\/727561","targetHints":{"allow":["GET"]}}],"collection":[{"href":"https:\/\/roveyayinevi.com.tr\/index.php\/wp-json\/wp\/v2\/product"}],"about":[{"href":"https:\/\/roveyayinevi.com.tr\/index.php\/wp-json\/wp\/v2\/types\/product"}],"wp:attachment":[{"href":"https:\/\/roveyayinevi.com.tr\/index.php\/wp-json\/wp\/v2\/media?parent=727561"}],"wp:term":[{"taxonomy":"product_brand","embeddable":true,"href":"https:\/\/roveyayinevi.com.tr\/index.php\/wp-json\/wp\/v2\/product_brand?post=727561"},{"taxonomy":"product_cat","embeddable":true,"href":"https:\/\/roveyayinevi.com.tr\/index.php\/wp-json\/wp\/v2\/product_cat?post=727561"},{"taxonomy":"product_tag","embeddable":true,"href":"https:\/\/roveyayinevi.com.tr\/index.php\/wp-json\/wp\/v2\/product_tag?post=727561"}],"curies":[{"name":"wp","href":"https:\/\/api.w.org\/{rel}","templated":true}]}}