{"id":727560,"date":"2025-08-27T20:24:10","date_gmt":"2025-08-27T17:24:10","guid":{"rendered":"https:\/\/roveyayinevi.com.tr\/index.php\/urun\/kara-tina\/"},"modified":"2026-04-16T02:35:21","modified_gmt":"2026-04-15T23:35:21","slug":"kara-tina","status":"publish","type":"product","link":"https:\/\/roveyayinevi.com.tr\/index.php\/urun\/kara-tina\/","title":{"rendered":"Kara Tina"},"content":{"rendered":"<p>Evde can\u0131 s\u0131k\u0131lan bu k\u00fc\u00e7\u00fck k\u0131z her \u00e7ocuk gibi soka\u011fa \u00e7\u0131kmak istiyor ama \u00e7\u0131kam\u0131yor, \u00e7\u00fcnk\u00fc Kara Tina var. Arkada\u015f\u0131na gitmek istiyor ama gidemiyor, \u00e7\u00fcnk\u00fc Kara Tina var. Peki sinema? Ih-\u0131h&#8230; olmaz, Kara Tina var. Ya anneannesi? Yasak! Kara Tina oraya da gitmi\u015f. \u0130yi de kim bu Kara Tina? \u00c7ocuklardan ve herkesten ne istiyor?T\u00fcm d\u00fcnyay\u0131 etkileyen ve insanl\u0131k tarihinde \u00f6nemli bir yer tutacak olan bu salg\u0131n\u0131 ve hepimizin maruz kald\u0131\u011f\u0131 karantina s\u00fcrecini bir \u00e7ocu\u011fun bak\u0131\u015f a\u00e7\u0131s\u0131yla anlatmak istedik.\u0130\u015fte Kara Tina da bu \u00e7aban\u0131n bir \u00fcr\u00fcn\u00fc olarak ortaya \u00e7\u0131kt\u0131.Gizem G\u00f6zde U\u00e7ar, pandemi ve karantina s\u00fcrecini korkmadan, \u00e7ocu\u011fa g\u00f6re anlatman\u0131n yollar\u0131ndan birine \u0131\u015f\u0131k tutuyor&#8230;<\/p>\n","protected":false},"excerpt":{"rendered":"<p>Evde can\u0131 s\u0131k\u0131lan bu k\u00fc\u00e7\u00fck k\u0131z her \u00e7ocuk gibi soka\u011fa \u00e7\u0131kmak istiyor ama \u00e7\u0131kam\u0131yor, \u00e7\u00fcnk\u00fc Kara Tina var. Arkada\u015f\u0131na gitmek istiyor ama gidemiyor, \u00e7\u00fcnk\u00fc Kara Tina<span class=\"excerpt-hellip\"> [\u2026]<\/span><\/p>\n","protected":false},"featured_media":0,"template":"","meta":{"_monsterinsights_skip_tracking":false,"_monsterinsights_sitenote_active":false,"_monsterinsights_sitenote_note":"","_monsterinsights_sitenote_category":0},"product_brand":[],"product_cat":[12275,12274],"product_tag":[],"class_list":{"0":"post-727560","1":"product","2":"type-product","3":"status-publish","5":"product_cat-6-12-yas-kitaplari","6":"product_cat-cocuk-ve-genclik-kitaplari","7":"pa_cilt-ciltsiz","8":"pa_tur-kitap","9":"pa_yayinevi-altin-kitaplar","10":"pa_yazar-gizem-gozde-ucar","12":"first","13":"instock","14":"sale","15":"shipping-taxable","16":"purchasable","17":"product-type-simple"},"_links":{"self":[{"href":"https:\/\/roveyayinevi.com.tr\/index.php\/wp-json\/wp\/v2\/product\/727560","targetHints":{"allow":["GET"]}}],"collection":[{"href":"https:\/\/roveyayinevi.com.tr\/index.php\/wp-json\/wp\/v2\/product"}],"about":[{"href":"https:\/\/roveyayinevi.com.tr\/index.php\/wp-json\/wp\/v2\/types\/product"}],"wp:attachment":[{"href":"https:\/\/roveyayinevi.com.tr\/index.php\/wp-json\/wp\/v2\/media?parent=727560"}],"wp:term":[{"taxonomy":"product_brand","embeddable":true,"href":"https:\/\/roveyayinevi.com.tr\/index.php\/wp-json\/wp\/v2\/product_brand?post=727560"},{"taxonomy":"product_cat","embeddable":true,"href":"https:\/\/roveyayinevi.com.tr\/index.php\/wp-json\/wp\/v2\/product_cat?post=727560"},{"taxonomy":"product_tag","embeddable":true,"href":"https:\/\/roveyayinevi.com.tr\/index.php\/wp-json\/wp\/v2\/product_tag?post=727560"}],"curies":[{"name":"wp","href":"https:\/\/api.w.org\/{rel}","templated":true}]}}