{"id":727556,"date":"2025-08-27T20:24:06","date_gmt":"2025-08-27T17:24:06","guid":{"rendered":"https:\/\/roveyayinevi.com.tr\/index.php\/urun\/kucuk-murmur-yuzme-yarisina-katiliyor-2\/"},"modified":"2026-04-16T02:35:21","modified_gmt":"2026-04-15T23:35:21","slug":"kucuk-murmur-yuzme-yarisina-katiliyor-2","status":"publish","type":"product","link":"https:\/\/roveyayinevi.com.tr\/index.php\/urun\/kucuk-murmur-yuzme-yarisina-katiliyor-2\/","title":{"rendered":"K\u00fc\u00e7\u00fck M\u00fcrm\u00fcr Y\u00fczme Yar\u0131\u015f\u0131na Kat\u0131l\u0131yor 2"},"content":{"rendered":"<p>\u00c7ocuklar, K\u00fc\u00e7\u00fck M\u00fcrm\u00fcr&#8217;le birlikte denizlerin alt\u0131n\u0131 \u00fcst\u00fcne getirecek!Duyduk duymad\u0131k demeyin, denizlerin en h\u0131zl\u0131s\u0131 kim diye d\u00fc\u015f\u00fcnmeden ge\u00e7meyin!..Kalamarya&#8217;n\u0131n 300. kurulu\u015f y\u0131ld\u00f6n\u00fcm\u00fc, t\u00fcm \u015fehre yay\u0131lacak bir festival ve spor \u015fenli\u011fi e\u015fli\u011finde kutlanacakt\u0131r. K\u00fc\u00e7\u00fck M\u00fcrm\u00fcr, kutlama kapsam\u0131nda d\u00fczenlenecek y\u00fczme yar\u0131\u015f\u0131na kat\u0131lmak i\u00e7in can atmaktad\u0131r. Oysa yak\u0131n arkada\u015flar\u0131 onun bu iste\u011fine kar\u015f\u0131 bir hayli \u00f6nyarg\u0131l\u0131d\u0131r; k\u0131l\u0131\u00e7 bal\u0131\u011f\u0131 Z\u0131pk\u0131n ve yelken bal\u0131\u011f\u0131 P\u00fcf\u00fcr varken, bir salyangoz kadar yava\u015f hareket eden M\u00fcrm\u00fcr&#8217;\u00fcn yar\u0131\u015fta hi\u00e7 ama hi\u00e7 \u015fans\u0131 yoktur! Ne sa\u00e7ma bir d\u00fc\u015f\u00fcnce! \u00dcst\u00fcne \u00fcstl\u00fck Z\u0131pk\u0131n&#8217;\u0131n, kendisinden h\u0131zl\u0131 giden herkesi tehdit etmesine ra\u011fmen, kimse k\u00fc\u00e7\u00fck dostumuzu bu &#8220;cesur&#8221; karar\u0131ndan vazge\u00e7irebilecek gibi de\u011fildir! Yar\u0131\u015f d\u00fcd\u00fc\u011f\u00fc \u00e7ald\u0131\u011f\u0131nda ise t\u00fcm izleyicileri hayrete d\u00fc\u015f\u00fcrecek kadar yarat\u0131c\u0131 ve heyecan verici olaylar ger\u00e7ekle\u015fir!Sosyal ili\u015fkilerde olumlu ileti\u015fim kurman\u0131n yollar\u0131n\u0131 \u00f6nyarg\u0131lar\u0131 y\u0131kan bir \u00f6yk\u00fc arac\u0131l\u0131\u011f\u0131yla anlatma yoluna giden K\u00fc\u00e7\u00fck M\u00fcrm\u00fcr Y\u00fczme Yar\u0131\u015f\u0131na Kat\u0131l\u0131yor, akran zorbal\u0131\u011f\u0131 gibi hassas ve \u00f6nemli bir konuya temas ediyor, sorunlara kar\u015f\u0131 farkl\u0131 yakla\u015f\u0131mlar geli\u015ftirmeleri i\u00e7in \u00e7ocuklar\u0131 y\u00fcreklendiriyor.K\u00fc\u00e7\u00fck M\u00fcrm\u00fcr, \u00e7ocuklar\u0131n yeni okuma arkada\u015f\u0131 oluyor!Andreas Schl\u00fcter&#8217;in yaz\u0131p Dirk Hennig&#8217;in resimledi\u011fi K\u00fc\u00e7\u00fck M\u00fcrm\u00fcr&#8217;\u00fcn maceralar\u0131, &#8220;K\u00fc\u00e7\u00fck Y\u0131ld\u0131zlar &#8211; \u0130lk Okuma Kitapl\u0131\u011f\u0131&#8221; serisindeki yerini al\u0131yor.&#8221;Okuma Seviyesi 2&#8243; olarak s\u0131n\u0131fland\u0131r\u0131lan bu ne\u015feli \u00f6yk\u00fcler, okumay\u0131 s\u00f6ken 1. s\u0131n\u0131f \u00f6\u011frencilerini ve okumada h\u0131zlanmak i\u00e7in al\u0131\u015ft\u0131rma yapan 2. s\u0131n\u0131f ilk d\u00f6nem \u00f6\u011frencilerini hem e\u011flenceli hem de \u00f6\u011fretici bir okuma ser\u00fcvenine davet ediyor.\u00c7ocuklar, Kalamaryal\u0131 sevimli m\u00fcrekkep bal\u0131\u011f\u0131 M\u00fcrm\u00fcr ve yak\u0131n dostlar\u0131yla beraber farkl\u0131l\u0131klar\u0131n zenginli\u011fini ke\u015ffediyor, sosyal ili\u015fkileri geli\u015ftirmenin \u00f6nemini \u00f6\u011freniyor. M\u00fcrm\u00fcr&#8217;\u00fcn, kar\u015f\u0131la\u015ft\u0131\u011f\u0131 sorunlara y\u00f6nelik \u00fcretti\u011fi pratik \u00e7\u00f6z\u00fcmler, bir yandan okurlar\u0131 e\u011flendiriyor bir yandan da akran zorbal\u0131\u011f\u0131n\u0131n sebepleri ve sonu\u00e7lar\u0131 \u00fczerine onlara d\u00fc\u015f\u00fcnme f\u0131rsat\u0131 sunuyor.K\u00fc\u00e7\u00fck M\u00fcrm\u00fcr kitaplar\u0131n\u0131n sonunda yer alan 16 sayfal\u0131k &#8220;Bulmaca Diyar\u0131&#8221; b\u00f6l\u00fcm\u00fc, \u00e7ocuklar\u0131n okuduklar\u0131n\u0131 daha iyi anlamalar\u0131na ve peki\u015ftirmelerine katk\u0131 sunuyor.B\u00fcy\u00fck kitap harfleri, basit c\u00fcmleler, k\u0131sa paragraflar ve resimlerde dikkate y\u00f6nelik ayr\u0131nt\u0131larla okumaya heveslendiren &#8220;K\u00fc\u00e7\u00fck Y\u0131ld\u0131zlar &#8211; \u0130lk Okuma Kitapl\u0131\u011f\u0131&#8221; serisi Tudem&#8217;in yay\u0131n plan\u0131nda yer alacak yepyeni kitaplarla zenginle\u015fmeye devam edecek.<\/p>\n","protected":false},"excerpt":{"rendered":"<p>\u00c7ocuklar, K\u00fc\u00e7\u00fck M\u00fcrm\u00fcr&#8217;le birlikte denizlerin alt\u0131n\u0131 \u00fcst\u00fcne getirecek!Duyduk duymad\u0131k demeyin, denizlerin en h\u0131zl\u0131s\u0131 kim diye d\u00fc\u015f\u00fcnmeden ge\u00e7meyin!..Kalamarya&#8217;n\u0131n 300. kurulu\u015f y\u0131ld\u00f6n\u00fcm\u00fc, t\u00fcm \u015fehre yay\u0131lacak bir festival ve<span class=\"excerpt-hellip\"> [\u2026]<\/span><\/p>\n","protected":false},"featured_media":0,"template":"","meta":{"_monsterinsights_skip_tracking":false,"_monsterinsights_sitenote_active":false,"_monsterinsights_sitenote_note":"","_monsterinsights_sitenote_category":0},"product_brand":[],"product_cat":[12275,12274],"product_tag":[],"class_list":{"0":"post-727556","1":"product","2":"type-product","3":"status-publish","5":"product_cat-6-12-yas-kitaplari","6":"product_cat-cocuk-ve-genclik-kitaplari","7":"pa_cilt-ciltsiz","8":"pa_tur-kitap","9":"pa_yayinevi-tudem-yayinlari","10":"pa_yazar-andreas-schluter","12":"first","13":"instock","14":"sale","15":"shipping-taxable","16":"purchasable","17":"product-type-simple"},"_links":{"self":[{"href":"https:\/\/roveyayinevi.com.tr\/index.php\/wp-json\/wp\/v2\/product\/727556","targetHints":{"allow":["GET"]}}],"collection":[{"href":"https:\/\/roveyayinevi.com.tr\/index.php\/wp-json\/wp\/v2\/product"}],"about":[{"href":"https:\/\/roveyayinevi.com.tr\/index.php\/wp-json\/wp\/v2\/types\/product"}],"wp:attachment":[{"href":"https:\/\/roveyayinevi.com.tr\/index.php\/wp-json\/wp\/v2\/media?parent=727556"}],"wp:term":[{"taxonomy":"product_brand","embeddable":true,"href":"https:\/\/roveyayinevi.com.tr\/index.php\/wp-json\/wp\/v2\/product_brand?post=727556"},{"taxonomy":"product_cat","embeddable":true,"href":"https:\/\/roveyayinevi.com.tr\/index.php\/wp-json\/wp\/v2\/product_cat?post=727556"},{"taxonomy":"product_tag","embeddable":true,"href":"https:\/\/roveyayinevi.com.tr\/index.php\/wp-json\/wp\/v2\/product_tag?post=727556"}],"curies":[{"name":"wp","href":"https:\/\/api.w.org\/{rel}","templated":true}]}}