{"id":727523,"date":"2025-08-27T20:23:37","date_gmt":"2025-08-27T17:23:37","guid":{"rendered":"https:\/\/roveyayinevi.com.tr\/index.php\/urun\/benim-daglarim\/"},"modified":"2026-04-13T02:43:49","modified_gmt":"2026-04-12T23:43:49","slug":"benim-daglarim","status":"publish","type":"product","link":"https:\/\/roveyayinevi.com.tr\/index.php\/urun\/benim-daglarim\/","title":{"rendered":"Benim Da\u011flar\u0131m"},"content":{"rendered":"<p>Bir da\u011f\u0131n insan\u0131 sevebilece\u011fini, onun bir g\u00f6nl\u00fc ve y\u00fcre\u011fi oldu\u011funu, bir ruh ve mana ta\u015f\u0131d\u0131\u011f\u0131n\u0131 Peygamberimizin Uhud Da\u011f\u0131 i\u00e7in s\u00f6yledi\u011fi \u201cUhud bizi sever, biz de Uhud\u2019u severiz\u201d hadis-i \u015ferifini i\u015fitti\u011fimde anlam\u0131\u015ft\u0131m. Da\u011flar\u0131n insandan \u00f6nce emanete muhatap oldu\u011funu duydu\u011fumda ise varl\u0131k-yokluk, canl\u0131-cans\u0131z gibi kavramlar\u0131n i\u00e7i bo\u015falm\u0131\u015f ve \u00e2deta yeniden dolmu\u015ftu.<\/p>\n","protected":false},"excerpt":{"rendered":"<p>Bir da\u011f\u0131n insan\u0131 sevebilece\u011fini, onun bir g\u00f6nl\u00fc ve y\u00fcre\u011fi oldu\u011funu, bir ruh ve mana ta\u015f\u0131d\u0131\u011f\u0131n\u0131 Peygamberimizin Uhud Da\u011f\u0131 i\u00e7in s\u00f6yledi\u011fi \u201cUhud bizi sever, biz de Uhud\u2019u<span class=\"excerpt-hellip\"> [\u2026]<\/span><\/p>\n","protected":false},"featured_media":0,"template":"","meta":{"_monsterinsights_skip_tracking":false,"_monsterinsights_sitenote_active":false,"_monsterinsights_sitenote_note":"","_monsterinsights_sitenote_category":0},"product_brand":[],"product_cat":[12777,12291],"product_tag":[],"class_list":{"0":"post-727523","1":"product","2":"type-product","3":"status-publish","5":"product_cat-deneme","6":"product_cat-edebiyat","7":"pa_cilt-ciltsiz","8":"pa_tur-kitap","9":"pa_yayinevi-muhit-kitap","10":"pa_yazar-dursun-cicek","12":"first","13":"instock","14":"sale","15":"shipping-taxable","16":"purchasable","17":"product-type-simple"},"_links":{"self":[{"href":"https:\/\/roveyayinevi.com.tr\/index.php\/wp-json\/wp\/v2\/product\/727523","targetHints":{"allow":["GET"]}}],"collection":[{"href":"https:\/\/roveyayinevi.com.tr\/index.php\/wp-json\/wp\/v2\/product"}],"about":[{"href":"https:\/\/roveyayinevi.com.tr\/index.php\/wp-json\/wp\/v2\/types\/product"}],"wp:attachment":[{"href":"https:\/\/roveyayinevi.com.tr\/index.php\/wp-json\/wp\/v2\/media?parent=727523"}],"wp:term":[{"taxonomy":"product_brand","embeddable":true,"href":"https:\/\/roveyayinevi.com.tr\/index.php\/wp-json\/wp\/v2\/product_brand?post=727523"},{"taxonomy":"product_cat","embeddable":true,"href":"https:\/\/roveyayinevi.com.tr\/index.php\/wp-json\/wp\/v2\/product_cat?post=727523"},{"taxonomy":"product_tag","embeddable":true,"href":"https:\/\/roveyayinevi.com.tr\/index.php\/wp-json\/wp\/v2\/product_tag?post=727523"}],"curies":[{"name":"wp","href":"https:\/\/api.w.org\/{rel}","templated":true}]}}