{"id":727501,"date":"2025-08-27T20:23:15","date_gmt":"2025-08-27T17:23:15","guid":{"rendered":"https:\/\/roveyayinevi.com.tr\/index.php\/urun\/annem-guluyor\/"},"modified":"2026-04-16T02:35:20","modified_gmt":"2026-04-15T23:35:20","slug":"annem-guluyor","status":"publish","type":"product","link":"https:\/\/roveyayinevi.com.tr\/index.php\/urun\/annem-guluyor\/","title":{"rendered":"Annem G\u00fcl\u00fcyor"},"content":{"rendered":"<p>Natalia Akerman Polonyal\u0131 bir Yahudi, holokostta t\u00fcm yak\u0131nlar\u0131n\u0131 kaybetti\u011fi Auschwitz kamp\u0131ndan sa\u011f kurtulduktan sonra Br\u00fcksel\u2019de, ba\u015f\u0131ndan ge\u00e7en o korkun\u00e7 felaketi anmaktan \u00f6zellikle ka\u00e7\u0131narak iki k\u0131z yeti\u015ftirmi\u015f bir anne. O k\u0131zlardan biri de, 2015\u2019te kendi iste\u011fiyle aram\u0131zdan ayr\u0131lan tan\u0131nm\u0131\u015f y\u00f6netmen, video ve enstalasyon sanat\u00e7\u0131s\u0131 Chantal Akerman. Aralar\u0131ndaki derin ba\u011f, konu\u015fulamayan\u0131n g\u00f6lgesinde giderek budaklan\u0131rken bunun etkileri Akerman\u2019\u0131n kendi i\u00e7 d\u00fcnyas\u0131ndan i\u015flerine de yans\u0131r. 2014 y\u0131l\u0131nda kaybetti\u011fi ve ard\u0131ndan a\u011f\u0131r bir bunal\u0131m ge\u00e7irdi\u011fi annesiyle \u00f6lmeden \u00f6nce yapt\u0131\u011f\u0131 video filmi No Home Movie\u2019nin ayn\u0131 zamanda y\u00f6netmenin son \u00e7al\u0131\u015fmas\u0131 olmas\u0131, anla\u015f\u0131lan o ki rastlant\u0131 de\u011fil.Sa\u011fl\u0131\u011f\u0131 k\u00f6t\u00fcle\u015ferek bak\u0131ma muhta\u00e7 hale gelen annesinin yoklu\u011fu fikriyle y\u00fczle\u015fmeye \u00e7al\u0131\u015fan Akerman, zihninde ve bedeninde yer etmi\u015f, yuva yapm\u0131\u015f insanlar\u0131 hat\u0131rlayarak d\u00f6nd\u00fc\u011f\u00fc \u00f6z\u00fcnden, evinden d\u0131\u015far\u0131 ancak yaz\u0131ya tutunarak \u00e7\u0131kabiliyor: filmlerden kareler ve aile foto\u011fraflar\u0131yla bezeli bir \u201c\u00f6zkurmaca\u201dyla.<\/p>\n","protected":false},"excerpt":{"rendered":"<p>Natalia Akerman Polonyal\u0131 bir Yahudi, holokostta t\u00fcm yak\u0131nlar\u0131n\u0131 kaybetti\u011fi Auschwitz kamp\u0131ndan sa\u011f kurtulduktan sonra Br\u00fcksel\u2019de, ba\u015f\u0131ndan ge\u00e7en o korkun\u00e7 felaketi anmaktan \u00f6zellikle ka\u00e7\u0131narak iki k\u0131z yeti\u015ftirmi\u015f<span class=\"excerpt-hellip\"> [\u2026]<\/span><\/p>\n","protected":false},"featured_media":0,"template":"","meta":{"_monsterinsights_skip_tracking":false,"_monsterinsights_sitenote_active":false,"_monsterinsights_sitenote_note":"","_monsterinsights_sitenote_category":0},"product_brand":[],"product_cat":[13701,12291],"product_tag":[],"class_list":{"0":"post-727501","1":"product","2":"type-product","3":"status-publish","5":"product_cat-ani-mektup-gunluk","6":"product_cat-edebiyat","7":"pa_cilt-ciltsiz","8":"pa_tur-kitap","9":"pa_yayinevi-kirmizi-kedi-yayinevi","10":"pa_yazar-chantal-akerman","12":"first","13":"instock","14":"sale","15":"shipping-taxable","16":"purchasable","17":"product-type-simple"},"_links":{"self":[{"href":"https:\/\/roveyayinevi.com.tr\/index.php\/wp-json\/wp\/v2\/product\/727501","targetHints":{"allow":["GET"]}}],"collection":[{"href":"https:\/\/roveyayinevi.com.tr\/index.php\/wp-json\/wp\/v2\/product"}],"about":[{"href":"https:\/\/roveyayinevi.com.tr\/index.php\/wp-json\/wp\/v2\/types\/product"}],"wp:attachment":[{"href":"https:\/\/roveyayinevi.com.tr\/index.php\/wp-json\/wp\/v2\/media?parent=727501"}],"wp:term":[{"taxonomy":"product_brand","embeddable":true,"href":"https:\/\/roveyayinevi.com.tr\/index.php\/wp-json\/wp\/v2\/product_brand?post=727501"},{"taxonomy":"product_cat","embeddable":true,"href":"https:\/\/roveyayinevi.com.tr\/index.php\/wp-json\/wp\/v2\/product_cat?post=727501"},{"taxonomy":"product_tag","embeddable":true,"href":"https:\/\/roveyayinevi.com.tr\/index.php\/wp-json\/wp\/v2\/product_tag?post=727501"}],"curies":[{"name":"wp","href":"https:\/\/api.w.org\/{rel}","templated":true}]}}