{"id":727490,"date":"2025-08-27T20:23:02","date_gmt":"2025-08-27T17:23:02","guid":{"rendered":"https:\/\/roveyayinevi.com.tr\/index.php\/urun\/ahiska-ve-posof-arastirmalari\/"},"modified":"2026-04-16T02:35:19","modified_gmt":"2026-04-15T23:35:19","slug":"ahiska-ve-posof-arastirmalari","status":"publish","type":"product","link":"https:\/\/roveyayinevi.com.tr\/index.php\/urun\/ahiska-ve-posof-arastirmalari\/","title":{"rendered":"Ah\u0131ska ve Posof Ara\u015ft\u0131rmalar\u0131"},"content":{"rendered":"<p>Dr. \u00dcnal Kalayc\u0131, 2004 y\u0131l\u0131nda \u00e7\u0131kmaya ba\u015flay\u0131p 2019 y\u0131l\u0131na kadar devam eden ve 55 say\u0131 \u00e7\u0131kan Ah\u0131ska T\u00fcrkleri hakk\u0131nda yay\u0131nlanan en uzun soluklu yay\u0131n olan &#8220;Bizim Ah\u0131ska&#8221; dergisinin yay\u0131n kurulundayd\u0131. Bizim Ah\u0131ska dergisi, Ah\u0131ska T\u00fcrkleriyle ilgili her konuda yaz\u0131lara yer vermi\u015ftir: s\u00fcrg\u00fcn problemleri, dilleri, k\u00fclt\u00fcrleri, tarihleri&#8230; Bu kitap &#8220;Bizim Ah\u0131ska&#8221; dergisinde yay\u0131nlanan k\u0131rk civar\u0131ndaki yaz\u0131dan se\u00e7ilen ve yeniden g\u00f6zden ge\u00e7irilen \u00e7al\u0131\u015fmalardan meydana gelmi\u015ftir. \u00c7al\u0131\u015fmada, Ah\u0131ska ve Ah\u0131ska k\u00fclt\u00fcr\u00fc ile benzerlik g\u00f6steren Ah\u0131ska&#8217;ya en yak\u0131n T\u00fcrkiye Cumhuriyeti il\u00e7esi Posof \u00fczerine temelde dil ve k\u00fclt\u00fcr olmak \u00fczere her alandan yaz\u0131lar mevcuttur. Bu eser, Ah\u0131ska ve Posof &#8216;u yeni bir bak\u0131\u015f a\u00e7\u0131s\u0131yla ve derinli\u011fine ele almas\u0131yla fark yaratmaktad\u0131r. 1974 y\u0131l\u0131nda Ardahan&#8217;\u0131n Posof il\u00e7esinde d\u00fcnyaya geldi. Sel\u00e7uk \u00dcniversitesinde &#8220;Lisans&#8221;, Erciyes \u00dcniversitesi&#8217;nde &#8220;Y\u00fcksek Lisans&#8221;, Y\u0131ld\u0131r\u0131m Beyaz\u0131t \u00dcniversitesi&#8217;nde &#8220;Doktora&#8221; e\u011fitimini tamamlad\u0131. 2000 y\u0131l\u0131nda MEB&#8217;de ba\u015flad\u0131\u011f\u0131 edebiyat \u00f6\u011fretmenli\u011fine h\u00e2len devam eden Kalayc\u0131, 2015-2017 y\u0131llar\u0131 aras\u0131nda Milli E\u011fitim Bakanl\u0131\u011f\u0131 taraf\u0131ndan L\u00fcbnan&#8217;da yabanc\u0131lara T\u00fcrk\u00e7e \u00f6\u011fretmek \u00fczere g\u00f6revlendirildi. \u0130ki Avrupa Birli\u011fi projesinde e\u011fitim ko\u00e7u olarak g\u00f6rev yapt\u0131. Yazar\u0131n bu yay\u0131nlanan be\u015finci kitab\u0131d\u0131r.<\/p>\n","protected":false},"excerpt":{"rendered":"<p>Dr. \u00dcnal Kalayc\u0131, 2004 y\u0131l\u0131nda \u00e7\u0131kmaya ba\u015flay\u0131p 2019 y\u0131l\u0131na kadar devam eden ve 55 say\u0131 \u00e7\u0131kan Ah\u0131ska T\u00fcrkleri hakk\u0131nda yay\u0131nlanan en uzun soluklu yay\u0131n olan &#8220;Bizim<span class=\"excerpt-hellip\"> [\u2026]<\/span><\/p>\n","protected":false},"featured_media":0,"template":"","meta":{"_monsterinsights_skip_tracking":false,"_monsterinsights_sitenote_active":false,"_monsterinsights_sitenote_note":"","_monsterinsights_sitenote_category":0},"product_brand":[],"product_cat":[13072,12291],"product_tag":[],"class_list":{"0":"post-727490","1":"product","2":"type-product","3":"status-publish","5":"product_cat-arastirma-inceleme-referans","6":"product_cat-edebiyat","7":"pa_cilt-ciltsiz","8":"pa_tur-kitap","9":"pa_yayinevi-ilbilge-yayincilik","10":"pa_yazar-unal-kalayci","12":"first","13":"instock","14":"sale","15":"shipping-taxable","16":"purchasable","17":"product-type-simple"},"_links":{"self":[{"href":"https:\/\/roveyayinevi.com.tr\/index.php\/wp-json\/wp\/v2\/product\/727490","targetHints":{"allow":["GET"]}}],"collection":[{"href":"https:\/\/roveyayinevi.com.tr\/index.php\/wp-json\/wp\/v2\/product"}],"about":[{"href":"https:\/\/roveyayinevi.com.tr\/index.php\/wp-json\/wp\/v2\/types\/product"}],"wp:attachment":[{"href":"https:\/\/roveyayinevi.com.tr\/index.php\/wp-json\/wp\/v2\/media?parent=727490"}],"wp:term":[{"taxonomy":"product_brand","embeddable":true,"href":"https:\/\/roveyayinevi.com.tr\/index.php\/wp-json\/wp\/v2\/product_brand?post=727490"},{"taxonomy":"product_cat","embeddable":true,"href":"https:\/\/roveyayinevi.com.tr\/index.php\/wp-json\/wp\/v2\/product_cat?post=727490"},{"taxonomy":"product_tag","embeddable":true,"href":"https:\/\/roveyayinevi.com.tr\/index.php\/wp-json\/wp\/v2\/product_tag?post=727490"}],"curies":[{"name":"wp","href":"https:\/\/api.w.org\/{rel}","templated":true}]}}