{"id":727488,"date":"2025-08-27T20:23:00","date_gmt":"2025-08-27T17:23:00","guid":{"rendered":"https:\/\/roveyayinevi.com.tr\/index.php\/urun\/irade-terbiyesi-3\/"},"modified":"2026-04-16T02:35:19","modified_gmt":"2026-04-15T23:35:19","slug":"irade-terbiyesi-3","status":"publish","type":"product","link":"https:\/\/roveyayinevi.com.tr\/index.php\/urun\/irade-terbiyesi-3\/","title":{"rendered":"\u0130rade Terbiyesi"},"content":{"rendered":"<p>20.  y\u00fczy\u0131l\u0131n ba\u015f\u0131nda Fransa\u2019da e\u011fitimin laikle\u015fmesine \u00f6nc\u00fcl\u00fck eden \u00fcnl\u00fc pedagog Jules Payot\u2019nun tart\u0131\u015fmas\u0131z en \u00f6nemli eseri \u0130rade Terbiyesi. K\u0131sa s\u00fcrede pek \u00e7ok dile terc\u00fcme edilerek b\u00fct\u00fcn d\u00fcnyada e\u011fitimcilere yol g\u00f6steren bu eser hem teorik hem pratik y\u00f6nleriyle g\u00fcncelli\u011finden hi\u00e7bir \u015fey kaybetmedi. Uzun s\u00fcre Vatikan\u2019\u0131n yasakl\u0131lar listesinde yer alan, hatta \u00e7ocuklar\u0131na bu kitab\u0131 okutan ebeveynlerin kiliselere al\u0131nmamas\u0131 bile sal\u0131k verilen \u0130rade Terbiyesi, en temelde bir ki\u015fisel geli\u015fim kitab\u0131. \u0130radenin felsefi ve ruhsal altyap\u0131s\u0131n\u0131 herkesin anlayaca\u011f\u0131 bir dilde i\u015flerken \u015fu ve benzeri sorulara cevap ar\u0131yor: \u0130radenin do\u011fas\u0131 nedir? Duygular\u0131m\u0131z \u00fczerinde irade sahibi miyiz? D\u00fc\u015f\u00fcncelerimizle irademizi y\u00f6nlendirebilmek m\u00fcmk\u00fcn m\u00fc? \u00d6zdenetim yolunda irademizi e\u011fitmek ad\u0131na kullanabilece\u011fimiz i\u00e7 ve d\u0131\u015f ara\u00e7lar nelerdir? \u201cMutlulu\u011fumuz irademizin e\u011fitimine ba\u011fl\u0131d\u0131r, \u00e7\u00fcnk\u00fc mutluluk, ho\u015f fikirlerin ve duygular\u0131n t\u00fcm ne\u015felerini bilince salmalar\u0131n\u0131 temin etmek, ac\u0131 verici d\u00fc\u015f\u00fcnce ve heyecanlar\u0131n ise bilince girmelerini yasaklamak ya da en az\u0131ndan oray\u0131 ku\u015fatma alt\u0131nda tutmalar\u0131n\u0131 \u00f6nlemek demektir. Bu nedenle mutluluk, insandan, \u00fcst\u00fcn bir dikkate sahip olmas\u0131n\u0131 bekler, bu da ancak y\u00fcksek derecede egemen bir iradeden ba\u015fka bir \u015fey anlam\u0131na gelmez.\u201d <\/p>\n","protected":false},"excerpt":{"rendered":"<p>20. y\u00fczy\u0131l\u0131n ba\u015f\u0131nda Fransa\u2019da e\u011fitimin laikle\u015fmesine \u00f6nc\u00fcl\u00fck eden \u00fcnl\u00fc pedagog Jules Payot\u2019nun tart\u0131\u015fmas\u0131z en \u00f6nemli eseri \u0130rade Terbiyesi. K\u0131sa s\u00fcrede pek \u00e7ok dile terc\u00fcme edilerek b\u00fct\u00fcn<span class=\"excerpt-hellip\"> [\u2026]<\/span><\/p>\n","protected":false},"featured_media":0,"template":"","meta":{"_monsterinsights_skip_tracking":false,"_monsterinsights_sitenote_active":false,"_monsterinsights_sitenote_note":"","_monsterinsights_sitenote_category":0},"product_brand":[],"product_cat":[12389,12388],"product_tag":[],"class_list":{"0":"post-727488","1":"product","2":"type-product","3":"status-publish","5":"product_cat-diger-felsefe","6":"product_cat-felsefe","7":"pa_cilt-ciltsiz","8":"pa_tur-kitap","9":"pa_yayinevi-kirmizi-kedi-yayinevi","10":"pa_yazar-jules-payot","12":"first","13":"instock","14":"sale","15":"shipping-taxable","16":"purchasable","17":"product-type-simple"},"_links":{"self":[{"href":"https:\/\/roveyayinevi.com.tr\/index.php\/wp-json\/wp\/v2\/product\/727488","targetHints":{"allow":["GET"]}}],"collection":[{"href":"https:\/\/roveyayinevi.com.tr\/index.php\/wp-json\/wp\/v2\/product"}],"about":[{"href":"https:\/\/roveyayinevi.com.tr\/index.php\/wp-json\/wp\/v2\/types\/product"}],"wp:attachment":[{"href":"https:\/\/roveyayinevi.com.tr\/index.php\/wp-json\/wp\/v2\/media?parent=727488"}],"wp:term":[{"taxonomy":"product_brand","embeddable":true,"href":"https:\/\/roveyayinevi.com.tr\/index.php\/wp-json\/wp\/v2\/product_brand?post=727488"},{"taxonomy":"product_cat","embeddable":true,"href":"https:\/\/roveyayinevi.com.tr\/index.php\/wp-json\/wp\/v2\/product_cat?post=727488"},{"taxonomy":"product_tag","embeddable":true,"href":"https:\/\/roveyayinevi.com.tr\/index.php\/wp-json\/wp\/v2\/product_tag?post=727488"}],"curies":[{"name":"wp","href":"https:\/\/api.w.org\/{rel}","templated":true}]}}