{"id":727487,"date":"2025-08-27T20:23:00","date_gmt":"2025-08-27T17:23:00","guid":{"rendered":"https:\/\/roveyayinevi.com.tr\/index.php\/urun\/freudun-makara-oyunu\/"},"modified":"2026-04-16T02:35:19","modified_gmt":"2026-04-15T23:35:19","slug":"freudun-makara-oyunu","status":"publish","type":"product","link":"https:\/\/roveyayinevi.com.tr\/index.php\/urun\/freudun-makara-oyunu\/","title":{"rendered":"Freud&#8217;un Makara Oyunu"},"content":{"rendered":"<p>K\u00fc\u00e7\u00fck Ernst\u2019in bir bu\u00e7uk ya\u015f\u0131ndayken ip sar\u0131l\u0131 bir makarayla oynad\u0131\u011f\u0131 oyun onu psikanaliz tarihinin en \u00fcnl\u00fc \u00e7ocu\u011fu yapacakt\u0131, zira onu izleyen dedesi Sigmund Freud oyunu anlamland\u0131rmakta ve yineleme zorlant\u0131s\u0131, \u00f6l\u00fcm d\u00fcrt\u00fcs\u00fc gibi kavramlar\u0131 psikanaliz kuram\u0131na katmakta gecikmeyecekti. Bundan tam y\u00fcz y\u0131l \u00f6nce yay\u0131mlanan ve k\u0131smen bu \u00e7ocuk oyununun esinletti\u011fi \u201cHaz \u0130lkesinin \u00d6tesinde\u201d Freud\u2019un en ki\u015fisel metnidir de ayn\u0131 zamanda. Yaz\u0131l\u0131\u015f s\u00fcreci Freud a\u00e7\u0131s\u0131ndan, k\u0131z\u0131n\u0131n ani \u00f6l\u00fcm\u00fc ba\u015fta olmak \u00fczere kay\u0131plarla dolu, kendi kanser olma ihtimalinin g\u00fcndeme geldi\u011fi bir d\u00f6nemdir. Belki de Freud bu metni yazarken kendi makara oyununu kurmu\u015ftur.Bu kitapta kuramsal \u00f6nermeleri tart\u0131\u015fmak yerine \u201cHaz \u0130lkesinin \u00d6tesinde\u201dyi Sigmund Freud\u2019un \u00f6zel ya\u015fam\u0131yla ko\u015futluklar kurarak okumay\u0131 ve yorumlamay\u0131 ye\u011fledim. B\u00f6ylece onun bir kuramc\u0131, bir klinisyen ve bir bilimin kurucusu olmas\u0131n\u0131n \u00f6tesinde ayn\u0131 zamanda bir e\u015f, bir baba ve bir dede k\u0131saca bir insan oldu\u011funu da vurgulamak istedim.Talat Parman \u0130stanbul Psikanaliz Derne\u011fi kurucu \u00fcyesi, format\u00f6r analist. \u0130stanbul \u00dcniversitesi T\u0131p Fak\u00fcltesi\u2019nde t\u0131p e\u011fitimi ve Paris Ren\u00e9 Descartes \u00dcniversitesi\u2019nde psikiyatri uzmanl\u0131\u011f\u0131 e\u011fitimi ald\u0131. Yirmi y\u0131l boyunca \u0130stanbul \u00dcniversitesi \u00c7ocuk Sa\u011fl\u0131\u011f\u0131 Enstit\u00fcs\u00fc Adolesans Bilim Dal\u0131\u2019nda \u00e7ocuklar, ergenler ve aileleriyle \u00e7al\u0131\u015ft\u0131. Psikiyatri do\u00e7entidir. Ergenlik ve psikanaliz konular\u0131nda yaz\u0131lm\u0131\u015f kitaplar\u0131 ve J.B. Pontalis\u2019ten yapt\u0131\u011f\u0131 kitap \u00e7evirileri vard\u0131r. YKY\u2019den \u00e7\u0131kan \u201cPsikanaliz Defterleri\u201d dizisinin yay\u0131n kurulu \u00fcyesidir<\/p>\n","protected":false},"excerpt":{"rendered":"<p>K\u00fc\u00e7\u00fck Ernst\u2019in bir bu\u00e7uk ya\u015f\u0131ndayken ip sar\u0131l\u0131 bir makarayla oynad\u0131\u011f\u0131 oyun onu psikanaliz tarihinin en \u00fcnl\u00fc \u00e7ocu\u011fu yapacakt\u0131, zira onu izleyen dedesi Sigmund Freud oyunu anlamland\u0131rmakta<span class=\"excerpt-hellip\"> [\u2026]<\/span><\/p>\n","protected":false},"featured_media":0,"template":"","meta":{"_monsterinsights_skip_tracking":false,"_monsterinsights_sitenote_active":false,"_monsterinsights_sitenote_note":"","_monsterinsights_sitenote_category":0},"product_brand":[],"product_cat":[12755,12357],"product_tag":[],"class_list":{"0":"post-727487","1":"product","2":"type-product","3":"status-publish","5":"product_cat-gelisim-psikolojisi","6":"product_cat-psikoloji","7":"pa_cilt-ciltsiz","8":"pa_tur-kitap","9":"pa_yayinevi-yapi-kredi-yayinlari","10":"pa_yazar-talat-parman","12":"first","13":"instock","14":"sale","15":"shipping-taxable","16":"purchasable","17":"product-type-simple"},"_links":{"self":[{"href":"https:\/\/roveyayinevi.com.tr\/index.php\/wp-json\/wp\/v2\/product\/727487","targetHints":{"allow":["GET"]}}],"collection":[{"href":"https:\/\/roveyayinevi.com.tr\/index.php\/wp-json\/wp\/v2\/product"}],"about":[{"href":"https:\/\/roveyayinevi.com.tr\/index.php\/wp-json\/wp\/v2\/types\/product"}],"wp:attachment":[{"href":"https:\/\/roveyayinevi.com.tr\/index.php\/wp-json\/wp\/v2\/media?parent=727487"}],"wp:term":[{"taxonomy":"product_brand","embeddable":true,"href":"https:\/\/roveyayinevi.com.tr\/index.php\/wp-json\/wp\/v2\/product_brand?post=727487"},{"taxonomy":"product_cat","embeddable":true,"href":"https:\/\/roveyayinevi.com.tr\/index.php\/wp-json\/wp\/v2\/product_cat?post=727487"},{"taxonomy":"product_tag","embeddable":true,"href":"https:\/\/roveyayinevi.com.tr\/index.php\/wp-json\/wp\/v2\/product_tag?post=727487"}],"curies":[{"name":"wp","href":"https:\/\/api.w.org\/{rel}","templated":true}]}}